{"id":1100,"date":"2019-12-19T15:43:49","date_gmt":"2019-12-19T18:43:49","guid":{"rendered":"https:\/\/motionup.com.br\/site\/?post_type=product&#038;p=1100"},"modified":"2023-10-05T09:29:32","modified_gmt":"2023-10-05T12:29:32","slug":"sensor-indutivo-im5141","status":"publish","type":"product","link":"https:\/\/motionup.com.br\/site\/produto\/sensor-indutivo-im5141\/","title":{"rendered":"IM5141 &#8211; SENSOR ANALOG. INDUTIVO C\/ IO-LINK (RETANGULAR) &#8211; ALCANCE: 1&#8230;26mm &#8211; NAO EMBUTIDO &#8211; IFM"},"content":{"rendered":"<p>IM5141 &#8211; SENSOR ANALOG. INDUTIVO C\/ IO-LINK (RETANGULAR) &#8211; ALCANCE: 1&#8230;26mm &#8211; NAO EMBUTIDO &#8211; IFM<\/p>\n<p>Consulte um vendedor e solicite um or\u00e7amento<\/p>\n<p>vendas@motionup.com.br<\/p>\n<p>motionup@motionup.com.br<\/p>\n<hr \/>\n<ul class=\"bulletpoint-list__entries\">\n<li>Medi\u00e7\u00e3o sem contato de dist\u00e2ncias at\u00e9 26 mm<\/li>\n<li>Sa\u00edda de corrente precisa linearizada<\/li>\n<li>Ampla faixa de temperatura operacional<\/li>\n<li>Elevada repetibilidade<\/li>\n<li>Indica\u00e7\u00e3o LED para controle da \u00e1rea de trabalho e da opera\u00e7\u00e3o<\/li>\n<\/ul>\n<blockquote><p><strong>CARACTERISTICAS DO PRODUTO<\/strong><\/p><\/blockquote>\n<ul>\n<li>Fun\u00e7\u00e3o el\u00e9trica &#8212;&gt; PNP\/NPN; (parametriz\u00e1vel)<\/li>\n<li>Sa\u00edda &#8212;&gt; abertura \/ fechamento; (parametriz\u00e1vel)<\/li>\n<li>Interface de comunica\u00e7\u00e3o &#8212;&gt; IO-Link<\/li>\n<li>Inv\u00f3lucro &#8212;&gt; Retangular<\/li>\n<li>Dimens\u00f5es [mm] &#8212;&gt; 40 x 40 x 54<\/li>\n<\/ul>\n","protected":false},"excerpt":{"rendered":"<p>IM5141 &#8211; SENSOR ANALOG. INDUTIVO C\/ IO-LINK (RETANGULAR) &#8211; ALCANCE: 1&#8230;26mm &#8211; NAO EMBUTIDO &#8211; IFM Consulte um vendedor e solicite um or\u00e7amento vendas@motionup.com.br motionup@motionup.com.br Medi\u00e7\u00e3o sem contato de dist\u00e2ncias at\u00e9 26 mm Sa\u00edda de corrente precisa linearizada Ampla faixa de temperatura operacional Elevada repetibilidade Indica\u00e7\u00e3o LED para controle da \u00e1rea de trabalho e da [&hellip;]<\/p>\n","protected":false},"featured_media":1646,"template":"","meta":[],"product_brand":[],"product_cat":[353,56,652],"product_tag":[],"class_list":{"0":"post-1100","1":"product","2":"type-product","3":"status-publish","4":"has-post-thumbnail","6":"product_cat-ifm","7":"product_cat-sensores","8":"product_cat-sensores-indutivo","10":"first","11":"onbackorder","12":"shipping-taxable","13":"product-type-simple"},"yoast_head":"<!-- This site is optimized with the Yoast SEO plugin v26.3 - https:\/\/yoast.com\/wordpress\/plugins\/seo\/ -->\n<title>IM5141 - SENSOR ANALOG. INDUTIVO C\/ IO-LINK (RETANGULAR) - ALCANCE: 1...26mm - NAO EMBUTIDO - IFM - Loja Motion Up<\/title>\n<meta name=\"robots\" content=\"index, follow, max-snippet:-1, max-image-preview:large, max-video-preview:-1\" \/>\n<link rel=\"canonical\" href=\"https:\/\/motionup.com.br\/site\/produto\/sensor-indutivo-im5141\/\" \/>\n<meta property=\"og:locale\" content=\"pt_BR\" \/>\n<meta property=\"og:type\" content=\"article\" \/>\n<meta property=\"og:title\" content=\"IM5141 - SENSOR ANALOG. INDUTIVO C\/ IO-LINK (RETANGULAR) - ALCANCE: 1...26mm - NAO EMBUTIDO - IFM - Loja Motion Up\" \/>\n<meta property=\"og:description\" content=\"IM5141 &#8211; SENSOR ANALOG. INDUTIVO C\/ IO-LINK (RETANGULAR) &#8211; ALCANCE: 1&#8230;26mm &#8211; NAO EMBUTIDO &#8211; IFM Consulte um vendedor e solicite um or\u00e7amento vendas@motionup.com.br motionup@motionup.com.br Medi\u00e7\u00e3o sem contato de dist\u00e2ncias at\u00e9 26 mm Sa\u00edda de corrente precisa linearizada Ampla faixa de temperatura operacional Elevada repetibilidade Indica\u00e7\u00e3o LED para controle da \u00e1rea de trabalho e da [&hellip;]\" \/>\n<meta property=\"og:url\" content=\"https:\/\/motionup.com.br\/site\/produto\/sensor-indutivo-im5141\/\" \/>\n<meta property=\"og:site_name\" content=\"Loja Motion Up\" \/>\n<meta property=\"article:publisher\" content=\"https:\/\/m.facebook.com\/fp3motionup\/about\/\" \/>\n<meta property=\"article:modified_time\" content=\"2023-10-05T12:29:32+00:00\" \/>\n<meta property=\"og:image\" content=\"https:\/\/motionup.com.br\/site\/wp-content\/uploads\/2019\/12\/Capturar.png\" \/>\n\t<meta property=\"og:image:width\" content=\"325\" \/>\n\t<meta property=\"og:image:height\" content=\"388\" \/>\n\t<meta property=\"og:image:type\" content=\"image\/png\" \/>\n<meta name=\"twitter:card\" content=\"summary_large_image\" \/>\n<meta name=\"twitter:label1\" content=\"Est. tempo de leitura\" \/>\n\t<meta name=\"twitter:data1\" content=\"1 minuto\" \/>\n<script type=\"application\/ld+json\" class=\"yoast-schema-graph\">{\"@context\":\"https:\/\/schema.org\",\"@graph\":[{\"@type\":\"WebPage\",\"@id\":\"https:\/\/motionup.com.br\/site\/produto\/sensor-indutivo-im5141\/\",\"url\":\"https:\/\/motionup.com.br\/site\/produto\/sensor-indutivo-im5141\/\",\"name\":\"IM5141 - SENSOR ANALOG. INDUTIVO C\/ IO-LINK (RETANGULAR) - ALCANCE: 1...26mm - NAO EMBUTIDO - IFM - Loja Motion Up\",\"isPartOf\":{\"@id\":\"https:\/\/motionup.com.br\/site\/#website\"},\"primaryImageOfPage\":{\"@id\":\"https:\/\/motionup.com.br\/site\/produto\/sensor-indutivo-im5141\/#primaryimage\"},\"image\":{\"@id\":\"https:\/\/motionup.com.br\/site\/produto\/sensor-indutivo-im5141\/#primaryimage\"},\"thumbnailUrl\":\"https:\/\/motionup.com.br\/site\/wp-content\/uploads\/2019\/12\/Capturar.png\",\"datePublished\":\"2019-12-19T18:43:49+00:00\",\"dateModified\":\"2023-10-05T12:29:32+00:00\",\"breadcrumb\":{\"@id\":\"https:\/\/motionup.com.br\/site\/produto\/sensor-indutivo-im5141\/#breadcrumb\"},\"inLanguage\":\"pt-BR\",\"potentialAction\":[{\"@type\":\"ReadAction\",\"target\":[\"https:\/\/motionup.com.br\/site\/produto\/sensor-indutivo-im5141\/\"]}]},{\"@type\":\"ImageObject\",\"inLanguage\":\"pt-BR\",\"@id\":\"https:\/\/motionup.com.br\/site\/produto\/sensor-indutivo-im5141\/#primaryimage\",\"url\":\"https:\/\/motionup.com.br\/site\/wp-content\/uploads\/2019\/12\/Capturar.png\",\"contentUrl\":\"https:\/\/motionup.com.br\/site\/wp-content\/uploads\/2019\/12\/Capturar.png\",\"width\":325,\"height\":388},{\"@type\":\"BreadcrumbList\",\"@id\":\"https:\/\/motionup.com.br\/site\/produto\/sensor-indutivo-im5141\/#breadcrumb\",\"itemListElement\":[{\"@type\":\"ListItem\",\"position\":1,\"name\":\"In\u00edcio\",\"item\":\"https:\/\/motionup.com.br\/site\/\"},{\"@type\":\"ListItem\",\"position\":2,\"name\":\"Produtos\",\"item\":\"https:\/\/motionup.com.br\/site\/produtos\/\"},{\"@type\":\"ListItem\",\"position\":3,\"name\":\"IM5141 &#8211; SENSOR ANALOG. INDUTIVO C\/ IO-LINK (RETANGULAR) &#8211; ALCANCE: 1&#8230;26mm &#8211; NAO EMBUTIDO &#8211; IFM\"}]},{\"@type\":\"WebSite\",\"@id\":\"https:\/\/motionup.com.br\/site\/#website\",\"url\":\"https:\/\/motionup.com.br\/site\/\",\"name\":\"Motion Up\",\"description\":\"E-commerce Motion Up - Automa\u00e7\u00e3o Industrial\",\"publisher\":{\"@id\":\"https:\/\/motionup.com.br\/site\/#organization\"},\"potentialAction\":[{\"@type\":\"SearchAction\",\"target\":{\"@type\":\"EntryPoint\",\"urlTemplate\":\"https:\/\/motionup.com.br\/site\/?s={search_term_string}\"},\"query-input\":{\"@type\":\"PropertyValueSpecification\",\"valueRequired\":true,\"valueName\":\"search_term_string\"}}],\"inLanguage\":\"pt-BR\"},{\"@type\":\"Organization\",\"@id\":\"https:\/\/motionup.com.br\/site\/#organization\",\"name\":\"Motion Up\",\"url\":\"https:\/\/motionup.com.br\/site\/\",\"logo\":{\"@type\":\"ImageObject\",\"inLanguage\":\"pt-BR\",\"@id\":\"https:\/\/motionup.com.br\/site\/#\/schema\/logo\/image\/\",\"url\":\"https:\/\/motionup.com.br\/site\/wp-content\/uploads\/2025\/05\/MOTIONUP.png\",\"contentUrl\":\"https:\/\/motionup.com.br\/site\/wp-content\/uploads\/2025\/05\/MOTIONUP.png\",\"width\":1200,\"height\":601,\"caption\":\"Motion Up\"},\"image\":{\"@id\":\"https:\/\/motionup.com.br\/site\/#\/schema\/logo\/image\/\"},\"sameAs\":[\"https:\/\/m.facebook.com\/fp3motionup\/about\/\",\"https:\/\/br.linkedin.com\/company\/fpn-controle-e-automao-industrial-ltda\"]}]}<\/script>\n<!-- \/ Yoast SEO plugin. -->","yoast_head_json":{"title":"IM5141 - SENSOR ANALOG. INDUTIVO C\/ IO-LINK (RETANGULAR) - ALCANCE: 1...26mm - NAO EMBUTIDO - IFM - Loja Motion Up","robots":{"index":"index","follow":"follow","max-snippet":"max-snippet:-1","max-image-preview":"max-image-preview:large","max-video-preview":"max-video-preview:-1"},"canonical":"https:\/\/motionup.com.br\/site\/produto\/sensor-indutivo-im5141\/","og_locale":"pt_BR","og_type":"article","og_title":"IM5141 - SENSOR ANALOG. INDUTIVO C\/ IO-LINK (RETANGULAR) - ALCANCE: 1...26mm - NAO EMBUTIDO - IFM - Loja Motion Up","og_description":"IM5141 &#8211; SENSOR ANALOG. INDUTIVO C\/ IO-LINK (RETANGULAR) &#8211; ALCANCE: 1&#8230;26mm &#8211; NAO EMBUTIDO &#8211; IFM Consulte um vendedor e solicite um or\u00e7amento vendas@motionup.com.br motionup@motionup.com.br Medi\u00e7\u00e3o sem contato de dist\u00e2ncias at\u00e9 26 mm Sa\u00edda de corrente precisa linearizada Ampla faixa de temperatura operacional Elevada repetibilidade Indica\u00e7\u00e3o LED para controle da \u00e1rea de trabalho e da [&hellip;]","og_url":"https:\/\/motionup.com.br\/site\/produto\/sensor-indutivo-im5141\/","og_site_name":"Loja Motion Up","article_publisher":"https:\/\/m.facebook.com\/fp3motionup\/about\/","article_modified_time":"2023-10-05T12:29:32+00:00","og_image":[{"width":325,"height":388,"url":"https:\/\/motionup.com.br\/site\/wp-content\/uploads\/2019\/12\/Capturar.png","type":"image\/png"}],"twitter_card":"summary_large_image","twitter_misc":{"Est. tempo de leitura":"1 minuto"},"schema":{"@context":"https:\/\/schema.org","@graph":[{"@type":"WebPage","@id":"https:\/\/motionup.com.br\/site\/produto\/sensor-indutivo-im5141\/","url":"https:\/\/motionup.com.br\/site\/produto\/sensor-indutivo-im5141\/","name":"IM5141 - SENSOR ANALOG. INDUTIVO C\/ IO-LINK (RETANGULAR) - ALCANCE: 1...26mm - NAO EMBUTIDO - IFM - Loja Motion Up","isPartOf":{"@id":"https:\/\/motionup.com.br\/site\/#website"},"primaryImageOfPage":{"@id":"https:\/\/motionup.com.br\/site\/produto\/sensor-indutivo-im5141\/#primaryimage"},"image":{"@id":"https:\/\/motionup.com.br\/site\/produto\/sensor-indutivo-im5141\/#primaryimage"},"thumbnailUrl":"https:\/\/motionup.com.br\/site\/wp-content\/uploads\/2019\/12\/Capturar.png","datePublished":"2019-12-19T18:43:49+00:00","dateModified":"2023-10-05T12:29:32+00:00","breadcrumb":{"@id":"https:\/\/motionup.com.br\/site\/produto\/sensor-indutivo-im5141\/#breadcrumb"},"inLanguage":"pt-BR","potentialAction":[{"@type":"ReadAction","target":["https:\/\/motionup.com.br\/site\/produto\/sensor-indutivo-im5141\/"]}]},{"@type":"ImageObject","inLanguage":"pt-BR","@id":"https:\/\/motionup.com.br\/site\/produto\/sensor-indutivo-im5141\/#primaryimage","url":"https:\/\/motionup.com.br\/site\/wp-content\/uploads\/2019\/12\/Capturar.png","contentUrl":"https:\/\/motionup.com.br\/site\/wp-content\/uploads\/2019\/12\/Capturar.png","width":325,"height":388},{"@type":"BreadcrumbList","@id":"https:\/\/motionup.com.br\/site\/produto\/sensor-indutivo-im5141\/#breadcrumb","itemListElement":[{"@type":"ListItem","position":1,"name":"In\u00edcio","item":"https:\/\/motionup.com.br\/site\/"},{"@type":"ListItem","position":2,"name":"Produtos","item":"https:\/\/motionup.com.br\/site\/produtos\/"},{"@type":"ListItem","position":3,"name":"IM5141 &#8211; SENSOR ANALOG. INDUTIVO C\/ IO-LINK (RETANGULAR) &#8211; ALCANCE: 1&#8230;26mm &#8211; NAO EMBUTIDO &#8211; IFM"}]},{"@type":"WebSite","@id":"https:\/\/motionup.com.br\/site\/#website","url":"https:\/\/motionup.com.br\/site\/","name":"Motion Up","description":"E-commerce Motion Up - Automa\u00e7\u00e3o Industrial","publisher":{"@id":"https:\/\/motionup.com.br\/site\/#organization"},"potentialAction":[{"@type":"SearchAction","target":{"@type":"EntryPoint","urlTemplate":"https:\/\/motionup.com.br\/site\/?s={search_term_string}"},"query-input":{"@type":"PropertyValueSpecification","valueRequired":true,"valueName":"search_term_string"}}],"inLanguage":"pt-BR"},{"@type":"Organization","@id":"https:\/\/motionup.com.br\/site\/#organization","name":"Motion Up","url":"https:\/\/motionup.com.br\/site\/","logo":{"@type":"ImageObject","inLanguage":"pt-BR","@id":"https:\/\/motionup.com.br\/site\/#\/schema\/logo\/image\/","url":"https:\/\/motionup.com.br\/site\/wp-content\/uploads\/2025\/05\/MOTIONUP.png","contentUrl":"https:\/\/motionup.com.br\/site\/wp-content\/uploads\/2025\/05\/MOTIONUP.png","width":1200,"height":601,"caption":"Motion Up"},"image":{"@id":"https:\/\/motionup.com.br\/site\/#\/schema\/logo\/image\/"},"sameAs":["https:\/\/m.facebook.com\/fp3motionup\/about\/","https:\/\/br.linkedin.com\/company\/fpn-controle-e-automao-industrial-ltda"]}]}},"_links":{"self":[{"href":"https:\/\/motionup.com.br\/site\/wp-json\/wp\/v2\/product\/1100","targetHints":{"allow":["GET"]}}],"collection":[{"href":"https:\/\/motionup.com.br\/site\/wp-json\/wp\/v2\/product"}],"about":[{"href":"https:\/\/motionup.com.br\/site\/wp-json\/wp\/v2\/types\/product"}],"wp:featuredmedia":[{"embeddable":true,"href":"https:\/\/motionup.com.br\/site\/wp-json\/wp\/v2\/media\/1646"}],"wp:attachment":[{"href":"https:\/\/motionup.com.br\/site\/wp-json\/wp\/v2\/media?parent=1100"}],"wp:term":[{"taxonomy":"product_brand","embeddable":true,"href":"https:\/\/motionup.com.br\/site\/wp-json\/wp\/v2\/product_brand?post=1100"},{"taxonomy":"product_cat","embeddable":true,"href":"https:\/\/motionup.com.br\/site\/wp-json\/wp\/v2\/product_cat?post=1100"},{"taxonomy":"product_tag","embeddable":true,"href":"https:\/\/motionup.com.br\/site\/wp-json\/wp\/v2\/product_tag?post=1100"}],"curies":[{"name":"wp","href":"https:\/\/api.w.org\/{rel}","templated":true}]}}