{"id":1536,"date":"2020-04-15T12:01:49","date_gmt":"2020-04-15T15:01:49","guid":{"rendered":"https:\/\/motionup.com.br\/site\/?post_type=product&#038;p=1536"},"modified":"2020-09-15T10:42:37","modified_gmt":"2020-09-15T13:42:37","slug":"freio-completo-bfk457-14-24v-60nm-d25h7-rb","status":"publish","type":"product","link":"https:\/\/motionup.com.br\/site\/produto\/freio-completo-bfk457-14-24v-60nm-d25h7-rb\/","title":{"rendered":"Freio Completo BFK457-14 24V 60Nm d=25H7 RB"},"content":{"rendered":"<p>Consulte um vendedor e fa\u00e7a um or\u00e7amento<\/p>\n<p>vendas@motionup.com.br<\/p>\n<p>motionup@motionup.com.br<\/p>\n<p>&nbsp;<\/p>\n<p>Freio a mola<br \/>\nTipo INTORQ BFK457-14 Basic<br \/>\nTens\u00e3o nominal 24 V<br \/>\nPot\u00eancia nominal 50 W<br \/>\nComprimento do cabo 500 mm<br \/>\nTorque caracter\u00edstico 0<br \/>\nRotor Alum\u00ednio<br \/>\nVers\u00e3o com ru\u00eddo abafado<br \/>\nEixo do orif\u00edcio do cubo 25 mm<br \/>\nToler\u00e2ncia \/ Tipo H7 seg. norma DIN 6885\/1-P9<br \/>\nJogo de parafusos M8X80<br \/>\nChapa de fric\u00e7\u00e3o fornecido(a)<br \/>\nCaracter\u00edsticas especiais com Plug AMP<br \/>\nNome do cliente Nacco-Nr. 4018250<br \/>\n&#8212;&#8212;&#8212;&#8212;&#8212;&#8212;&#8212;&#8212;&#8212;&#8212;&#8212;&#8212;&#8212;&#8212;&#8212;&#8212;&#8212;&#8212;<\/p>\n","protected":false},"excerpt":{"rendered":"<p>Consulte um vendedor e fa\u00e7a um or\u00e7amento vendas@motionup.com.br motionup@motionup.com.br &nbsp; Freio a mola Tipo INTORQ BFK457-14 Basic Tens\u00e3o nominal 24 V Pot\u00eancia nominal 50 W Comprimento do cabo 500 mm Torque caracter\u00edstico 0 Rotor Alum\u00ednio Vers\u00e3o com ru\u00eddo abafado Eixo do orif\u00edcio do cubo 25 mm Toler\u00e2ncia \/ Tipo H7 seg. norma DIN 6885\/1-P9 Jogo [&hellip;]<\/p>\n","protected":false},"featured_media":1585,"template":"","meta":[],"product_brand":[],"product_cat":[155],"product_tag":[266,177,170,242,265,157,164,178],"class_list":{"0":"post-1536","1":"product","2":"type-product","3":"status-publish","4":"has-post-thumbnail","6":"product_cat-freio","7":"product_tag-bfk457","8":"product_tag-cubo","9":"product_tag-estator","10":"product_tag-freio","11":"product_tag-freio-completo","12":"product_tag-intorq","13":"product_tag-lenze","14":"product_tag-rotor","16":"first","17":"instock","18":"shipping-taxable","19":"product-type-simple"},"yoast_head":"<!-- This site is optimized with the Yoast SEO plugin v26.3 - https:\/\/yoast.com\/wordpress\/plugins\/seo\/ -->\n<title>Freio Completo BFK457-14 24V 60Nm d=25H7 RB - Loja Motion Up<\/title>\n<meta name=\"robots\" content=\"index, follow, max-snippet:-1, max-image-preview:large, max-video-preview:-1\" \/>\n<link rel=\"canonical\" href=\"https:\/\/motionup.com.br\/site\/produto\/freio-completo-bfk457-14-24v-60nm-d25h7-rb\/\" \/>\n<meta property=\"og:locale\" content=\"pt_BR\" \/>\n<meta property=\"og:type\" content=\"article\" \/>\n<meta property=\"og:title\" content=\"Freio Completo BFK457-14 24V 60Nm d=25H7 RB - Loja Motion Up\" \/>\n<meta property=\"og:description\" content=\"Consulte um vendedor e fa\u00e7a um or\u00e7amento vendas@motionup.com.br motionup@motionup.com.br &nbsp; Freio a mola Tipo INTORQ BFK457-14 Basic Tens\u00e3o nominal 24 V Pot\u00eancia nominal 50 W Comprimento do cabo 500 mm Torque caracter\u00edstico 0 Rotor Alum\u00ednio Vers\u00e3o com ru\u00eddo abafado Eixo do orif\u00edcio do cubo 25 mm Toler\u00e2ncia \/ Tipo H7 seg. norma DIN 6885\/1-P9 Jogo [&hellip;]\" \/>\n<meta property=\"og:url\" content=\"https:\/\/motionup.com.br\/site\/produto\/freio-completo-bfk457-14-24v-60nm-d25h7-rb\/\" \/>\n<meta property=\"og:site_name\" content=\"Loja Motion Up\" \/>\n<meta property=\"article:publisher\" content=\"https:\/\/m.facebook.com\/fp3motionup\/about\/\" \/>\n<meta property=\"article:modified_time\" content=\"2020-09-15T13:42:37+00:00\" \/>\n<meta property=\"og:image\" content=\"https:\/\/motionup.com.br\/site\/wp-content\/uploads\/2020\/04\/Capturar-2.jpg\" \/>\n\t<meta property=\"og:image:width\" content=\"728\" \/>\n\t<meta property=\"og:image:height\" content=\"532\" \/>\n\t<meta property=\"og:image:type\" content=\"image\/jpeg\" \/>\n<meta name=\"twitter:card\" content=\"summary_large_image\" \/>\n<script type=\"application\/ld+json\" class=\"yoast-schema-graph\">{\"@context\":\"https:\/\/schema.org\",\"@graph\":[{\"@type\":\"WebPage\",\"@id\":\"https:\/\/motionup.com.br\/site\/produto\/freio-completo-bfk457-14-24v-60nm-d25h7-rb\/\",\"url\":\"https:\/\/motionup.com.br\/site\/produto\/freio-completo-bfk457-14-24v-60nm-d25h7-rb\/\",\"name\":\"Freio Completo BFK457-14 24V 60Nm d=25H7 RB - Loja Motion Up\",\"isPartOf\":{\"@id\":\"https:\/\/motionup.com.br\/site\/#website\"},\"primaryImageOfPage\":{\"@id\":\"https:\/\/motionup.com.br\/site\/produto\/freio-completo-bfk457-14-24v-60nm-d25h7-rb\/#primaryimage\"},\"image\":{\"@id\":\"https:\/\/motionup.com.br\/site\/produto\/freio-completo-bfk457-14-24v-60nm-d25h7-rb\/#primaryimage\"},\"thumbnailUrl\":\"https:\/\/motionup.com.br\/site\/wp-content\/uploads\/2020\/04\/Capturar-2.jpg\",\"datePublished\":\"2020-04-15T15:01:49+00:00\",\"dateModified\":\"2020-09-15T13:42:37+00:00\",\"breadcrumb\":{\"@id\":\"https:\/\/motionup.com.br\/site\/produto\/freio-completo-bfk457-14-24v-60nm-d25h7-rb\/#breadcrumb\"},\"inLanguage\":\"pt-BR\",\"potentialAction\":[{\"@type\":\"ReadAction\",\"target\":[\"https:\/\/motionup.com.br\/site\/produto\/freio-completo-bfk457-14-24v-60nm-d25h7-rb\/\"]}]},{\"@type\":\"ImageObject\",\"inLanguage\":\"pt-BR\",\"@id\":\"https:\/\/motionup.com.br\/site\/produto\/freio-completo-bfk457-14-24v-60nm-d25h7-rb\/#primaryimage\",\"url\":\"https:\/\/motionup.com.br\/site\/wp-content\/uploads\/2020\/04\/Capturar-2.jpg\",\"contentUrl\":\"https:\/\/motionup.com.br\/site\/wp-content\/uploads\/2020\/04\/Capturar-2.jpg\",\"width\":728,\"height\":532},{\"@type\":\"BreadcrumbList\",\"@id\":\"https:\/\/motionup.com.br\/site\/produto\/freio-completo-bfk457-14-24v-60nm-d25h7-rb\/#breadcrumb\",\"itemListElement\":[{\"@type\":\"ListItem\",\"position\":1,\"name\":\"In\u00edcio\",\"item\":\"https:\/\/motionup.com.br\/site\/\"},{\"@type\":\"ListItem\",\"position\":2,\"name\":\"Produtos\",\"item\":\"https:\/\/motionup.com.br\/site\/produtos\/\"},{\"@type\":\"ListItem\",\"position\":3,\"name\":\"Freio Completo BFK457-14 24V 60Nm d=25H7 RB\"}]},{\"@type\":\"WebSite\",\"@id\":\"https:\/\/motionup.com.br\/site\/#website\",\"url\":\"https:\/\/motionup.com.br\/site\/\",\"name\":\"Motion Up\",\"description\":\"E-commerce Motion Up - Automa\u00e7\u00e3o Industrial\",\"publisher\":{\"@id\":\"https:\/\/motionup.com.br\/site\/#organization\"},\"potentialAction\":[{\"@type\":\"SearchAction\",\"target\":{\"@type\":\"EntryPoint\",\"urlTemplate\":\"https:\/\/motionup.com.br\/site\/?s={search_term_string}\"},\"query-input\":{\"@type\":\"PropertyValueSpecification\",\"valueRequired\":true,\"valueName\":\"search_term_string\"}}],\"inLanguage\":\"pt-BR\"},{\"@type\":\"Organization\",\"@id\":\"https:\/\/motionup.com.br\/site\/#organization\",\"name\":\"Motion Up\",\"url\":\"https:\/\/motionup.com.br\/site\/\",\"logo\":{\"@type\":\"ImageObject\",\"inLanguage\":\"pt-BR\",\"@id\":\"https:\/\/motionup.com.br\/site\/#\/schema\/logo\/image\/\",\"url\":\"https:\/\/motionup.com.br\/site\/wp-content\/uploads\/2025\/05\/MOTIONUP.png\",\"contentUrl\":\"https:\/\/motionup.com.br\/site\/wp-content\/uploads\/2025\/05\/MOTIONUP.png\",\"width\":1200,\"height\":601,\"caption\":\"Motion Up\"},\"image\":{\"@id\":\"https:\/\/motionup.com.br\/site\/#\/schema\/logo\/image\/\"},\"sameAs\":[\"https:\/\/m.facebook.com\/fp3motionup\/about\/\",\"https:\/\/br.linkedin.com\/company\/fpn-controle-e-automao-industrial-ltda\"]}]}<\/script>\n<!-- \/ Yoast SEO plugin. -->","yoast_head_json":{"title":"Freio Completo BFK457-14 24V 60Nm d=25H7 RB - Loja Motion Up","robots":{"index":"index","follow":"follow","max-snippet":"max-snippet:-1","max-image-preview":"max-image-preview:large","max-video-preview":"max-video-preview:-1"},"canonical":"https:\/\/motionup.com.br\/site\/produto\/freio-completo-bfk457-14-24v-60nm-d25h7-rb\/","og_locale":"pt_BR","og_type":"article","og_title":"Freio Completo BFK457-14 24V 60Nm d=25H7 RB - Loja Motion Up","og_description":"Consulte um vendedor e fa\u00e7a um or\u00e7amento vendas@motionup.com.br motionup@motionup.com.br &nbsp; Freio a mola Tipo INTORQ BFK457-14 Basic Tens\u00e3o nominal 24 V Pot\u00eancia nominal 50 W Comprimento do cabo 500 mm Torque caracter\u00edstico 0 Rotor Alum\u00ednio Vers\u00e3o com ru\u00eddo abafado Eixo do orif\u00edcio do cubo 25 mm Toler\u00e2ncia \/ Tipo H7 seg. norma DIN 6885\/1-P9 Jogo [&hellip;]","og_url":"https:\/\/motionup.com.br\/site\/produto\/freio-completo-bfk457-14-24v-60nm-d25h7-rb\/","og_site_name":"Loja Motion Up","article_publisher":"https:\/\/m.facebook.com\/fp3motionup\/about\/","article_modified_time":"2020-09-15T13:42:37+00:00","og_image":[{"width":728,"height":532,"url":"https:\/\/motionup.com.br\/site\/wp-content\/uploads\/2020\/04\/Capturar-2.jpg","type":"image\/jpeg"}],"twitter_card":"summary_large_image","schema":{"@context":"https:\/\/schema.org","@graph":[{"@type":"WebPage","@id":"https:\/\/motionup.com.br\/site\/produto\/freio-completo-bfk457-14-24v-60nm-d25h7-rb\/","url":"https:\/\/motionup.com.br\/site\/produto\/freio-completo-bfk457-14-24v-60nm-d25h7-rb\/","name":"Freio Completo BFK457-14 24V 60Nm d=25H7 RB - Loja Motion Up","isPartOf":{"@id":"https:\/\/motionup.com.br\/site\/#website"},"primaryImageOfPage":{"@id":"https:\/\/motionup.com.br\/site\/produto\/freio-completo-bfk457-14-24v-60nm-d25h7-rb\/#primaryimage"},"image":{"@id":"https:\/\/motionup.com.br\/site\/produto\/freio-completo-bfk457-14-24v-60nm-d25h7-rb\/#primaryimage"},"thumbnailUrl":"https:\/\/motionup.com.br\/site\/wp-content\/uploads\/2020\/04\/Capturar-2.jpg","datePublished":"2020-04-15T15:01:49+00:00","dateModified":"2020-09-15T13:42:37+00:00","breadcrumb":{"@id":"https:\/\/motionup.com.br\/site\/produto\/freio-completo-bfk457-14-24v-60nm-d25h7-rb\/#breadcrumb"},"inLanguage":"pt-BR","potentialAction":[{"@type":"ReadAction","target":["https:\/\/motionup.com.br\/site\/produto\/freio-completo-bfk457-14-24v-60nm-d25h7-rb\/"]}]},{"@type":"ImageObject","inLanguage":"pt-BR","@id":"https:\/\/motionup.com.br\/site\/produto\/freio-completo-bfk457-14-24v-60nm-d25h7-rb\/#primaryimage","url":"https:\/\/motionup.com.br\/site\/wp-content\/uploads\/2020\/04\/Capturar-2.jpg","contentUrl":"https:\/\/motionup.com.br\/site\/wp-content\/uploads\/2020\/04\/Capturar-2.jpg","width":728,"height":532},{"@type":"BreadcrumbList","@id":"https:\/\/motionup.com.br\/site\/produto\/freio-completo-bfk457-14-24v-60nm-d25h7-rb\/#breadcrumb","itemListElement":[{"@type":"ListItem","position":1,"name":"In\u00edcio","item":"https:\/\/motionup.com.br\/site\/"},{"@type":"ListItem","position":2,"name":"Produtos","item":"https:\/\/motionup.com.br\/site\/produtos\/"},{"@type":"ListItem","position":3,"name":"Freio Completo BFK457-14 24V 60Nm d=25H7 RB"}]},{"@type":"WebSite","@id":"https:\/\/motionup.com.br\/site\/#website","url":"https:\/\/motionup.com.br\/site\/","name":"Motion Up","description":"E-commerce Motion Up - Automa\u00e7\u00e3o Industrial","publisher":{"@id":"https:\/\/motionup.com.br\/site\/#organization"},"potentialAction":[{"@type":"SearchAction","target":{"@type":"EntryPoint","urlTemplate":"https:\/\/motionup.com.br\/site\/?s={search_term_string}"},"query-input":{"@type":"PropertyValueSpecification","valueRequired":true,"valueName":"search_term_string"}}],"inLanguage":"pt-BR"},{"@type":"Organization","@id":"https:\/\/motionup.com.br\/site\/#organization","name":"Motion Up","url":"https:\/\/motionup.com.br\/site\/","logo":{"@type":"ImageObject","inLanguage":"pt-BR","@id":"https:\/\/motionup.com.br\/site\/#\/schema\/logo\/image\/","url":"https:\/\/motionup.com.br\/site\/wp-content\/uploads\/2025\/05\/MOTIONUP.png","contentUrl":"https:\/\/motionup.com.br\/site\/wp-content\/uploads\/2025\/05\/MOTIONUP.png","width":1200,"height":601,"caption":"Motion Up"},"image":{"@id":"https:\/\/motionup.com.br\/site\/#\/schema\/logo\/image\/"},"sameAs":["https:\/\/m.facebook.com\/fp3motionup\/about\/","https:\/\/br.linkedin.com\/company\/fpn-controle-e-automao-industrial-ltda"]}]}},"_links":{"self":[{"href":"https:\/\/motionup.com.br\/site\/wp-json\/wp\/v2\/product\/1536","targetHints":{"allow":["GET"]}}],"collection":[{"href":"https:\/\/motionup.com.br\/site\/wp-json\/wp\/v2\/product"}],"about":[{"href":"https:\/\/motionup.com.br\/site\/wp-json\/wp\/v2\/types\/product"}],"wp:featuredmedia":[{"embeddable":true,"href":"https:\/\/motionup.com.br\/site\/wp-json\/wp\/v2\/media\/1585"}],"wp:attachment":[{"href":"https:\/\/motionup.com.br\/site\/wp-json\/wp\/v2\/media?parent=1536"}],"wp:term":[{"taxonomy":"product_brand","embeddable":true,"href":"https:\/\/motionup.com.br\/site\/wp-json\/wp\/v2\/product_brand?post=1536"},{"taxonomy":"product_cat","embeddable":true,"href":"https:\/\/motionup.com.br\/site\/wp-json\/wp\/v2\/product_cat?post=1536"},{"taxonomy":"product_tag","embeddable":true,"href":"https:\/\/motionup.com.br\/site\/wp-json\/wp\/v2\/product_tag?post=1536"}],"curies":[{"name":"wp","href":"https:\/\/api.w.org\/{rel}","templated":true}]}}