{"id":1884,"date":"2020-05-12T09:53:56","date_gmt":"2020-05-12T12:53:56","guid":{"rendered":"https:\/\/motionup.com.br\/site\/?post_type=product&#038;p=1884"},"modified":"2023-10-09T15:17:26","modified_gmt":"2023-10-09T18:17:26","slug":"sensor-retro-reflexivel-o6p301-ifm-o6p-fpkg-03m-us","status":"publish","type":"product","link":"https:\/\/motionup.com.br\/site\/produto\/sensor-retro-reflexivel-o6p301-ifm-o6p-fpkg-03m-us\/","title":{"rendered":"O6P301 &#8211; SENSOR RETROREFLEXIVO (O6P-FPKG\/0,30m\/US) &#8211; CABO: 0,3m (PVC); ALCANCE: 0,05&#8230;5M (REFLETOR PRISMATICO \u00d8 80 E20005) &#8211; IFM"},"content":{"rendered":"<p>O6P301 &#8211; SENSORES RETROREFLEXIVOS &#8211; CABO: 0,3 METROS (PVC); ALCANCE: 0,05&#8230;5M (REFLETOR PRISMATICOS \u00d8 80 E20005) &#8211; IFM<\/p>\n<p>Consulte um vendedor e solicite um or\u00e7amento<\/p>\n<p>vendas@motionup.com.br<\/p>\n<p>motionup@motionup.com.br<\/p>\n<hr \/>\n<ul class=\"bulletpoint-list__entries\">\n<li>Inv\u00f3lucro robusto de a\u00e7o inoxid\u00e1vel para aplica\u00e7\u00e3o na ind\u00fastria aliment\u00edciaa<\/li>\n<li>Resistente a limpezas de alta press\u00e3o com detergentes agressivos<\/li>\n<li>Alto grau de prote\u00e7\u00e3o para atender aos requisitos de ambientes industriais duros<\/li>\n<li>Elevad\u00edssimo alcance, independentemente da cor do objeto<\/li>\n<li>Ajuste intuitivo da sensibilidade e da fun\u00e7\u00e3o de sa\u00edda<\/li>\n<\/ul>\n<blockquote><p><strong>FAIXA DE REGISTRO<\/strong><\/p><\/blockquote>\n<ul>\n<li>Alcance sobre refletor prism\u00e1tico [m] &#8212;&gt; 0,05&#8230;5; (Refletor prism\u00e1tico \u00d8 80 E20005)<\/li>\n<li>Alcance\/alcance de detec\u00e7\u00e3o ajust\u00e1vel &#8212;&gt; sim<\/li>\n<li>Di\u00e2metro m\u00e1x. da mancha de luz [mm] &#8212;&gt; 150<\/li>\n<li>Dimens\u00f5es da mancha de luz valem para &#8212;&gt; \u00e0 faixa m\u00e1xima<\/li>\n<li>Filtro polarizador dispon\u00edvel &#8212;&gt; sim<\/li>\n<\/ul>\n<blockquote><p><strong>CONEXAO ELETRICA<\/strong><\/p><\/blockquote>\n<ul>\n<li>cabo: 0,3 m, PVC; 3 x 0,25 mm\u00b2<\/li>\n<li>Conex\u00e3o: 1 x M12; codifica\u00e7\u00e3o: A<\/li>\n<\/ul>\n","protected":false},"excerpt":{"rendered":"<p>O6P301 &#8211; SENSORES RETROREFLEXIVOS &#8211; CABO: 0,3 METROS (PVC); ALCANCE: 0,05&#8230;5M (REFLETOR PRISMATICOS \u00d8 80 E20005) &#8211; IFM Consulte um vendedor e solicite um or\u00e7amento vendas@motionup.com.br motionup@motionup.com.br Inv\u00f3lucro robusto de a\u00e7o inoxid\u00e1vel para aplica\u00e7\u00e3o na ind\u00fastria aliment\u00edciaa Resistente a limpezas de alta press\u00e3o com detergentes agressivos Alto grau de prote\u00e7\u00e3o para atender aos requisitos de [&hellip;]<\/p>\n","protected":false},"featured_media":1887,"template":"","meta":[],"product_brand":[],"product_cat":[353,56,666],"product_tag":[],"class_list":{"0":"post-1884","1":"product","2":"type-product","3":"status-publish","4":"has-post-thumbnail","6":"product_cat-ifm","7":"product_cat-sensores","8":"product_cat-sensores-retroreflexiveis","10":"first","11":"onbackorder","12":"shipping-taxable","13":"product-type-simple"},"yoast_head":"<!-- This site is optimized with the Yoast SEO plugin v26.3 - https:\/\/yoast.com\/wordpress\/plugins\/seo\/ -->\n<title>O6P301 - SENSOR RETROREFLEXIVO (O6P-FPKG\/0,30m\/US) - CABO: 0,3m (PVC); ALCANCE: 0,05...5M (REFLETOR PRISMATICO \u00d8 80 E20005) - IFM - Loja Motion Up<\/title>\n<meta name=\"robots\" content=\"index, follow, max-snippet:-1, max-image-preview:large, max-video-preview:-1\" \/>\n<link rel=\"canonical\" href=\"https:\/\/motionup.com.br\/site\/produto\/sensor-retro-reflexivel-o6p301-ifm-o6p-fpkg-03m-us\/\" \/>\n<meta property=\"og:locale\" content=\"pt_BR\" \/>\n<meta property=\"og:type\" content=\"article\" \/>\n<meta property=\"og:title\" content=\"O6P301 - SENSOR RETROREFLEXIVO (O6P-FPKG\/0,30m\/US) - CABO: 0,3m (PVC); ALCANCE: 0,05...5M (REFLETOR PRISMATICO \u00d8 80 E20005) - IFM - Loja Motion Up\" \/>\n<meta property=\"og:description\" content=\"O6P301 &#8211; SENSORES RETROREFLEXIVOS &#8211; CABO: 0,3 METROS (PVC); ALCANCE: 0,05&#8230;5M (REFLETOR PRISMATICOS \u00d8 80 E20005) &#8211; IFM Consulte um vendedor e solicite um or\u00e7amento vendas@motionup.com.br motionup@motionup.com.br Inv\u00f3lucro robusto de a\u00e7o inoxid\u00e1vel para aplica\u00e7\u00e3o na ind\u00fastria aliment\u00edciaa Resistente a limpezas de alta press\u00e3o com detergentes agressivos Alto grau de prote\u00e7\u00e3o para atender aos requisitos de [&hellip;]\" \/>\n<meta property=\"og:url\" content=\"https:\/\/motionup.com.br\/site\/produto\/sensor-retro-reflexivel-o6p301-ifm-o6p-fpkg-03m-us\/\" \/>\n<meta property=\"og:site_name\" content=\"Loja Motion Up\" \/>\n<meta property=\"article:publisher\" content=\"https:\/\/m.facebook.com\/fp3motionup\/about\/\" \/>\n<meta property=\"article:modified_time\" content=\"2023-10-09T18:17:26+00:00\" \/>\n<meta property=\"og:image\" content=\"https:\/\/motionup.com.br\/site\/wp-content\/uploads\/2020\/05\/Capturar-6.png\" \/>\n\t<meta property=\"og:image:width\" content=\"848\" \/>\n\t<meta property=\"og:image:height\" content=\"675\" \/>\n\t<meta property=\"og:image:type\" content=\"image\/png\" \/>\n<meta name=\"twitter:card\" content=\"summary_large_image\" \/>\n<meta name=\"twitter:label1\" content=\"Est. tempo de leitura\" \/>\n\t<meta name=\"twitter:data1\" content=\"1 minuto\" \/>\n<script type=\"application\/ld+json\" class=\"yoast-schema-graph\">{\"@context\":\"https:\/\/schema.org\",\"@graph\":[{\"@type\":\"WebPage\",\"@id\":\"https:\/\/motionup.com.br\/site\/produto\/sensor-retro-reflexivel-o6p301-ifm-o6p-fpkg-03m-us\/\",\"url\":\"https:\/\/motionup.com.br\/site\/produto\/sensor-retro-reflexivel-o6p301-ifm-o6p-fpkg-03m-us\/\",\"name\":\"O6P301 - SENSOR RETROREFLEXIVO (O6P-FPKG\/0,30m\/US) - CABO: 0,3m (PVC); ALCANCE: 0,05...5M (REFLETOR PRISMATICO \u00d8 80 E20005) - IFM - Loja Motion Up\",\"isPartOf\":{\"@id\":\"https:\/\/motionup.com.br\/site\/#website\"},\"primaryImageOfPage\":{\"@id\":\"https:\/\/motionup.com.br\/site\/produto\/sensor-retro-reflexivel-o6p301-ifm-o6p-fpkg-03m-us\/#primaryimage\"},\"image\":{\"@id\":\"https:\/\/motionup.com.br\/site\/produto\/sensor-retro-reflexivel-o6p301-ifm-o6p-fpkg-03m-us\/#primaryimage\"},\"thumbnailUrl\":\"https:\/\/motionup.com.br\/site\/wp-content\/uploads\/2020\/05\/Capturar-6.png\",\"datePublished\":\"2020-05-12T12:53:56+00:00\",\"dateModified\":\"2023-10-09T18:17:26+00:00\",\"breadcrumb\":{\"@id\":\"https:\/\/motionup.com.br\/site\/produto\/sensor-retro-reflexivel-o6p301-ifm-o6p-fpkg-03m-us\/#breadcrumb\"},\"inLanguage\":\"pt-BR\",\"potentialAction\":[{\"@type\":\"ReadAction\",\"target\":[\"https:\/\/motionup.com.br\/site\/produto\/sensor-retro-reflexivel-o6p301-ifm-o6p-fpkg-03m-us\/\"]}]},{\"@type\":\"ImageObject\",\"inLanguage\":\"pt-BR\",\"@id\":\"https:\/\/motionup.com.br\/site\/produto\/sensor-retro-reflexivel-o6p301-ifm-o6p-fpkg-03m-us\/#primaryimage\",\"url\":\"https:\/\/motionup.com.br\/site\/wp-content\/uploads\/2020\/05\/Capturar-6.png\",\"contentUrl\":\"https:\/\/motionup.com.br\/site\/wp-content\/uploads\/2020\/05\/Capturar-6.png\",\"width\":848,\"height\":675},{\"@type\":\"BreadcrumbList\",\"@id\":\"https:\/\/motionup.com.br\/site\/produto\/sensor-retro-reflexivel-o6p301-ifm-o6p-fpkg-03m-us\/#breadcrumb\",\"itemListElement\":[{\"@type\":\"ListItem\",\"position\":1,\"name\":\"In\u00edcio\",\"item\":\"https:\/\/motionup.com.br\/site\/\"},{\"@type\":\"ListItem\",\"position\":2,\"name\":\"Produtos\",\"item\":\"https:\/\/motionup.com.br\/site\/produtos\/\"},{\"@type\":\"ListItem\",\"position\":3,\"name\":\"O6P301 &#8211; SENSOR RETROREFLEXIVO (O6P-FPKG\/0,30m\/US) &#8211; CABO: 0,3m (PVC); ALCANCE: 0,05&#8230;5M (REFLETOR PRISMATICO \u00d8 80 E20005) &#8211; IFM\"}]},{\"@type\":\"WebSite\",\"@id\":\"https:\/\/motionup.com.br\/site\/#website\",\"url\":\"https:\/\/motionup.com.br\/site\/\",\"name\":\"Motion Up\",\"description\":\"E-commerce Motion Up - Automa\u00e7\u00e3o Industrial\",\"publisher\":{\"@id\":\"https:\/\/motionup.com.br\/site\/#organization\"},\"potentialAction\":[{\"@type\":\"SearchAction\",\"target\":{\"@type\":\"EntryPoint\",\"urlTemplate\":\"https:\/\/motionup.com.br\/site\/?s={search_term_string}\"},\"query-input\":{\"@type\":\"PropertyValueSpecification\",\"valueRequired\":true,\"valueName\":\"search_term_string\"}}],\"inLanguage\":\"pt-BR\"},{\"@type\":\"Organization\",\"@id\":\"https:\/\/motionup.com.br\/site\/#organization\",\"name\":\"Motion Up\",\"url\":\"https:\/\/motionup.com.br\/site\/\",\"logo\":{\"@type\":\"ImageObject\",\"inLanguage\":\"pt-BR\",\"@id\":\"https:\/\/motionup.com.br\/site\/#\/schema\/logo\/image\/\",\"url\":\"https:\/\/motionup.com.br\/site\/wp-content\/uploads\/2025\/05\/MOTIONUP.png\",\"contentUrl\":\"https:\/\/motionup.com.br\/site\/wp-content\/uploads\/2025\/05\/MOTIONUP.png\",\"width\":1200,\"height\":601,\"caption\":\"Motion Up\"},\"image\":{\"@id\":\"https:\/\/motionup.com.br\/site\/#\/schema\/logo\/image\/\"},\"sameAs\":[\"https:\/\/m.facebook.com\/fp3motionup\/about\/\",\"https:\/\/br.linkedin.com\/company\/fpn-controle-e-automao-industrial-ltda\"]}]}<\/script>\n<!-- \/ Yoast SEO plugin. -->","yoast_head_json":{"title":"O6P301 - SENSOR RETROREFLEXIVO (O6P-FPKG\/0,30m\/US) - CABO: 0,3m (PVC); ALCANCE: 0,05...5M (REFLETOR PRISMATICO \u00d8 80 E20005) - IFM - Loja Motion Up","robots":{"index":"index","follow":"follow","max-snippet":"max-snippet:-1","max-image-preview":"max-image-preview:large","max-video-preview":"max-video-preview:-1"},"canonical":"https:\/\/motionup.com.br\/site\/produto\/sensor-retro-reflexivel-o6p301-ifm-o6p-fpkg-03m-us\/","og_locale":"pt_BR","og_type":"article","og_title":"O6P301 - SENSOR RETROREFLEXIVO (O6P-FPKG\/0,30m\/US) - CABO: 0,3m (PVC); ALCANCE: 0,05...5M (REFLETOR PRISMATICO \u00d8 80 E20005) - IFM - Loja Motion Up","og_description":"O6P301 &#8211; SENSORES RETROREFLEXIVOS &#8211; CABO: 0,3 METROS (PVC); ALCANCE: 0,05&#8230;5M (REFLETOR PRISMATICOS \u00d8 80 E20005) &#8211; IFM Consulte um vendedor e solicite um or\u00e7amento vendas@motionup.com.br motionup@motionup.com.br Inv\u00f3lucro robusto de a\u00e7o inoxid\u00e1vel para aplica\u00e7\u00e3o na ind\u00fastria aliment\u00edciaa Resistente a limpezas de alta press\u00e3o com detergentes agressivos Alto grau de prote\u00e7\u00e3o para atender aos requisitos de [&hellip;]","og_url":"https:\/\/motionup.com.br\/site\/produto\/sensor-retro-reflexivel-o6p301-ifm-o6p-fpkg-03m-us\/","og_site_name":"Loja Motion Up","article_publisher":"https:\/\/m.facebook.com\/fp3motionup\/about\/","article_modified_time":"2023-10-09T18:17:26+00:00","og_image":[{"width":848,"height":675,"url":"https:\/\/motionup.com.br\/site\/wp-content\/uploads\/2020\/05\/Capturar-6.png","type":"image\/png"}],"twitter_card":"summary_large_image","twitter_misc":{"Est. tempo de leitura":"1 minuto"},"schema":{"@context":"https:\/\/schema.org","@graph":[{"@type":"WebPage","@id":"https:\/\/motionup.com.br\/site\/produto\/sensor-retro-reflexivel-o6p301-ifm-o6p-fpkg-03m-us\/","url":"https:\/\/motionup.com.br\/site\/produto\/sensor-retro-reflexivel-o6p301-ifm-o6p-fpkg-03m-us\/","name":"O6P301 - SENSOR RETROREFLEXIVO (O6P-FPKG\/0,30m\/US) - CABO: 0,3m (PVC); ALCANCE: 0,05...5M (REFLETOR PRISMATICO \u00d8 80 E20005) - IFM - Loja Motion Up","isPartOf":{"@id":"https:\/\/motionup.com.br\/site\/#website"},"primaryImageOfPage":{"@id":"https:\/\/motionup.com.br\/site\/produto\/sensor-retro-reflexivel-o6p301-ifm-o6p-fpkg-03m-us\/#primaryimage"},"image":{"@id":"https:\/\/motionup.com.br\/site\/produto\/sensor-retro-reflexivel-o6p301-ifm-o6p-fpkg-03m-us\/#primaryimage"},"thumbnailUrl":"https:\/\/motionup.com.br\/site\/wp-content\/uploads\/2020\/05\/Capturar-6.png","datePublished":"2020-05-12T12:53:56+00:00","dateModified":"2023-10-09T18:17:26+00:00","breadcrumb":{"@id":"https:\/\/motionup.com.br\/site\/produto\/sensor-retro-reflexivel-o6p301-ifm-o6p-fpkg-03m-us\/#breadcrumb"},"inLanguage":"pt-BR","potentialAction":[{"@type":"ReadAction","target":["https:\/\/motionup.com.br\/site\/produto\/sensor-retro-reflexivel-o6p301-ifm-o6p-fpkg-03m-us\/"]}]},{"@type":"ImageObject","inLanguage":"pt-BR","@id":"https:\/\/motionup.com.br\/site\/produto\/sensor-retro-reflexivel-o6p301-ifm-o6p-fpkg-03m-us\/#primaryimage","url":"https:\/\/motionup.com.br\/site\/wp-content\/uploads\/2020\/05\/Capturar-6.png","contentUrl":"https:\/\/motionup.com.br\/site\/wp-content\/uploads\/2020\/05\/Capturar-6.png","width":848,"height":675},{"@type":"BreadcrumbList","@id":"https:\/\/motionup.com.br\/site\/produto\/sensor-retro-reflexivel-o6p301-ifm-o6p-fpkg-03m-us\/#breadcrumb","itemListElement":[{"@type":"ListItem","position":1,"name":"In\u00edcio","item":"https:\/\/motionup.com.br\/site\/"},{"@type":"ListItem","position":2,"name":"Produtos","item":"https:\/\/motionup.com.br\/site\/produtos\/"},{"@type":"ListItem","position":3,"name":"O6P301 &#8211; SENSOR RETROREFLEXIVO (O6P-FPKG\/0,30m\/US) &#8211; CABO: 0,3m (PVC); ALCANCE: 0,05&#8230;5M (REFLETOR PRISMATICO \u00d8 80 E20005) &#8211; IFM"}]},{"@type":"WebSite","@id":"https:\/\/motionup.com.br\/site\/#website","url":"https:\/\/motionup.com.br\/site\/","name":"Motion Up","description":"E-commerce Motion Up - Automa\u00e7\u00e3o Industrial","publisher":{"@id":"https:\/\/motionup.com.br\/site\/#organization"},"potentialAction":[{"@type":"SearchAction","target":{"@type":"EntryPoint","urlTemplate":"https:\/\/motionup.com.br\/site\/?s={search_term_string}"},"query-input":{"@type":"PropertyValueSpecification","valueRequired":true,"valueName":"search_term_string"}}],"inLanguage":"pt-BR"},{"@type":"Organization","@id":"https:\/\/motionup.com.br\/site\/#organization","name":"Motion Up","url":"https:\/\/motionup.com.br\/site\/","logo":{"@type":"ImageObject","inLanguage":"pt-BR","@id":"https:\/\/motionup.com.br\/site\/#\/schema\/logo\/image\/","url":"https:\/\/motionup.com.br\/site\/wp-content\/uploads\/2025\/05\/MOTIONUP.png","contentUrl":"https:\/\/motionup.com.br\/site\/wp-content\/uploads\/2025\/05\/MOTIONUP.png","width":1200,"height":601,"caption":"Motion Up"},"image":{"@id":"https:\/\/motionup.com.br\/site\/#\/schema\/logo\/image\/"},"sameAs":["https:\/\/m.facebook.com\/fp3motionup\/about\/","https:\/\/br.linkedin.com\/company\/fpn-controle-e-automao-industrial-ltda"]}]}},"_links":{"self":[{"href":"https:\/\/motionup.com.br\/site\/wp-json\/wp\/v2\/product\/1884","targetHints":{"allow":["GET"]}}],"collection":[{"href":"https:\/\/motionup.com.br\/site\/wp-json\/wp\/v2\/product"}],"about":[{"href":"https:\/\/motionup.com.br\/site\/wp-json\/wp\/v2\/types\/product"}],"wp:featuredmedia":[{"embeddable":true,"href":"https:\/\/motionup.com.br\/site\/wp-json\/wp\/v2\/media\/1887"}],"wp:attachment":[{"href":"https:\/\/motionup.com.br\/site\/wp-json\/wp\/v2\/media?parent=1884"}],"wp:term":[{"taxonomy":"product_brand","embeddable":true,"href":"https:\/\/motionup.com.br\/site\/wp-json\/wp\/v2\/product_brand?post=1884"},{"taxonomy":"product_cat","embeddable":true,"href":"https:\/\/motionup.com.br\/site\/wp-json\/wp\/v2\/product_cat?post=1884"},{"taxonomy":"product_tag","embeddable":true,"href":"https:\/\/motionup.com.br\/site\/wp-json\/wp\/v2\/product_tag?post=1884"}],"curies":[{"name":"wp","href":"https:\/\/api.w.org\/{rel}","templated":true}]}}