{"id":2568,"date":"2021-03-25T10:35:46","date_gmt":"2021-03-25T13:35:46","guid":{"rendered":"https:\/\/motionup.com.br\/site\/?post_type=product&#038;p=2568"},"modified":"2021-03-25T10:35:46","modified_gmt":"2021-03-25T13:35:46","slug":"inversor-de-frequencia-30kw-230v-lenze-smd-esmd302x2txa","status":"publish","type":"product","link":"https:\/\/motionup.com.br\/site\/produto\/inversor-de-frequencia-30kw-230v-lenze-smd-esmd302x2txa\/","title":{"rendered":"Inversor de Frequ\u00eancia 3,0KW 230V Lenze SMD-ESMD302X2TXA"},"content":{"rendered":"<table width=\"282\">\n<tbody>\n<tr>\n<td width=\"64\"><strong>Tipo:<\/strong><\/td>\n<td width=\"218\">ESMD302X2TXA<\/td>\n<\/tr>\n<tr>\n<td><strong>Id.No:<\/strong><\/td>\n<td>13459053<\/td>\n<\/tr>\n<tr>\n<td><strong>Pot\u00eancia:<\/strong><\/td>\n<td>3,0kw<\/td>\n<\/tr>\n<tr>\n<td><strong>Tens\u00e3o:<\/strong><\/td>\n<td>230\/240v<\/td>\n<\/tr>\n<tr>\n<td><strong>Entrada:<\/strong><\/td>\n<td>3 PE\/AC, 1,5A ,50-60Hz<\/td>\n<\/tr>\n<tr>\n<td><strong>Sa\u00edda:<\/strong><\/td>\n<td>3 PE\/AC,12 A,3,0KW\/4 HP,0-500Hz<\/td>\n<\/tr>\n<\/tbody>\n<\/table>\n","protected":false},"excerpt":{"rendered":"<p>Tipo: ESMD302X2TXA Id.No: 13459053 Pot\u00eancia: 3,0kw Tens\u00e3o: 230\/240v Entrada: 3 PE\/AC, 1,5A ,50-60Hz Sa\u00edda: 3 PE\/AC,12 A,3,0KW\/4 HP,0-500Hz<\/p>\n","protected":false},"featured_media":2564,"template":"","meta":[],"product_brand":[],"product_cat":[355],"product_tag":[272,164,375],"class_list":{"0":"post-2568","1":"product","2":"type-product","3":"status-publish","4":"has-post-thumbnail","6":"product_cat-lenze","7":"product_tag-inversor-de-frequencia","8":"product_tag-lenze","9":"product_tag-smd","11":"first","12":"instock","13":"shipping-taxable","14":"product-type-simple"},"yoast_head":"<!-- This site is optimized with the Yoast SEO plugin v26.3 - https:\/\/yoast.com\/wordpress\/plugins\/seo\/ -->\n<title>Inversor de Frequ\u00eancia 3,0KW 230V Lenze SMD-ESMD302X2TXA - Loja Motion Up<\/title>\n<meta name=\"robots\" content=\"index, follow, max-snippet:-1, max-image-preview:large, max-video-preview:-1\" \/>\n<link rel=\"canonical\" href=\"https:\/\/motionup.com.br\/site\/produto\/inversor-de-frequencia-30kw-230v-lenze-smd-esmd302x2txa\/\" \/>\n<meta property=\"og:locale\" content=\"pt_BR\" \/>\n<meta property=\"og:type\" content=\"article\" \/>\n<meta property=\"og:title\" content=\"Inversor de Frequ\u00eancia 3,0KW 230V Lenze SMD-ESMD302X2TXA - Loja Motion Up\" \/>\n<meta property=\"og:description\" content=\"Tipo: ESMD302X2TXA Id.No: 13459053 Pot\u00eancia: 3,0kw Tens\u00e3o: 230\/240v Entrada: 3 PE\/AC, 1,5A ,50-60Hz Sa\u00edda: 3 PE\/AC,12 A,3,0KW\/4 HP,0-500Hz\" \/>\n<meta property=\"og:url\" content=\"https:\/\/motionup.com.br\/site\/produto\/inversor-de-frequencia-30kw-230v-lenze-smd-esmd302x2txa\/\" \/>\n<meta property=\"og:site_name\" content=\"Loja Motion Up\" \/>\n<meta property=\"article:publisher\" content=\"https:\/\/m.facebook.com\/fp3motionup\/about\/\" \/>\n<meta property=\"og:image\" content=\"https:\/\/motionup.com.br\/site\/wp-content\/uploads\/2021\/03\/esmd152x2txa-230v-iii-15kw.jpg\" \/>\n\t<meta property=\"og:image:width\" content=\"799\" \/>\n\t<meta property=\"og:image:height\" content=\"682\" \/>\n\t<meta property=\"og:image:type\" content=\"image\/jpeg\" \/>\n<meta name=\"twitter:card\" content=\"summary_large_image\" \/>\n<script type=\"application\/ld+json\" class=\"yoast-schema-graph\">{\"@context\":\"https:\/\/schema.org\",\"@graph\":[{\"@type\":\"WebPage\",\"@id\":\"https:\/\/motionup.com.br\/site\/produto\/inversor-de-frequencia-30kw-230v-lenze-smd-esmd302x2txa\/\",\"url\":\"https:\/\/motionup.com.br\/site\/produto\/inversor-de-frequencia-30kw-230v-lenze-smd-esmd302x2txa\/\",\"name\":\"Inversor de Frequ\u00eancia 3,0KW 230V Lenze SMD-ESMD302X2TXA - Loja Motion Up\",\"isPartOf\":{\"@id\":\"https:\/\/motionup.com.br\/site\/#website\"},\"primaryImageOfPage\":{\"@id\":\"https:\/\/motionup.com.br\/site\/produto\/inversor-de-frequencia-30kw-230v-lenze-smd-esmd302x2txa\/#primaryimage\"},\"image\":{\"@id\":\"https:\/\/motionup.com.br\/site\/produto\/inversor-de-frequencia-30kw-230v-lenze-smd-esmd302x2txa\/#primaryimage\"},\"thumbnailUrl\":\"https:\/\/motionup.com.br\/site\/wp-content\/uploads\/2021\/03\/esmd152x2txa-230v-iii-15kw.jpg\",\"datePublished\":\"2021-03-25T13:35:46+00:00\",\"breadcrumb\":{\"@id\":\"https:\/\/motionup.com.br\/site\/produto\/inversor-de-frequencia-30kw-230v-lenze-smd-esmd302x2txa\/#breadcrumb\"},\"inLanguage\":\"pt-BR\",\"potentialAction\":[{\"@type\":\"ReadAction\",\"target\":[\"https:\/\/motionup.com.br\/site\/produto\/inversor-de-frequencia-30kw-230v-lenze-smd-esmd302x2txa\/\"]}]},{\"@type\":\"ImageObject\",\"inLanguage\":\"pt-BR\",\"@id\":\"https:\/\/motionup.com.br\/site\/produto\/inversor-de-frequencia-30kw-230v-lenze-smd-esmd302x2txa\/#primaryimage\",\"url\":\"https:\/\/motionup.com.br\/site\/wp-content\/uploads\/2021\/03\/esmd152x2txa-230v-iii-15kw.jpg\",\"contentUrl\":\"https:\/\/motionup.com.br\/site\/wp-content\/uploads\/2021\/03\/esmd152x2txa-230v-iii-15kw.jpg\",\"width\":799,\"height\":682,\"caption\":\"Inversor de frequ\u00eancia\"},{\"@type\":\"BreadcrumbList\",\"@id\":\"https:\/\/motionup.com.br\/site\/produto\/inversor-de-frequencia-30kw-230v-lenze-smd-esmd302x2txa\/#breadcrumb\",\"itemListElement\":[{\"@type\":\"ListItem\",\"position\":1,\"name\":\"In\u00edcio\",\"item\":\"https:\/\/motionup.com.br\/site\/\"},{\"@type\":\"ListItem\",\"position\":2,\"name\":\"Produtos\",\"item\":\"https:\/\/motionup.com.br\/site\/produtos\/\"},{\"@type\":\"ListItem\",\"position\":3,\"name\":\"Inversor de Frequ\u00eancia 3,0KW 230V Lenze SMD-ESMD302X2TXA\"}]},{\"@type\":\"WebSite\",\"@id\":\"https:\/\/motionup.com.br\/site\/#website\",\"url\":\"https:\/\/motionup.com.br\/site\/\",\"name\":\"Motion Up\",\"description\":\"E-commerce Motion Up - Automa\u00e7\u00e3o Industrial\",\"publisher\":{\"@id\":\"https:\/\/motionup.com.br\/site\/#organization\"},\"potentialAction\":[{\"@type\":\"SearchAction\",\"target\":{\"@type\":\"EntryPoint\",\"urlTemplate\":\"https:\/\/motionup.com.br\/site\/?s={search_term_string}\"},\"query-input\":{\"@type\":\"PropertyValueSpecification\",\"valueRequired\":true,\"valueName\":\"search_term_string\"}}],\"inLanguage\":\"pt-BR\"},{\"@type\":\"Organization\",\"@id\":\"https:\/\/motionup.com.br\/site\/#organization\",\"name\":\"Motion Up\",\"url\":\"https:\/\/motionup.com.br\/site\/\",\"logo\":{\"@type\":\"ImageObject\",\"inLanguage\":\"pt-BR\",\"@id\":\"https:\/\/motionup.com.br\/site\/#\/schema\/logo\/image\/\",\"url\":\"https:\/\/motionup.com.br\/site\/wp-content\/uploads\/2025\/05\/MOTIONUP.png\",\"contentUrl\":\"https:\/\/motionup.com.br\/site\/wp-content\/uploads\/2025\/05\/MOTIONUP.png\",\"width\":1200,\"height\":601,\"caption\":\"Motion Up\"},\"image\":{\"@id\":\"https:\/\/motionup.com.br\/site\/#\/schema\/logo\/image\/\"},\"sameAs\":[\"https:\/\/m.facebook.com\/fp3motionup\/about\/\",\"https:\/\/br.linkedin.com\/company\/fpn-controle-e-automao-industrial-ltda\"]}]}<\/script>\n<!-- \/ Yoast SEO plugin. -->","yoast_head_json":{"title":"Inversor de Frequ\u00eancia 3,0KW 230V Lenze SMD-ESMD302X2TXA - Loja Motion Up","robots":{"index":"index","follow":"follow","max-snippet":"max-snippet:-1","max-image-preview":"max-image-preview:large","max-video-preview":"max-video-preview:-1"},"canonical":"https:\/\/motionup.com.br\/site\/produto\/inversor-de-frequencia-30kw-230v-lenze-smd-esmd302x2txa\/","og_locale":"pt_BR","og_type":"article","og_title":"Inversor de Frequ\u00eancia 3,0KW 230V Lenze SMD-ESMD302X2TXA - Loja Motion Up","og_description":"Tipo: ESMD302X2TXA Id.No: 13459053 Pot\u00eancia: 3,0kw Tens\u00e3o: 230\/240v Entrada: 3 PE\/AC, 1,5A ,50-60Hz Sa\u00edda: 3 PE\/AC,12 A,3,0KW\/4 HP,0-500Hz","og_url":"https:\/\/motionup.com.br\/site\/produto\/inversor-de-frequencia-30kw-230v-lenze-smd-esmd302x2txa\/","og_site_name":"Loja Motion Up","article_publisher":"https:\/\/m.facebook.com\/fp3motionup\/about\/","og_image":[{"width":799,"height":682,"url":"https:\/\/motionup.com.br\/site\/wp-content\/uploads\/2021\/03\/esmd152x2txa-230v-iii-15kw.jpg","type":"image\/jpeg"}],"twitter_card":"summary_large_image","schema":{"@context":"https:\/\/schema.org","@graph":[{"@type":"WebPage","@id":"https:\/\/motionup.com.br\/site\/produto\/inversor-de-frequencia-30kw-230v-lenze-smd-esmd302x2txa\/","url":"https:\/\/motionup.com.br\/site\/produto\/inversor-de-frequencia-30kw-230v-lenze-smd-esmd302x2txa\/","name":"Inversor de Frequ\u00eancia 3,0KW 230V Lenze SMD-ESMD302X2TXA - Loja Motion Up","isPartOf":{"@id":"https:\/\/motionup.com.br\/site\/#website"},"primaryImageOfPage":{"@id":"https:\/\/motionup.com.br\/site\/produto\/inversor-de-frequencia-30kw-230v-lenze-smd-esmd302x2txa\/#primaryimage"},"image":{"@id":"https:\/\/motionup.com.br\/site\/produto\/inversor-de-frequencia-30kw-230v-lenze-smd-esmd302x2txa\/#primaryimage"},"thumbnailUrl":"https:\/\/motionup.com.br\/site\/wp-content\/uploads\/2021\/03\/esmd152x2txa-230v-iii-15kw.jpg","datePublished":"2021-03-25T13:35:46+00:00","breadcrumb":{"@id":"https:\/\/motionup.com.br\/site\/produto\/inversor-de-frequencia-30kw-230v-lenze-smd-esmd302x2txa\/#breadcrumb"},"inLanguage":"pt-BR","potentialAction":[{"@type":"ReadAction","target":["https:\/\/motionup.com.br\/site\/produto\/inversor-de-frequencia-30kw-230v-lenze-smd-esmd302x2txa\/"]}]},{"@type":"ImageObject","inLanguage":"pt-BR","@id":"https:\/\/motionup.com.br\/site\/produto\/inversor-de-frequencia-30kw-230v-lenze-smd-esmd302x2txa\/#primaryimage","url":"https:\/\/motionup.com.br\/site\/wp-content\/uploads\/2021\/03\/esmd152x2txa-230v-iii-15kw.jpg","contentUrl":"https:\/\/motionup.com.br\/site\/wp-content\/uploads\/2021\/03\/esmd152x2txa-230v-iii-15kw.jpg","width":799,"height":682,"caption":"Inversor de frequ\u00eancia"},{"@type":"BreadcrumbList","@id":"https:\/\/motionup.com.br\/site\/produto\/inversor-de-frequencia-30kw-230v-lenze-smd-esmd302x2txa\/#breadcrumb","itemListElement":[{"@type":"ListItem","position":1,"name":"In\u00edcio","item":"https:\/\/motionup.com.br\/site\/"},{"@type":"ListItem","position":2,"name":"Produtos","item":"https:\/\/motionup.com.br\/site\/produtos\/"},{"@type":"ListItem","position":3,"name":"Inversor de Frequ\u00eancia 3,0KW 230V Lenze SMD-ESMD302X2TXA"}]},{"@type":"WebSite","@id":"https:\/\/motionup.com.br\/site\/#website","url":"https:\/\/motionup.com.br\/site\/","name":"Motion Up","description":"E-commerce Motion Up - Automa\u00e7\u00e3o Industrial","publisher":{"@id":"https:\/\/motionup.com.br\/site\/#organization"},"potentialAction":[{"@type":"SearchAction","target":{"@type":"EntryPoint","urlTemplate":"https:\/\/motionup.com.br\/site\/?s={search_term_string}"},"query-input":{"@type":"PropertyValueSpecification","valueRequired":true,"valueName":"search_term_string"}}],"inLanguage":"pt-BR"},{"@type":"Organization","@id":"https:\/\/motionup.com.br\/site\/#organization","name":"Motion Up","url":"https:\/\/motionup.com.br\/site\/","logo":{"@type":"ImageObject","inLanguage":"pt-BR","@id":"https:\/\/motionup.com.br\/site\/#\/schema\/logo\/image\/","url":"https:\/\/motionup.com.br\/site\/wp-content\/uploads\/2025\/05\/MOTIONUP.png","contentUrl":"https:\/\/motionup.com.br\/site\/wp-content\/uploads\/2025\/05\/MOTIONUP.png","width":1200,"height":601,"caption":"Motion Up"},"image":{"@id":"https:\/\/motionup.com.br\/site\/#\/schema\/logo\/image\/"},"sameAs":["https:\/\/m.facebook.com\/fp3motionup\/about\/","https:\/\/br.linkedin.com\/company\/fpn-controle-e-automao-industrial-ltda"]}]}},"_links":{"self":[{"href":"https:\/\/motionup.com.br\/site\/wp-json\/wp\/v2\/product\/2568","targetHints":{"allow":["GET"]}}],"collection":[{"href":"https:\/\/motionup.com.br\/site\/wp-json\/wp\/v2\/product"}],"about":[{"href":"https:\/\/motionup.com.br\/site\/wp-json\/wp\/v2\/types\/product"}],"wp:featuredmedia":[{"embeddable":true,"href":"https:\/\/motionup.com.br\/site\/wp-json\/wp\/v2\/media\/2564"}],"wp:attachment":[{"href":"https:\/\/motionup.com.br\/site\/wp-json\/wp\/v2\/media?parent=2568"}],"wp:term":[{"taxonomy":"product_brand","embeddable":true,"href":"https:\/\/motionup.com.br\/site\/wp-json\/wp\/v2\/product_brand?post=2568"},{"taxonomy":"product_cat","embeddable":true,"href":"https:\/\/motionup.com.br\/site\/wp-json\/wp\/v2\/product_cat?post=2568"},{"taxonomy":"product_tag","embeddable":true,"href":"https:\/\/motionup.com.br\/site\/wp-json\/wp\/v2\/product_tag?post=2568"}],"curies":[{"name":"wp","href":"https:\/\/api.w.org\/{rel}","templated":true}]}}