{"id":3239,"date":"2021-04-28T13:35:34","date_gmt":"2021-04-28T16:35:34","guid":{"rendered":"https:\/\/motionup.com.br\/site\/?post_type=product&#038;p=3239"},"modified":"2021-04-28T13:35:34","modified_gmt":"2021-04-28T16:35:34","slug":"evm005-cabo-de-conexao-com-soquete-ifm","status":"publish","type":"product","link":"https:\/\/motionup.com.br\/site\/produto\/evm005-cabo-de-conexao-com-soquete-ifm\/","title":{"rendered":"EVM005-Cabo de conex\u00e3o com soquete-IFM"},"content":{"rendered":"<table class=\"pd-table\">\n<colgroup class=\"pd-table-cols-2\">\n<col class=\"pd-table-col-1\" \/>\n<col class=\"pd-table-col-2\" \/><\/colgroup>\n<tbody>\n<tr>\n<th class=\"pd-table-h1\" colspan=\"2\">Campo de aplica\u00e7\u00e3o<\/th>\n<\/tr>\n<tr>\n<td>Caracter\u00edstica especial<\/td>\n<td>sem silicone; sem halog\u00eanio; Contatos banhados a ouro; Toler\u00e2ncias para dobras e deslocamentos<\/td>\n<\/tr>\n<tr>\n<td>Aplica\u00e7\u00e3o<\/td>\n<td>aplica\u00e7\u00f5es em ambientes extremamente adversos<\/td>\n<\/tr>\n<tr>\n<td>Sem silicone<\/td>\n<td>sim<\/td>\n<\/tr>\n<tr>\n<th class=\"pd-table-h1\" colspan=\"2\">Dados el\u00e9tricos<\/th>\n<\/tr>\n<tr>\n<td>Tens\u00e3o de opera\u00e7\u00e3o [V]<\/td>\n<td>&lt; 250 AC \/ &lt; 300 DC<\/td>\n<\/tr>\n<tr>\n<td>Classe de prote\u00e7\u00e3o<\/td>\n<td>II<\/td>\n<\/tr>\n<tr>\n<td>Capacidade de carga total [A]<\/td>\n<td>4<\/td>\n<\/tr>\n<tr>\n<th class=\"pd-table-h1\" colspan=\"2\">Condi\u00e7\u00f5es ambientais<\/th>\n<\/tr>\n<tr>\n<td>Temperatura ambiente [\u00b0C]<\/td>\n<td>-40&#8230;90<\/td>\n<\/tr>\n<tr>\n<td>Aviso sobre a temperatura do ambiente<\/td>\n<td>\n<table>\n<colgroup class=\"pd-table-cols-1\">\n<col class=\"pd-table-col-1\" \/><\/colgroup>\n<tbody>\n<tr>\n<td>cULus: &#8230;75<\/td>\n<\/tr>\n<\/tbody>\n<\/table>\n<\/td>\n<\/tr>\n<tr>\n<td>Temperatura ambiente (m\u00f3vel) [\u00b0C]<\/td>\n<td>-25&#8230;90<\/td>\n<\/tr>\n<tr>\n<td>Aviso para a temperatura do ambiente deslocada<\/td>\n<td>\n<table>\n<colgroup class=\"pd-table-cols-1\">\n<col class=\"pd-table-col-1\" \/><\/colgroup>\n<tbody>\n<tr>\n<td>cULus: &#8230;75<\/td>\n<\/tr>\n<\/tbody>\n<\/table>\n<\/td>\n<\/tr>\n<tr>\n<td>Temperatura de armazenamento [\u00b0C]<\/td>\n<td>-25&#8230;55<\/td>\n<\/tr>\n<tr>\n<td>Umidade de armazenamento [%]<\/td>\n<td>10&#8230;100<\/td>\n<\/tr>\n<tr>\n<td>Outras condi\u00e7\u00f5es clim\u00e1ticas para o armazenamento conforme a classe indicada<\/td>\n<td>\n<table>\n<colgroup class=\"pd-table-cols-1\">\n<col class=\"pd-table-col-1\" \/><\/colgroup>\n<tbody>\n<tr>\n<td>1K22\/ DIN 60721-3-1<\/td>\n<\/tr>\n<\/tbody>\n<\/table>\n<\/td>\n<\/tr>\n<tr>\n<td>Prote\u00e7\u00e3o<\/td>\n<td>IP 65; IP 67; IP 68; IP 69K<\/td>\n<\/tr>\n<tr>\n<th class=\"pd-table-h1\" colspan=\"2\">Certifica\u00e7\u00f5es \/ testes<\/th>\n<\/tr>\n<tr>\n<td>Estabilidade de vibra\u00e7\u00e3o<\/td>\n<td>\n<table>\n<colgroup class=\"pd-table-cols-2\">\n<col class=\"pd-table-col-1\" \/>\n<col class=\"pd-table-col-2\" \/><\/colgroup>\n<tbody>\n<tr>\n<td>EN 60068-2-6 Fc<\/td>\n<td>20 g (10&#8230;3000 Hz) \/ -20 \u00b0C \/ 50 \u00b0C<\/td>\n<\/tr>\n<tr>\n<td><\/td>\n<td>50 ciclos de frequ\u00eancia, 1 oitava \/ minuto, em 3 eixos<\/td>\n<\/tr>\n<\/tbody>\n<\/table>\n<\/td>\n<\/tr>\n<tr>\n<td>Resist\u00eancia a choques<\/td>\n<td>\n<table>\n<colgroup class=\"pd-table-cols-2\">\n<col class=\"pd-table-col-1\" \/>\n<col class=\"pd-table-col-2\" \/><\/colgroup>\n<tbody>\n<tr>\n<td>EN 60068-2-27 Ea<\/td>\n<td>100 g meio seno 11 ms; respectivamente 6 choques em cada dire\u00e7\u00e3o dos 3 eixos de coordenadas \/ -40 \u00b0C \/ 85 \u00b0C<\/td>\n<\/tr>\n<\/tbody>\n<\/table>\n<\/td>\n<\/tr>\n<tr>\n<td>Resist\u00eancia duradoura ao choque<\/td>\n<td>\n<table>\n<colgroup class=\"pd-table-cols-2\">\n<col class=\"pd-table-col-1\" \/>\n<col class=\"pd-table-col-2\" \/><\/colgroup>\n<tbody>\n<tr>\n<td>EN 60068-2-29 Eb<\/td>\n<td>40 g 6 ms; cada um com 4000 choques em cada dire\u00e7\u00e3o dos 3 eixos de coordenadas \/ -20 \u00b0C \/ 50 \u00b0C<\/td>\n<\/tr>\n<\/tbody>\n<\/table>\n<\/td>\n<\/tr>\n<tr>\n<td>Altera\u00e7\u00e3o r\u00e1pida da temperatura<\/td>\n<td>\n<table>\n<colgroup class=\"pd-table-cols-2\">\n<col class=\"pd-table-col-1\" \/>\n<col class=\"pd-table-col-2\" \/><\/colgroup>\n<tbody>\n<tr>\n<td>EN 60068-2-14 Na<\/td>\n<td>TA = -40\u00b0C; TB = 85\u00b0C; t1 = 30 min; t2 = &lt; 10 s 50 ciclos<\/td>\n<\/tr>\n<\/tbody>\n<\/table>\n<\/td>\n<\/tr>\n<tr>\n<td>Teste de n\u00e9voa salina<\/td>\n<td>\n<table>\n<colgroup class=\"pd-table-cols-2\">\n<col class=\"pd-table-col-1\" \/>\n<col class=\"pd-table-col-2\" \/><\/colgroup>\n<tbody>\n<tr>\n<td>EN 60068-2-52 Kb<\/td>\n<td>severidade 5 (4 ciclos de testes)<\/td>\n<\/tr>\n<\/tbody>\n<\/table>\n<\/td>\n<\/tr>\n<tr>\n<th class=\"pd-table-h1\" colspan=\"2\">Dados mec\u00e2nicos<\/th>\n<\/tr>\n<tr>\n<td>Peso [g]<\/td>\n<td>178,8<\/td>\n<\/tr>\n<tr>\n<td>Dimens\u00f5es [mm]<\/td>\n<td>26,5 x 15,5 x 36,5<\/td>\n<\/tr>\n<tr>\n<td>Materiais<\/td>\n<td>inv\u00f3lucro: TPU laranja; veda\u00e7\u00e3o: FKM<\/td>\n<\/tr>\n<tr>\n<td>Material porca<\/td>\n<td>1.4404 (a\u00e7o inoxid\u00e1vel \/ 316L)<\/td>\n<\/tr>\n<tr>\n<td>Toler\u00e2ncias para dobras e deslocamentos<\/td>\n<td>sim<\/td>\n<\/tr>\n<tr>\n<td>Toler\u00e2ncias para dobras e deslocamentos<\/td>\n<td>\n<table>\n<colgroup class=\"pd-table-cols-2\">\n<col class=\"pd-table-col-1\" \/>\n<col class=\"pd-table-col-2\" \/><\/colgroup>\n<tbody>\n<tr>\n<td>raio de flex\u00e3o em aplica\u00e7\u00e3o flex\u00edvel<\/td>\n<td>m\u00edn. 10 x di\u00e2metro do cabo<\/td>\n<\/tr>\n<tr>\n<td>velocidade de movimento<\/td>\n<td>max. 3.3 m\/s para deslocamento horizontal de 5m e acelera\u00e7\u00e3o m\u00e1xima de 5 m\/s\u00b2<\/td>\n<\/tr>\n<tr>\n<td>ciclos de curvatura<\/td>\n<td>&gt; 5 Mio.<\/td>\n<\/tr>\n<tr>\n<td>esfor\u00e7o de tor\u00e7\u00e3o<\/td>\n<td>\u00b1 180 \u00b0\/m<\/td>\n<\/tr>\n<\/tbody>\n<\/table>\n<\/td>\n<\/tr>\n<tr>\n<th class=\"pd-table-h1\" colspan=\"2\">Notas<\/th>\n<\/tr>\n<tr>\n<td>Quantidade<\/td>\n<td>1 pe\u00e7a<\/td>\n<\/tr>\n<tr>\n<th class=\"pd-table-h1\" colspan=\"2\">conex\u00e3o el\u00e9trica<\/th>\n<\/tr>\n<tr>\n<td><\/td>\n<td>cabo: 5 m, PUR, sem halog\u00eanio, preto, \u00d8 4,9 mm; 4 x 0,34 mm\u00b2 (42 x \u00d8 0,1 mm )<\/td>\n<\/tr>\n<tr>\n<th class=\"pd-table-h1\" colspan=\"2\">conex\u00e3o el\u00e9trica &#8211; soquete<\/th>\n<\/tr>\n<tr>\n<td>Conex\u00e3o<\/td>\n<td>Conex\u00e3o: 1 x M12, angular (90\u00ba); Bloqueio: 1.4404 (a\u00e7o inoxid\u00e1vel \/ 316L); Contatos: dourado; M\u00e1x. torque de aperto: 0,6&#8230;1,5 Nm<\/td>\n<\/tr>\n<\/tbody>\n<\/table>\n","protected":false},"excerpt":{"rendered":"<p>Campo de aplica\u00e7\u00e3o Caracter\u00edstica especial sem silicone; sem halog\u00eanio; Contatos banhados a ouro; Toler\u00e2ncias para dobras e deslocamentos Aplica\u00e7\u00e3o aplica\u00e7\u00f5es em ambientes extremamente adversos Sem silicone sim Dados el\u00e9tricos Tens\u00e3o de opera\u00e7\u00e3o [V] &lt; 250 AC \/ &lt; 300 DC Classe de prote\u00e7\u00e3o II Capacidade de carga total [A] 4 Condi\u00e7\u00f5es ambientais Temperatura ambiente [\u00b0C] [&hellip;]<\/p>\n","protected":false},"featured_media":3240,"template":"","meta":[],"product_brand":[],"product_cat":[353,96,56],"product_tag":[97,58,57],"class_list":{"0":"post-3239","1":"product","2":"type-product","3":"status-publish","4":"has-post-thumbnail","6":"product_cat-ifm","7":"product_cat-cabos","8":"product_cat-sensores","9":"product_tag-cabo","10":"product_tag-ifm","11":"product_tag-sensor","13":"first","14":"instock","15":"shipping-taxable","16":"product-type-simple"},"yoast_head":"<!-- This site is optimized with the Yoast SEO plugin v26.3 - https:\/\/yoast.com\/wordpress\/plugins\/seo\/ -->\n<title>EVM005-Cabo de conex\u00e3o com soquete-IFM - Loja Motion Up<\/title>\n<meta name=\"robots\" content=\"index, follow, max-snippet:-1, max-image-preview:large, max-video-preview:-1\" \/>\n<link rel=\"canonical\" href=\"https:\/\/motionup.com.br\/site\/produto\/evm005-cabo-de-conexao-com-soquete-ifm\/\" \/>\n<meta property=\"og:locale\" content=\"pt_BR\" \/>\n<meta property=\"og:type\" content=\"article\" \/>\n<meta property=\"og:title\" content=\"EVM005-Cabo de conex\u00e3o com soquete-IFM - Loja Motion Up\" \/>\n<meta property=\"og:description\" content=\"Campo de aplica\u00e7\u00e3o Caracter\u00edstica especial sem silicone; sem halog\u00eanio; Contatos banhados a ouro; Toler\u00e2ncias para dobras e deslocamentos Aplica\u00e7\u00e3o aplica\u00e7\u00f5es em ambientes extremamente adversos Sem silicone sim Dados el\u00e9tricos Tens\u00e3o de opera\u00e7\u00e3o [V] &lt; 250 AC \/ &lt; 300 DC Classe de prote\u00e7\u00e3o II Capacidade de carga total [A] 4 Condi\u00e7\u00f5es ambientais Temperatura ambiente [\u00b0C] [&hellip;]\" \/>\n<meta property=\"og:url\" content=\"https:\/\/motionup.com.br\/site\/produto\/evm005-cabo-de-conexao-com-soquete-ifm\/\" \/>\n<meta property=\"og:site_name\" content=\"Loja Motion Up\" \/>\n<meta property=\"article:publisher\" content=\"https:\/\/m.facebook.com\/fp3motionup\/about\/\" \/>\n<meta property=\"og:image\" content=\"https:\/\/motionup.com.br\/site\/wp-content\/uploads\/2021\/04\/P_F_E_W_SUV_0271_EVM005_01.jpg\" \/>\n\t<meta property=\"og:image:width\" content=\"1200\" \/>\n\t<meta property=\"og:image:height\" content=\"1200\" \/>\n\t<meta property=\"og:image:type\" content=\"image\/jpeg\" \/>\n<meta name=\"twitter:card\" content=\"summary_large_image\" \/>\n<meta name=\"twitter:label1\" content=\"Est. tempo de leitura\" \/>\n\t<meta name=\"twitter:data1\" content=\"2 minutos\" \/>\n<script type=\"application\/ld+json\" class=\"yoast-schema-graph\">{\"@context\":\"https:\/\/schema.org\",\"@graph\":[{\"@type\":\"WebPage\",\"@id\":\"https:\/\/motionup.com.br\/site\/produto\/evm005-cabo-de-conexao-com-soquete-ifm\/\",\"url\":\"https:\/\/motionup.com.br\/site\/produto\/evm005-cabo-de-conexao-com-soquete-ifm\/\",\"name\":\"EVM005-Cabo de conex\u00e3o com soquete-IFM - Loja Motion Up\",\"isPartOf\":{\"@id\":\"https:\/\/motionup.com.br\/site\/#website\"},\"primaryImageOfPage\":{\"@id\":\"https:\/\/motionup.com.br\/site\/produto\/evm005-cabo-de-conexao-com-soquete-ifm\/#primaryimage\"},\"image\":{\"@id\":\"https:\/\/motionup.com.br\/site\/produto\/evm005-cabo-de-conexao-com-soquete-ifm\/#primaryimage\"},\"thumbnailUrl\":\"https:\/\/motionup.com.br\/site\/wp-content\/uploads\/2021\/04\/P_F_E_W_SUV_0271_EVM005_01.jpg\",\"datePublished\":\"2021-04-28T16:35:34+00:00\",\"breadcrumb\":{\"@id\":\"https:\/\/motionup.com.br\/site\/produto\/evm005-cabo-de-conexao-com-soquete-ifm\/#breadcrumb\"},\"inLanguage\":\"pt-BR\",\"potentialAction\":[{\"@type\":\"ReadAction\",\"target\":[\"https:\/\/motionup.com.br\/site\/produto\/evm005-cabo-de-conexao-com-soquete-ifm\/\"]}]},{\"@type\":\"ImageObject\",\"inLanguage\":\"pt-BR\",\"@id\":\"https:\/\/motionup.com.br\/site\/produto\/evm005-cabo-de-conexao-com-soquete-ifm\/#primaryimage\",\"url\":\"https:\/\/motionup.com.br\/site\/wp-content\/uploads\/2021\/04\/P_F_E_W_SUV_0271_EVM005_01.jpg\",\"contentUrl\":\"https:\/\/motionup.com.br\/site\/wp-content\/uploads\/2021\/04\/P_F_E_W_SUV_0271_EVM005_01.jpg\",\"width\":1200,\"height\":1200},{\"@type\":\"BreadcrumbList\",\"@id\":\"https:\/\/motionup.com.br\/site\/produto\/evm005-cabo-de-conexao-com-soquete-ifm\/#breadcrumb\",\"itemListElement\":[{\"@type\":\"ListItem\",\"position\":1,\"name\":\"In\u00edcio\",\"item\":\"https:\/\/motionup.com.br\/site\/\"},{\"@type\":\"ListItem\",\"position\":2,\"name\":\"Produtos\",\"item\":\"https:\/\/motionup.com.br\/site\/produtos\/\"},{\"@type\":\"ListItem\",\"position\":3,\"name\":\"EVM005-Cabo de conex\u00e3o com soquete-IFM\"}]},{\"@type\":\"WebSite\",\"@id\":\"https:\/\/motionup.com.br\/site\/#website\",\"url\":\"https:\/\/motionup.com.br\/site\/\",\"name\":\"Motion Up\",\"description\":\"E-commerce Motion Up - Automa\u00e7\u00e3o Industrial\",\"publisher\":{\"@id\":\"https:\/\/motionup.com.br\/site\/#organization\"},\"potentialAction\":[{\"@type\":\"SearchAction\",\"target\":{\"@type\":\"EntryPoint\",\"urlTemplate\":\"https:\/\/motionup.com.br\/site\/?s={search_term_string}\"},\"query-input\":{\"@type\":\"PropertyValueSpecification\",\"valueRequired\":true,\"valueName\":\"search_term_string\"}}],\"inLanguage\":\"pt-BR\"},{\"@type\":\"Organization\",\"@id\":\"https:\/\/motionup.com.br\/site\/#organization\",\"name\":\"Motion Up\",\"url\":\"https:\/\/motionup.com.br\/site\/\",\"logo\":{\"@type\":\"ImageObject\",\"inLanguage\":\"pt-BR\",\"@id\":\"https:\/\/motionup.com.br\/site\/#\/schema\/logo\/image\/\",\"url\":\"https:\/\/motionup.com.br\/site\/wp-content\/uploads\/2025\/05\/MOTIONUP.png\",\"contentUrl\":\"https:\/\/motionup.com.br\/site\/wp-content\/uploads\/2025\/05\/MOTIONUP.png\",\"width\":1200,\"height\":601,\"caption\":\"Motion Up\"},\"image\":{\"@id\":\"https:\/\/motionup.com.br\/site\/#\/schema\/logo\/image\/\"},\"sameAs\":[\"https:\/\/m.facebook.com\/fp3motionup\/about\/\",\"https:\/\/br.linkedin.com\/company\/fpn-controle-e-automao-industrial-ltda\"]}]}<\/script>\n<!-- \/ Yoast SEO plugin. -->","yoast_head_json":{"title":"EVM005-Cabo de conex\u00e3o com soquete-IFM - Loja Motion Up","robots":{"index":"index","follow":"follow","max-snippet":"max-snippet:-1","max-image-preview":"max-image-preview:large","max-video-preview":"max-video-preview:-1"},"canonical":"https:\/\/motionup.com.br\/site\/produto\/evm005-cabo-de-conexao-com-soquete-ifm\/","og_locale":"pt_BR","og_type":"article","og_title":"EVM005-Cabo de conex\u00e3o com soquete-IFM - Loja Motion Up","og_description":"Campo de aplica\u00e7\u00e3o Caracter\u00edstica especial sem silicone; sem halog\u00eanio; Contatos banhados a ouro; Toler\u00e2ncias para dobras e deslocamentos Aplica\u00e7\u00e3o aplica\u00e7\u00f5es em ambientes extremamente adversos Sem silicone sim Dados el\u00e9tricos Tens\u00e3o de opera\u00e7\u00e3o [V] &lt; 250 AC \/ &lt; 300 DC Classe de prote\u00e7\u00e3o II Capacidade de carga total [A] 4 Condi\u00e7\u00f5es ambientais Temperatura ambiente [\u00b0C] [&hellip;]","og_url":"https:\/\/motionup.com.br\/site\/produto\/evm005-cabo-de-conexao-com-soquete-ifm\/","og_site_name":"Loja Motion Up","article_publisher":"https:\/\/m.facebook.com\/fp3motionup\/about\/","og_image":[{"width":1200,"height":1200,"url":"https:\/\/motionup.com.br\/site\/wp-content\/uploads\/2021\/04\/P_F_E_W_SUV_0271_EVM005_01.jpg","type":"image\/jpeg"}],"twitter_card":"summary_large_image","twitter_misc":{"Est. tempo de leitura":"2 minutos"},"schema":{"@context":"https:\/\/schema.org","@graph":[{"@type":"WebPage","@id":"https:\/\/motionup.com.br\/site\/produto\/evm005-cabo-de-conexao-com-soquete-ifm\/","url":"https:\/\/motionup.com.br\/site\/produto\/evm005-cabo-de-conexao-com-soquete-ifm\/","name":"EVM005-Cabo de conex\u00e3o com soquete-IFM - Loja Motion Up","isPartOf":{"@id":"https:\/\/motionup.com.br\/site\/#website"},"primaryImageOfPage":{"@id":"https:\/\/motionup.com.br\/site\/produto\/evm005-cabo-de-conexao-com-soquete-ifm\/#primaryimage"},"image":{"@id":"https:\/\/motionup.com.br\/site\/produto\/evm005-cabo-de-conexao-com-soquete-ifm\/#primaryimage"},"thumbnailUrl":"https:\/\/motionup.com.br\/site\/wp-content\/uploads\/2021\/04\/P_F_E_W_SUV_0271_EVM005_01.jpg","datePublished":"2021-04-28T16:35:34+00:00","breadcrumb":{"@id":"https:\/\/motionup.com.br\/site\/produto\/evm005-cabo-de-conexao-com-soquete-ifm\/#breadcrumb"},"inLanguage":"pt-BR","potentialAction":[{"@type":"ReadAction","target":["https:\/\/motionup.com.br\/site\/produto\/evm005-cabo-de-conexao-com-soquete-ifm\/"]}]},{"@type":"ImageObject","inLanguage":"pt-BR","@id":"https:\/\/motionup.com.br\/site\/produto\/evm005-cabo-de-conexao-com-soquete-ifm\/#primaryimage","url":"https:\/\/motionup.com.br\/site\/wp-content\/uploads\/2021\/04\/P_F_E_W_SUV_0271_EVM005_01.jpg","contentUrl":"https:\/\/motionup.com.br\/site\/wp-content\/uploads\/2021\/04\/P_F_E_W_SUV_0271_EVM005_01.jpg","width":1200,"height":1200},{"@type":"BreadcrumbList","@id":"https:\/\/motionup.com.br\/site\/produto\/evm005-cabo-de-conexao-com-soquete-ifm\/#breadcrumb","itemListElement":[{"@type":"ListItem","position":1,"name":"In\u00edcio","item":"https:\/\/motionup.com.br\/site\/"},{"@type":"ListItem","position":2,"name":"Produtos","item":"https:\/\/motionup.com.br\/site\/produtos\/"},{"@type":"ListItem","position":3,"name":"EVM005-Cabo de conex\u00e3o com soquete-IFM"}]},{"@type":"WebSite","@id":"https:\/\/motionup.com.br\/site\/#website","url":"https:\/\/motionup.com.br\/site\/","name":"Motion Up","description":"E-commerce Motion Up - Automa\u00e7\u00e3o Industrial","publisher":{"@id":"https:\/\/motionup.com.br\/site\/#organization"},"potentialAction":[{"@type":"SearchAction","target":{"@type":"EntryPoint","urlTemplate":"https:\/\/motionup.com.br\/site\/?s={search_term_string}"},"query-input":{"@type":"PropertyValueSpecification","valueRequired":true,"valueName":"search_term_string"}}],"inLanguage":"pt-BR"},{"@type":"Organization","@id":"https:\/\/motionup.com.br\/site\/#organization","name":"Motion Up","url":"https:\/\/motionup.com.br\/site\/","logo":{"@type":"ImageObject","inLanguage":"pt-BR","@id":"https:\/\/motionup.com.br\/site\/#\/schema\/logo\/image\/","url":"https:\/\/motionup.com.br\/site\/wp-content\/uploads\/2025\/05\/MOTIONUP.png","contentUrl":"https:\/\/motionup.com.br\/site\/wp-content\/uploads\/2025\/05\/MOTIONUP.png","width":1200,"height":601,"caption":"Motion Up"},"image":{"@id":"https:\/\/motionup.com.br\/site\/#\/schema\/logo\/image\/"},"sameAs":["https:\/\/m.facebook.com\/fp3motionup\/about\/","https:\/\/br.linkedin.com\/company\/fpn-controle-e-automao-industrial-ltda"]}]}},"_links":{"self":[{"href":"https:\/\/motionup.com.br\/site\/wp-json\/wp\/v2\/product\/3239","targetHints":{"allow":["GET"]}}],"collection":[{"href":"https:\/\/motionup.com.br\/site\/wp-json\/wp\/v2\/product"}],"about":[{"href":"https:\/\/motionup.com.br\/site\/wp-json\/wp\/v2\/types\/product"}],"wp:featuredmedia":[{"embeddable":true,"href":"https:\/\/motionup.com.br\/site\/wp-json\/wp\/v2\/media\/3240"}],"wp:attachment":[{"href":"https:\/\/motionup.com.br\/site\/wp-json\/wp\/v2\/media?parent=3239"}],"wp:term":[{"taxonomy":"product_brand","embeddable":true,"href":"https:\/\/motionup.com.br\/site\/wp-json\/wp\/v2\/product_brand?post=3239"},{"taxonomy":"product_cat","embeddable":true,"href":"https:\/\/motionup.com.br\/site\/wp-json\/wp\/v2\/product_cat?post=3239"},{"taxonomy":"product_tag","embeddable":true,"href":"https:\/\/motionup.com.br\/site\/wp-json\/wp\/v2\/product_tag?post=3239"}],"curies":[{"name":"wp","href":"https:\/\/api.w.org\/{rel}","templated":true}]}}