{"id":3314,"date":"2021-05-04T08:43:53","date_gmt":"2021-05-04T11:43:53","guid":{"rendered":"https:\/\/motionup.com.br\/site\/?post_type=product&#038;p=3314"},"modified":"2021-05-04T08:59:51","modified_gmt":"2021-05-04T11:59:51","slug":"dd2505-unidade-de-avaliacao-para-monitoramento-da-velocidade-de-rotacao-ifm","status":"publish","type":"product","link":"https:\/\/motionup.com.br\/site\/produto\/dd2505-unidade-de-avaliacao-para-monitoramento-da-velocidade-de-rotacao-ifm\/","title":{"rendered":"DD2505-Unidade de avalia\u00e7\u00e3o para monitoramento da velocidade de rota\u00e7\u00e3o-IFM"},"content":{"rendered":"<table class=\"pd-table\">\n<colgroup class=\"pd-table-cols-2\">\n<col class=\"pd-table-col-1\" \/>\n<col class=\"pd-table-col-2\" \/><\/colgroup>\n<tbody>\n<tr>\n<th class=\"pd-table-h1\" colspan=\"2\" scope=\"colgroup\">Caracter\u00edsticas do produto<\/th>\n<\/tr>\n<tr>\n<td>Inv\u00f3lucro<\/td>\n<td>Inv\u00f3lucro para montagem de acordo com as normas DIN<\/td>\n<\/tr>\n<tr>\n<td>Dimens\u00f5es [mm]<\/td>\n<td>78 x 45 x 124,7<\/td>\n<\/tr>\n<tr>\n<th class=\"pd-table-h1\" colspan=\"2\" scope=\"colgroup\">Campo de aplica\u00e7\u00e3o<\/th>\n<\/tr>\n<tr>\n<td>Aplica\u00e7\u00e3o<\/td>\n<td>sistema de avalia\u00e7\u00e3o de pulsos com microprocessador para frequ\u00eancia; rota\u00e7\u00e3o; velocidade; compassos e ciclos da m\u00e1quina<\/td>\n<\/tr>\n<tr>\n<th class=\"pd-table-h1\" colspan=\"2\" scope=\"colgroup\">Dados el\u00e9tricos<\/th>\n<\/tr>\n<tr>\n<td>Tens\u00e3o nominal AC [V]<\/td>\n<td>110&#8230;240<\/td>\n<\/tr>\n<tr>\n<td>Tens\u00e3o nominal DC [V]<\/td>\n<td>27<\/td>\n<\/tr>\n<tr>\n<td>Toler\u00e2ncia da tens\u00e3o nominal [%]<\/td>\n<td>&lt; 10<\/td>\n<\/tr>\n<tr>\n<td>Toler\u00e2ncia da tens\u00e3o nominal 2 [%]<\/td>\n<td>20&#8230;10<\/td>\n<\/tr>\n<tr>\n<td>Frequ\u00eancia nominal AC [Hz]<\/td>\n<td>50&#8230;60<\/td>\n<\/tr>\n<tr>\n<td>Consumo de pot\u00eancia [W]<\/td>\n<td>3<\/td>\n<\/tr>\n<tr>\n<td>Energia auxiliar para sensores DC [V]<\/td>\n<td>19,6&#8230;27,7; (SELV, \u2264 150 mA)<\/td>\n<\/tr>\n<tr>\n<th class=\"pd-table-h1\" colspan=\"2\" scope=\"colgroup\">Entradas\/sa\u00eddas<\/th>\n<\/tr>\n<tr>\n<td>Quantidade de entradas e sa\u00eddas<\/td>\n<td>Quantidade de sa\u00eddas digitais: 2; Quantidade de sa\u00eddas de rel\u00e9: 2<\/td>\n<\/tr>\n<tr>\n<th class=\"pd-table-h1\" colspan=\"2\" scope=\"colgroup\">Sa\u00eddas<\/th>\n<\/tr>\n<tr>\n<td>Quantidade de sa\u00eddas digitais<\/td>\n<td>2<\/td>\n<\/tr>\n<tr>\n<td>Quantidade de sa\u00eddas de rel\u00e9<\/td>\n<td>2<\/td>\n<\/tr>\n<tr>\n<td>Poder de corte<\/td>\n<td>6 A (250 V AC); B300, R300<\/td>\n<\/tr>\n<tr>\n<th class=\"pd-table-h1\" colspan=\"2\" scope=\"colgroup\">Faixa de medi\u00e7\u00e3o \/ de ajuste<\/th>\n<\/tr>\n<tr>\n<td>\u00c1rea de ajuste Hz [Hz]<\/td>\n<td>0,1&#8230;1000<\/td>\n<\/tr>\n<tr>\n<td>Alcance de ajuste [Imp\/min]<\/td>\n<td>1&#8230;60000<\/td>\n<\/tr>\n<tr>\n<th class=\"pd-table-h1\" colspan=\"2\" scope=\"colgroup\">Condi\u00e7\u00f5es ambientais<\/th>\n<\/tr>\n<tr>\n<td>Temperatura ambiente [\u00b0C]<\/td>\n<td>-40&#8230;60<\/td>\n<\/tr>\n<tr>\n<td>Temperatura de armazenamento [\u00b0C]<\/td>\n<td>-40&#8230;85<\/td>\n<\/tr>\n<tr>\n<td>Umidade relativa do ar m\u00e1x. [%]<\/td>\n<td>80; (40 \u00b0C: 50 %)<\/td>\n<\/tr>\n<tr>\n<td>Prote\u00e7\u00e3o<\/td>\n<td>IP 50<\/td>\n<\/tr>\n<tr>\n<td>Grau de prote\u00e7\u00e3o dos terminais<\/td>\n<td>IP 20<\/td>\n<\/tr>\n<tr>\n<th class=\"pd-table-h1\" colspan=\"2\" scope=\"colgroup\">Certifica\u00e7\u00f5es \/ testes<\/th>\n<\/tr>\n<tr>\n<td>EMC<\/td>\n<td>\n<table>\n<colgroup class=\"pd-table-cols-2\">\n<col class=\"pd-table-col-1\" \/>\n<col class=\"pd-table-col-2\" \/><\/colgroup>\n<tbody>\n<tr>\n<td>EN 61010<\/td>\n<td>2011<\/td>\n<\/tr>\n<tr>\n<td>EMV 89\/336\/EWG<\/td>\n<td><\/td>\n<\/tr>\n<tr>\n<td>EN 61000-6-2<\/td>\n<td>2005<\/td>\n<\/tr>\n<tr>\n<td>EN 61000-6-4<\/td>\n<td>2007<\/td>\n<\/tr>\n<\/tbody>\n<\/table>\n<\/td>\n<\/tr>\n<tr>\n<th class=\"pd-table-h1\" colspan=\"2\" scope=\"colgroup\">Dados mec\u00e2nicos<\/th>\n<\/tr>\n<tr>\n<td>Peso [g]<\/td>\n<td>381<\/td>\n<\/tr>\n<tr>\n<td>Inv\u00f3lucro<\/td>\n<td>Inv\u00f3lucro para montagem de acordo com as normas DIN<\/td>\n<\/tr>\n<tr>\n<td>Dimens\u00f5es [mm]<\/td>\n<td>78 x 45 x 124,7<\/td>\n<\/tr>\n<tr>\n<td>Materiais<\/td>\n<td>pl\u00e1stico<\/td>\n<\/tr>\n<tr>\n<th class=\"pd-table-h1\" colspan=\"2\" scope=\"colgroup\">Displays \/ elementos de opera\u00e7\u00e3o<\/th>\n<\/tr>\n<tr>\n<td>Display<\/td>\n<td>\n<table>\n<colgroup class=\"pd-table-cols-2\">\n<col class=\"pd-table-col-1\" \/>\n<col class=\"pd-table-col-2\" \/><\/colgroup>\n<tbody>\n<tr>\n<td><\/td>\n<td>Display OLED, 128 x 64 pixels autoiluminado<\/td>\n<\/tr>\n<tr>\n<td>Status de chaveamento<\/td>\n<td>LED, verde<\/td>\n<\/tr>\n<\/tbody>\n<\/table>\n<\/td>\n<\/tr>\n<tr>\n<th class=\"pd-table-h1\" colspan=\"2\" scope=\"colgroup\">Notas<\/th>\n<\/tr>\n<tr>\n<td>Notas<\/td>\n<td>\n<table>\n<colgroup class=\"pd-table-cols-1\">\n<col class=\"pd-table-col-1\" \/><\/colgroup>\n<tbody>\n<tr>\n<td>categoria de sobretens\u00e3o II; grau de aterramento 2<\/td>\n<\/tr>\n<\/tbody>\n<\/table>\n<\/td>\n<\/tr>\n<tr>\n<th class=\"pd-table-h1\" colspan=\"2\" scope=\"colgroup\">conex\u00e3o el\u00e9trica<\/th>\n<\/tr>\n<tr>\n<td><\/td>\n<td>bornes de c\u00e2mera dupla : 2 x &#8230;2,5 mm\u00b2; AWG 14<\/td>\n<\/tr>\n<\/tbody>\n<\/table>\n","protected":false},"excerpt":{"rendered":"<p>Caracter\u00edsticas do produto Inv\u00f3lucro Inv\u00f3lucro para montagem de acordo com as normas DIN Dimens\u00f5es [mm] 78 x 45 x 124,7 Campo de aplica\u00e7\u00e3o Aplica\u00e7\u00e3o sistema de avalia\u00e7\u00e3o de pulsos com microprocessador para frequ\u00eancia; rota\u00e7\u00e3o; velocidade; compassos e ciclos da m\u00e1quina Dados el\u00e9tricos Tens\u00e3o nominal AC [V] 110&#8230;240 Tens\u00e3o nominal DC [V] 27 Toler\u00e2ncia da tens\u00e3o [&hellip;]<\/p>\n","protected":false},"featured_media":3323,"template":"","meta":[],"product_brand":[],"product_cat":[353,96,56,79],"product_tag":[58,57],"class_list":{"0":"post-3314","1":"product","2":"type-product","3":"status-publish","4":"has-post-thumbnail","6":"product_cat-ifm","7":"product_cat-cabos","8":"product_cat-sensores","9":"product_cat-acessorios","10":"product_tag-ifm","11":"product_tag-sensor","13":"first","14":"instock","15":"shipping-taxable","16":"product-type-simple"},"yoast_head":"<!-- This site is optimized with the Yoast SEO plugin v26.3 - https:\/\/yoast.com\/wordpress\/plugins\/seo\/ -->\n<title>DD2505-Unidade de avalia\u00e7\u00e3o para monitoramento da velocidade de rota\u00e7\u00e3o-IFM - Loja Motion Up<\/title>\n<meta name=\"robots\" content=\"index, follow, max-snippet:-1, max-image-preview:large, max-video-preview:-1\" \/>\n<link rel=\"canonical\" href=\"https:\/\/motionup.com.br\/site\/produto\/dd2505-unidade-de-avaliacao-para-monitoramento-da-velocidade-de-rotacao-ifm\/\" \/>\n<meta property=\"og:locale\" content=\"pt_BR\" \/>\n<meta property=\"og:type\" content=\"article\" \/>\n<meta property=\"og:title\" content=\"DD2505-Unidade de avalia\u00e7\u00e3o para monitoramento da velocidade de rota\u00e7\u00e3o-IFM - Loja Motion Up\" \/>\n<meta property=\"og:description\" content=\"Caracter\u00edsticas do produto Inv\u00f3lucro Inv\u00f3lucro para montagem de acordo com as normas DIN Dimens\u00f5es [mm] 78 x 45 x 124,7 Campo de aplica\u00e7\u00e3o Aplica\u00e7\u00e3o sistema de avalia\u00e7\u00e3o de pulsos com microprocessador para frequ\u00eancia; rota\u00e7\u00e3o; velocidade; compassos e ciclos da m\u00e1quina Dados el\u00e9tricos Tens\u00e3o nominal AC [V] 110&#8230;240 Tens\u00e3o nominal DC [V] 27 Toler\u00e2ncia da tens\u00e3o [&hellip;]\" \/>\n<meta property=\"og:url\" content=\"https:\/\/motionup.com.br\/site\/produto\/dd2505-unidade-de-avaliacao-para-monitoramento-da-velocidade-de-rotacao-ifm\/\" \/>\n<meta property=\"og:site_name\" content=\"Loja Motion Up\" \/>\n<meta property=\"article:publisher\" content=\"https:\/\/m.facebook.com\/fp3motionup\/about\/\" \/>\n<meta property=\"article:modified_time\" content=\"2021-05-04T11:59:51+00:00\" \/>\n<meta property=\"og:image\" content=\"https:\/\/motionup.com.br\/site\/wp-content\/uploads\/2021\/05\/P_F_E_W_E200_0075_DD2505_01.jpg\" \/>\n\t<meta property=\"og:image:width\" content=\"1200\" \/>\n\t<meta property=\"og:image:height\" content=\"1200\" \/>\n\t<meta property=\"og:image:type\" content=\"image\/jpeg\" \/>\n<meta name=\"twitter:card\" content=\"summary_large_image\" \/>\n<meta name=\"twitter:label1\" content=\"Est. tempo de leitura\" \/>\n\t<meta name=\"twitter:data1\" content=\"1 minuto\" \/>\n<script type=\"application\/ld+json\" class=\"yoast-schema-graph\">{\"@context\":\"https:\/\/schema.org\",\"@graph\":[{\"@type\":\"WebPage\",\"@id\":\"https:\/\/motionup.com.br\/site\/produto\/dd2505-unidade-de-avaliacao-para-monitoramento-da-velocidade-de-rotacao-ifm\/\",\"url\":\"https:\/\/motionup.com.br\/site\/produto\/dd2505-unidade-de-avaliacao-para-monitoramento-da-velocidade-de-rotacao-ifm\/\",\"name\":\"DD2505-Unidade de avalia\u00e7\u00e3o para monitoramento da velocidade de rota\u00e7\u00e3o-IFM - Loja Motion Up\",\"isPartOf\":{\"@id\":\"https:\/\/motionup.com.br\/site\/#website\"},\"primaryImageOfPage\":{\"@id\":\"https:\/\/motionup.com.br\/site\/produto\/dd2505-unidade-de-avaliacao-para-monitoramento-da-velocidade-de-rotacao-ifm\/#primaryimage\"},\"image\":{\"@id\":\"https:\/\/motionup.com.br\/site\/produto\/dd2505-unidade-de-avaliacao-para-monitoramento-da-velocidade-de-rotacao-ifm\/#primaryimage\"},\"thumbnailUrl\":\"https:\/\/motionup.com.br\/site\/wp-content\/uploads\/2021\/05\/P_F_E_W_E200_0075_DD2505_01.jpg\",\"datePublished\":\"2021-05-04T11:43:53+00:00\",\"dateModified\":\"2021-05-04T11:59:51+00:00\",\"breadcrumb\":{\"@id\":\"https:\/\/motionup.com.br\/site\/produto\/dd2505-unidade-de-avaliacao-para-monitoramento-da-velocidade-de-rotacao-ifm\/#breadcrumb\"},\"inLanguage\":\"pt-BR\",\"potentialAction\":[{\"@type\":\"ReadAction\",\"target\":[\"https:\/\/motionup.com.br\/site\/produto\/dd2505-unidade-de-avaliacao-para-monitoramento-da-velocidade-de-rotacao-ifm\/\"]}]},{\"@type\":\"ImageObject\",\"inLanguage\":\"pt-BR\",\"@id\":\"https:\/\/motionup.com.br\/site\/produto\/dd2505-unidade-de-avaliacao-para-monitoramento-da-velocidade-de-rotacao-ifm\/#primaryimage\",\"url\":\"https:\/\/motionup.com.br\/site\/wp-content\/uploads\/2021\/05\/P_F_E_W_E200_0075_DD2505_01.jpg\",\"contentUrl\":\"https:\/\/motionup.com.br\/site\/wp-content\/uploads\/2021\/05\/P_F_E_W_E200_0075_DD2505_01.jpg\",\"width\":1200,\"height\":1200},{\"@type\":\"BreadcrumbList\",\"@id\":\"https:\/\/motionup.com.br\/site\/produto\/dd2505-unidade-de-avaliacao-para-monitoramento-da-velocidade-de-rotacao-ifm\/#breadcrumb\",\"itemListElement\":[{\"@type\":\"ListItem\",\"position\":1,\"name\":\"In\u00edcio\",\"item\":\"https:\/\/motionup.com.br\/site\/\"},{\"@type\":\"ListItem\",\"position\":2,\"name\":\"Produtos\",\"item\":\"https:\/\/motionup.com.br\/site\/produtos\/\"},{\"@type\":\"ListItem\",\"position\":3,\"name\":\"DD2505-Unidade de avalia\u00e7\u00e3o para monitoramento da velocidade de rota\u00e7\u00e3o-IFM\"}]},{\"@type\":\"WebSite\",\"@id\":\"https:\/\/motionup.com.br\/site\/#website\",\"url\":\"https:\/\/motionup.com.br\/site\/\",\"name\":\"Motion Up\",\"description\":\"E-commerce Motion Up - Automa\u00e7\u00e3o Industrial\",\"publisher\":{\"@id\":\"https:\/\/motionup.com.br\/site\/#organization\"},\"potentialAction\":[{\"@type\":\"SearchAction\",\"target\":{\"@type\":\"EntryPoint\",\"urlTemplate\":\"https:\/\/motionup.com.br\/site\/?s={search_term_string}\"},\"query-input\":{\"@type\":\"PropertyValueSpecification\",\"valueRequired\":true,\"valueName\":\"search_term_string\"}}],\"inLanguage\":\"pt-BR\"},{\"@type\":\"Organization\",\"@id\":\"https:\/\/motionup.com.br\/site\/#organization\",\"name\":\"Motion Up\",\"url\":\"https:\/\/motionup.com.br\/site\/\",\"logo\":{\"@type\":\"ImageObject\",\"inLanguage\":\"pt-BR\",\"@id\":\"https:\/\/motionup.com.br\/site\/#\/schema\/logo\/image\/\",\"url\":\"https:\/\/motionup.com.br\/site\/wp-content\/uploads\/2025\/05\/MOTIONUP.png\",\"contentUrl\":\"https:\/\/motionup.com.br\/site\/wp-content\/uploads\/2025\/05\/MOTIONUP.png\",\"width\":1200,\"height\":601,\"caption\":\"Motion Up\"},\"image\":{\"@id\":\"https:\/\/motionup.com.br\/site\/#\/schema\/logo\/image\/\"},\"sameAs\":[\"https:\/\/m.facebook.com\/fp3motionup\/about\/\",\"https:\/\/br.linkedin.com\/company\/fpn-controle-e-automao-industrial-ltda\"]}]}<\/script>\n<!-- \/ Yoast SEO plugin. -->","yoast_head_json":{"title":"DD2505-Unidade de avalia\u00e7\u00e3o para monitoramento da velocidade de rota\u00e7\u00e3o-IFM - Loja Motion Up","robots":{"index":"index","follow":"follow","max-snippet":"max-snippet:-1","max-image-preview":"max-image-preview:large","max-video-preview":"max-video-preview:-1"},"canonical":"https:\/\/motionup.com.br\/site\/produto\/dd2505-unidade-de-avaliacao-para-monitoramento-da-velocidade-de-rotacao-ifm\/","og_locale":"pt_BR","og_type":"article","og_title":"DD2505-Unidade de avalia\u00e7\u00e3o para monitoramento da velocidade de rota\u00e7\u00e3o-IFM - Loja Motion Up","og_description":"Caracter\u00edsticas do produto Inv\u00f3lucro Inv\u00f3lucro para montagem de acordo com as normas DIN Dimens\u00f5es [mm] 78 x 45 x 124,7 Campo de aplica\u00e7\u00e3o Aplica\u00e7\u00e3o sistema de avalia\u00e7\u00e3o de pulsos com microprocessador para frequ\u00eancia; rota\u00e7\u00e3o; velocidade; compassos e ciclos da m\u00e1quina Dados el\u00e9tricos Tens\u00e3o nominal AC [V] 110&#8230;240 Tens\u00e3o nominal DC [V] 27 Toler\u00e2ncia da tens\u00e3o [&hellip;]","og_url":"https:\/\/motionup.com.br\/site\/produto\/dd2505-unidade-de-avaliacao-para-monitoramento-da-velocidade-de-rotacao-ifm\/","og_site_name":"Loja Motion Up","article_publisher":"https:\/\/m.facebook.com\/fp3motionup\/about\/","article_modified_time":"2021-05-04T11:59:51+00:00","og_image":[{"width":1200,"height":1200,"url":"https:\/\/motionup.com.br\/site\/wp-content\/uploads\/2021\/05\/P_F_E_W_E200_0075_DD2505_01.jpg","type":"image\/jpeg"}],"twitter_card":"summary_large_image","twitter_misc":{"Est. tempo de leitura":"1 minuto"},"schema":{"@context":"https:\/\/schema.org","@graph":[{"@type":"WebPage","@id":"https:\/\/motionup.com.br\/site\/produto\/dd2505-unidade-de-avaliacao-para-monitoramento-da-velocidade-de-rotacao-ifm\/","url":"https:\/\/motionup.com.br\/site\/produto\/dd2505-unidade-de-avaliacao-para-monitoramento-da-velocidade-de-rotacao-ifm\/","name":"DD2505-Unidade de avalia\u00e7\u00e3o para monitoramento da velocidade de rota\u00e7\u00e3o-IFM - Loja Motion Up","isPartOf":{"@id":"https:\/\/motionup.com.br\/site\/#website"},"primaryImageOfPage":{"@id":"https:\/\/motionup.com.br\/site\/produto\/dd2505-unidade-de-avaliacao-para-monitoramento-da-velocidade-de-rotacao-ifm\/#primaryimage"},"image":{"@id":"https:\/\/motionup.com.br\/site\/produto\/dd2505-unidade-de-avaliacao-para-monitoramento-da-velocidade-de-rotacao-ifm\/#primaryimage"},"thumbnailUrl":"https:\/\/motionup.com.br\/site\/wp-content\/uploads\/2021\/05\/P_F_E_W_E200_0075_DD2505_01.jpg","datePublished":"2021-05-04T11:43:53+00:00","dateModified":"2021-05-04T11:59:51+00:00","breadcrumb":{"@id":"https:\/\/motionup.com.br\/site\/produto\/dd2505-unidade-de-avaliacao-para-monitoramento-da-velocidade-de-rotacao-ifm\/#breadcrumb"},"inLanguage":"pt-BR","potentialAction":[{"@type":"ReadAction","target":["https:\/\/motionup.com.br\/site\/produto\/dd2505-unidade-de-avaliacao-para-monitoramento-da-velocidade-de-rotacao-ifm\/"]}]},{"@type":"ImageObject","inLanguage":"pt-BR","@id":"https:\/\/motionup.com.br\/site\/produto\/dd2505-unidade-de-avaliacao-para-monitoramento-da-velocidade-de-rotacao-ifm\/#primaryimage","url":"https:\/\/motionup.com.br\/site\/wp-content\/uploads\/2021\/05\/P_F_E_W_E200_0075_DD2505_01.jpg","contentUrl":"https:\/\/motionup.com.br\/site\/wp-content\/uploads\/2021\/05\/P_F_E_W_E200_0075_DD2505_01.jpg","width":1200,"height":1200},{"@type":"BreadcrumbList","@id":"https:\/\/motionup.com.br\/site\/produto\/dd2505-unidade-de-avaliacao-para-monitoramento-da-velocidade-de-rotacao-ifm\/#breadcrumb","itemListElement":[{"@type":"ListItem","position":1,"name":"In\u00edcio","item":"https:\/\/motionup.com.br\/site\/"},{"@type":"ListItem","position":2,"name":"Produtos","item":"https:\/\/motionup.com.br\/site\/produtos\/"},{"@type":"ListItem","position":3,"name":"DD2505-Unidade de avalia\u00e7\u00e3o para monitoramento da velocidade de rota\u00e7\u00e3o-IFM"}]},{"@type":"WebSite","@id":"https:\/\/motionup.com.br\/site\/#website","url":"https:\/\/motionup.com.br\/site\/","name":"Motion Up","description":"E-commerce Motion Up - Automa\u00e7\u00e3o Industrial","publisher":{"@id":"https:\/\/motionup.com.br\/site\/#organization"},"potentialAction":[{"@type":"SearchAction","target":{"@type":"EntryPoint","urlTemplate":"https:\/\/motionup.com.br\/site\/?s={search_term_string}"},"query-input":{"@type":"PropertyValueSpecification","valueRequired":true,"valueName":"search_term_string"}}],"inLanguage":"pt-BR"},{"@type":"Organization","@id":"https:\/\/motionup.com.br\/site\/#organization","name":"Motion Up","url":"https:\/\/motionup.com.br\/site\/","logo":{"@type":"ImageObject","inLanguage":"pt-BR","@id":"https:\/\/motionup.com.br\/site\/#\/schema\/logo\/image\/","url":"https:\/\/motionup.com.br\/site\/wp-content\/uploads\/2025\/05\/MOTIONUP.png","contentUrl":"https:\/\/motionup.com.br\/site\/wp-content\/uploads\/2025\/05\/MOTIONUP.png","width":1200,"height":601,"caption":"Motion Up"},"image":{"@id":"https:\/\/motionup.com.br\/site\/#\/schema\/logo\/image\/"},"sameAs":["https:\/\/m.facebook.com\/fp3motionup\/about\/","https:\/\/br.linkedin.com\/company\/fpn-controle-e-automao-industrial-ltda"]}]}},"_links":{"self":[{"href":"https:\/\/motionup.com.br\/site\/wp-json\/wp\/v2\/product\/3314","targetHints":{"allow":["GET"]}}],"collection":[{"href":"https:\/\/motionup.com.br\/site\/wp-json\/wp\/v2\/product"}],"about":[{"href":"https:\/\/motionup.com.br\/site\/wp-json\/wp\/v2\/types\/product"}],"wp:featuredmedia":[{"embeddable":true,"href":"https:\/\/motionup.com.br\/site\/wp-json\/wp\/v2\/media\/3323"}],"wp:attachment":[{"href":"https:\/\/motionup.com.br\/site\/wp-json\/wp\/v2\/media?parent=3314"}],"wp:term":[{"taxonomy":"product_brand","embeddable":true,"href":"https:\/\/motionup.com.br\/site\/wp-json\/wp\/v2\/product_brand?post=3314"},{"taxonomy":"product_cat","embeddable":true,"href":"https:\/\/motionup.com.br\/site\/wp-json\/wp\/v2\/product_cat?post=3314"},{"taxonomy":"product_tag","embeddable":true,"href":"https:\/\/motionup.com.br\/site\/wp-json\/wp\/v2\/product_tag?post=3314"}],"curies":[{"name":"wp","href":"https:\/\/api.w.org\/{rel}","templated":true}]}}