{"id":3365,"date":"2021-05-11T08:37:40","date_gmt":"2021-05-11T11:37:40","guid":{"rendered":"https:\/\/motionup.com.br\/site\/?post_type=product&#038;p=3365"},"modified":"2021-05-11T08:42:21","modified_gmt":"2021-05-11T11:42:21","slug":"gg505s-sensor-indutivo-de-seguranca-ifm","status":"publish","type":"product","link":"https:\/\/motionup.com.br\/site\/produto\/gg505s-sensor-indutivo-de-seguranca-ifm\/","title":{"rendered":"GG505S-Sensor indutivo de seguran\u00e7a-IFM"},"content":{"rendered":"<table class=\"pd-table\">\n<tbody>\n<tr>\n<th class=\"pd-table-h1\" colspan=\"2\" scope=\"colgroup\">Caracter\u00edsticas do produto<\/th>\n<\/tr>\n<tr>\n<td>Sa\u00edda<\/td>\n<td>Sinal de tempo<\/td>\n<\/tr>\n<tr>\n<td>Range [mm]<\/td>\n<td>3&#8230;6<\/td>\n<\/tr>\n<tr>\n<td>Inv\u00f3lucro<\/td>\n<td>forma construtiva de roscas<\/td>\n<\/tr>\n<tr>\n<td>Dimens\u00f5es [mm]<\/td>\n<td>M18 x 1 \/ L = 90<\/td>\n<\/tr>\n<tr>\n<th class=\"pd-table-h1\" colspan=\"2\" scope=\"colgroup\">Campo de aplica\u00e7\u00e3o<\/th>\n<\/tr>\n<tr>\n<td>Caracter\u00edstica especial<\/td>\n<td>Contatos banhados a ouro<\/td>\n<\/tr>\n<tr>\n<td>Modo de opera\u00e7\u00e3o<\/td>\n<td>Opera\u00e7\u00e3o cont\u00ednua (livre de manuten\u00e7\u00e3o)<\/td>\n<\/tr>\n<tr>\n<td>Fun\u00e7\u00e3o relativa \u00e0 seguran\u00e7a<\/td>\n<td>Condi\u00e7\u00e3o segura quando n\u00e3o amortecido<\/td>\n<\/tr>\n<tr>\n<td>Aplica\u00e7\u00e3o<\/td>\n<td>Aplica\u00e7\u00f5es industriais<\/td>\n<\/tr>\n<tr>\n<th class=\"pd-table-h1\" colspan=\"2\" scope=\"colgroup\">Dados el\u00e9tricos<\/th>\n<\/tr>\n<tr>\n<td>Tens\u00e3o de opera\u00e7\u00e3o [V]<\/td>\n<td>19,2&#8230;30 DC<\/td>\n<\/tr>\n<tr>\n<td>Consumo de corrente [mA]<\/td>\n<td>&lt; 15<\/td>\n<\/tr>\n<tr>\n<td>Classe de prote\u00e7\u00e3o<\/td>\n<td>III<\/td>\n<\/tr>\n<tr>\n<td>Prote\u00e7\u00e3o contra invers\u00e3o de polaridade<\/td>\n<td>sim<\/td>\n<\/tr>\n<tr>\n<td>Tempo de atraso de disponibilidade m\u00e1x. [ms]<\/td>\n<td>5000<\/td>\n<\/tr>\n<tr>\n<th class=\"pd-table-h1\" colspan=\"2\" scope=\"colgroup\">Entradas<\/th>\n<\/tr>\n<tr>\n<td>M\u00e1x. capacit\u00e2ncia de entrada Ci_max [nF]<\/td>\n<td>2<\/td>\n<\/tr>\n<tr>\n<th class=\"pd-table-h1\" colspan=\"2\" scope=\"colgroup\">Sa\u00eddas<\/th>\n<\/tr>\n<tr>\n<td>Sa\u00edda<\/td>\n<td>Sinal de tempo<\/td>\n<\/tr>\n<tr>\n<td>Dados de sa\u00edda<\/td>\n<td>interface tipo B<\/td>\n<\/tr>\n<tr>\n<td>Prote\u00e7\u00e3o contra curto-circuitos<\/td>\n<td>sim<\/td>\n<\/tr>\n<tr>\n<td>Carga capacitiva m\u00e1x. CL_max [nF]<\/td>\n<td>20<\/td>\n<\/tr>\n<tr>\n<th class=\"pd-table-h1\" colspan=\"2\" scope=\"colgroup\">Faixa de registro<\/th>\n<\/tr>\n<tr>\n<td>Range [mm]<\/td>\n<td>3&#8230;6<\/td>\n<\/tr>\n<tr>\n<td>Dist\u00e2ncia de desconex\u00e3o segura s(ar) [mm]<\/td>\n<td>15<\/td>\n<\/tr>\n<tr>\n<th class=\"pd-table-h1\" colspan=\"2\" scope=\"colgroup\">Tempos de rea\u00e7\u00e3o<\/th>\n<\/tr>\n<tr>\n<td>Tempo de resposta ap\u00f3s requisito de seguran\u00e7a [ms]<\/td>\n<td>20<\/td>\n<\/tr>\n<tr>\n<td>Tempo de rea\u00e7\u00e3o na aproxima\u00e7\u00e3o na zona de libera\u00e7\u00e3o [ms]<\/td>\n<td>200; (t\u00edpico 100)<\/td>\n<\/tr>\n<tr>\n<th class=\"pd-table-h1\" colspan=\"2\" scope=\"colgroup\">Condi\u00e7\u00f5es ambientais<\/th>\n<\/tr>\n<tr>\n<td>Aplica\u00e7\u00f5es<\/td>\n<td>Classe C conforme EN 60654-1 Local de aplica\u00e7\u00e3o \u00e0 prova de tempo<\/td>\n<\/tr>\n<tr>\n<td>Temperatura ambiente [\u00b0C]<\/td>\n<td>-25&#8230;70<\/td>\n<\/tr>\n<tr>\n<td>Aviso sobre a temperatura do ambiente<\/td>\n<td>\n<table>\n<colgroup class=\"pd-table-cols-1\">\n<col class=\"pd-table-col-1\" \/><\/colgroup>\n<tbody>\n<tr>\n<td>vida \u00fatil \u2264 87600 h<\/td>\n<\/tr>\n<\/tbody>\n<\/table>\n<\/td>\n<\/tr>\n<tr>\n<td>Temperatura ambiente [\u00b0C]<\/td>\n<td>10&#8230;40<\/td>\n<\/tr>\n<tr>\n<td>Aviso sobre a temperatura do ambiente<\/td>\n<td>\n<table>\n<colgroup class=\"pd-table-cols-1\">\n<col class=\"pd-table-col-1\" \/><\/colgroup>\n<tbody>\n<tr>\n<td>vida \u00fatil \u2264 175200 h<\/td>\n<\/tr>\n<\/tbody>\n<\/table>\n<\/td>\n<\/tr>\n<tr>\n<td>Taxa de altera\u00e7\u00e3o de temperatura [K\/min]<\/td>\n<td>0,5<\/td>\n<\/tr>\n<tr>\n<td>Umidade relativa do ar m\u00e1x. [%]<\/td>\n<td>para curto per\u00edodo: 5&#8230;95 %; duradouro: 5&#8230;70 %<\/td>\n<\/tr>\n<tr>\n<td>Press\u00e3o do ar [kPa]<\/td>\n<td>80&#8230;106<\/td>\n<\/tr>\n<tr>\n<td>Radia\u00e7\u00e3o ionizante<\/td>\n<td>n\u00e3o permiss\u00edvel<\/td>\n<\/tr>\n<tr>\n<td>Nevoeiro salino<\/td>\n<td>n\u00e3o<\/td>\n<\/tr>\n<tr>\n<td>Prote\u00e7\u00e3o<\/td>\n<td>IP 68; IP 69K; (conforme EN 60529)<\/td>\n<\/tr>\n<tr>\n<th class=\"pd-table-h1\" colspan=\"2\" scope=\"colgroup\">Certifica\u00e7\u00f5es \/ testes<\/th>\n<\/tr>\n<tr>\n<td>EMC<\/td>\n<td>\n<table>\n<colgroup class=\"pd-table-cols-2\">\n<col class=\"pd-table-col-1\" \/>\n<col class=\"pd-table-col-2\" \/><\/colgroup>\n<tbody>\n<tr>\n<td>IEC 60947-5-2<\/td>\n<td><\/td>\n<\/tr>\n<tr>\n<td>IEC 60947-5-3<\/td>\n<td><\/td>\n<\/tr>\n<tr>\n<td>EN 61000-4-2 ESD<\/td>\n<td>6 kV CD \/ 8 kV AD<\/td>\n<\/tr>\n<tr>\n<td>EN 61000-4-3 HF irradiado<\/td>\n<td>20 V\/m<\/td>\n<\/tr>\n<tr>\n<td>EN 61000-4-4 Burst<\/td>\n<td>2 kV<\/td>\n<\/tr>\n<tr>\n<td>EN 61000-4-6 AF com fio<\/td>\n<td>10 V<\/td>\n<\/tr>\n<tr>\n<td>EN 61000-4-8<\/td>\n<td>30 A\/m<\/td>\n<\/tr>\n<tr>\n<td>EN 55011<\/td>\n<td>classe B<\/td>\n<\/tr>\n<\/tbody>\n<\/table>\n<\/td>\n<\/tr>\n<tr>\n<td>Resist\u00eancia a choques<\/td>\n<td>\n<table>\n<colgroup class=\"pd-table-cols-2\">\n<col class=\"pd-table-col-1\" \/>\n<col class=\"pd-table-col-2\" \/><\/colgroup>\n<tbody>\n<tr>\n<td>IEC 60947-5-2<\/td>\n<td><\/td>\n<\/tr>\n<\/tbody>\n<\/table>\n<\/td>\n<\/tr>\n<tr>\n<td>Resist\u00eancia \u00e0 vibra\u00e7\u00f5es<\/td>\n<td>\n<table>\n<colgroup class=\"pd-table-cols-2\">\n<col class=\"pd-table-col-1\" \/>\n<col class=\"pd-table-col-2\" \/><\/colgroup>\n<tbody>\n<tr>\n<td>IEC 60947-5-2<\/td>\n<td><\/td>\n<\/tr>\n<\/tbody>\n<\/table>\n<\/td>\n<\/tr>\n<tr>\n<td>Certificado UL<\/td>\n<td>\n<table>\n<colgroup class=\"pd-table-cols-2\">\n<col class=\"pd-table-col-1\" \/>\n<col class=\"pd-table-col-2\" \/><\/colgroup>\n<tbody>\n<tr>\n<td>Ta<\/td>\n<td>-25&#8230;70 \u00b0C<\/td>\n<\/tr>\n<tr>\n<td>Enclosure type<\/td>\n<td>Type 1<\/td>\n<\/tr>\n<tr>\n<td>Fontes de alimenta\u00e7\u00e3o<\/td>\n<td>Limited Voltage\/Current<\/td>\n<\/tr>\n<tr>\n<td>N\u00famero do arquivo UL<\/td>\n<td>E174191<\/td>\n<\/tr>\n<\/tbody>\n<\/table>\n<\/td>\n<\/tr>\n<tr>\n<th class=\"pd-table-h1\" colspan=\"2\" scope=\"colgroup\">Classifica\u00e7\u00e3o de seguran\u00e7a<\/th>\n<\/tr>\n<tr>\n<td>ISO 13849-1<\/td>\n<td>categoria 3, PL e<\/td>\n<\/tr>\n<tr>\n<td>IEC 61508<\/td>\n<td>SIL 3<\/td>\n<\/tr>\n<tr>\n<td>Vida \u00fatil TM (Mission Time) [h]<\/td>\n<td>\u2264 175200<\/td>\n<\/tr>\n<tr>\n<td>Vida \u00fatil TM (especifica\u00e7\u00f5es adicionais)<\/td>\n<td>\n<table>\n<colgroup class=\"pd-table-cols-1\">\n<col class=\"pd-table-col-1\" \/><\/colgroup>\n<tbody>\n<tr>\n<td>20 anos<\/td>\n<\/tr>\n<\/tbody>\n<\/table>\n<\/td>\n<\/tr>\n<tr>\n<td>Confiabilidade relativa \u00e0 seguran\u00e7a PFHD [1\/h]<\/td>\n<td>1E-08<\/td>\n<\/tr>\n<tr>\n<th class=\"pd-table-h1\" colspan=\"2\" scope=\"colgroup\">Dados mec\u00e2nicos<\/th>\n<\/tr>\n<tr>\n<td>Peso [g]<\/td>\n<td>190<\/td>\n<\/tr>\n<tr>\n<td>Inv\u00f3lucro<\/td>\n<td>forma construtiva de roscas<\/td>\n<\/tr>\n<tr>\n<td>Montagem<\/td>\n<td>n\u00e3o embutido<\/td>\n<\/tr>\n<tr>\n<td>Dimens\u00f5es [mm]<\/td>\n<td>M18 x 1 \/ L = 90<\/td>\n<\/tr>\n<tr>\n<td>Designa\u00e7\u00e3o da rosca<\/td>\n<td>M18 x 1<\/td>\n<\/tr>\n<tr>\n<td>Materiais<\/td>\n<td>A\u00e7o inoxid\u00e1vel; PBT<\/td>\n<\/tr>\n<tr>\n<th class=\"pd-table-h1\" colspan=\"2\" scope=\"colgroup\">Displays \/ elementos de opera\u00e7\u00e3o<\/th>\n<\/tr>\n<tr>\n<td>Display<\/td>\n<td>\n<table>\n<colgroup class=\"pd-table-cols-2\">\n<col class=\"pd-table-col-1\" \/>\n<col class=\"pd-table-col-2\" \/><\/colgroup>\n<tbody>\n<tr>\n<td>em opera\u00e7\u00e3o<\/td>\n<td>1 x LED, verde<\/td>\n<\/tr>\n<tr>\n<td>sinal<\/td>\n<td>1 x LED, amarelo<\/td>\n<\/tr>\n<\/tbody>\n<\/table>\n<\/td>\n<\/tr>\n<tr>\n<th class=\"pd-table-h1\" colspan=\"2\" scope=\"colgroup\">Acess\u00f3rios<\/th>\n<\/tr>\n<tr>\n<td>Material inclu\u00eddo<\/td>\n<td>\n<table>\n<colgroup class=\"pd-table-cols-1\">\n<col class=\"pd-table-col-1\" \/><\/colgroup>\n<tbody>\n<tr>\n<td>porcas de fixa\u00e7\u00e3o: 2<\/td>\n<\/tr>\n<\/tbody>\n<\/table>\n<\/td>\n<\/tr>\n<tr>\n<th class=\"pd-table-h1\" colspan=\"2\" scope=\"colgroup\">Notas<\/th>\n<\/tr>\n<tr>\n<td>Notas<\/td>\n<td>\n<table>\n<colgroup class=\"pd-table-cols-1\">\n<col class=\"pd-table-col-1\" \/><\/colgroup>\n<tbody>\n<tr>\n<td>Salvo especifica\u00e7\u00e3o em contr\u00e1rio, todos os dados na \u00e1rea de temperatura total se referem a uma placa de medi\u00e7\u00e3o de refer\u00eancia conforme a IEC 60947-5-2<\/td>\n<\/tr>\n<tr>\n<td>(FE360 = ST37K) 24x24x1 mm<\/td>\n<\/tr>\n<\/tbody>\n<\/table>\n<\/td>\n<\/tr>\n<tr>\n<td>Quantidade<\/td>\n<td>1 pe\u00e7a<\/td>\n<\/tr>\n<tr>\n<th class=\"pd-table-h1\" colspan=\"2\" scope=\"colgroup\">conex\u00e3o el\u00e9trica &#8211; conector<\/th>\n<\/tr>\n<tr>\n<td>Conex\u00e3o<\/td>\n<td>Conex\u00e3o: 1 x M12; Contatos: dourado<\/td>\n<\/tr>\n<\/tbody>\n<\/table>\n","protected":false},"excerpt":{"rendered":"<p>Caracter\u00edsticas do produto Sa\u00edda Sinal de tempo Range [mm] 3&#8230;6 Inv\u00f3lucro forma construtiva de roscas Dimens\u00f5es [mm] M18 x 1 \/ L = 90 Campo de aplica\u00e7\u00e3o Caracter\u00edstica especial Contatos banhados a ouro Modo de opera\u00e7\u00e3o Opera\u00e7\u00e3o cont\u00ednua (livre de manuten\u00e7\u00e3o) Fun\u00e7\u00e3o relativa \u00e0 seguran\u00e7a Condi\u00e7\u00e3o segura quando n\u00e3o amortecido Aplica\u00e7\u00e3o Aplica\u00e7\u00f5es industriais Dados el\u00e9tricos [&hellip;]<\/p>\n","protected":false},"featured_media":3366,"template":"","meta":[],"product_brand":[],"product_cat":[353,96,56],"product_tag":[58,57],"class_list":{"0":"post-3365","1":"product","2":"type-product","3":"status-publish","4":"has-post-thumbnail","6":"product_cat-ifm","7":"product_cat-cabos","8":"product_cat-sensores","9":"product_tag-ifm","10":"product_tag-sensor","12":"first","13":"instock","14":"shipping-taxable","15":"product-type-simple"},"yoast_head":"<!-- This site is optimized with the Yoast SEO plugin v26.3 - https:\/\/yoast.com\/wordpress\/plugins\/seo\/ -->\n<title>GG505S-Sensor indutivo de seguran\u00e7a-IFM - Loja Motion Up<\/title>\n<meta name=\"robots\" content=\"index, follow, max-snippet:-1, max-image-preview:large, max-video-preview:-1\" \/>\n<link rel=\"canonical\" href=\"https:\/\/motionup.com.br\/site\/produto\/gg505s-sensor-indutivo-de-seguranca-ifm\/\" \/>\n<meta property=\"og:locale\" content=\"pt_BR\" \/>\n<meta property=\"og:type\" content=\"article\" \/>\n<meta property=\"og:title\" content=\"GG505S-Sensor indutivo de seguran\u00e7a-IFM - Loja Motion Up\" \/>\n<meta property=\"og:description\" content=\"Caracter\u00edsticas do produto Sa\u00edda Sinal de tempo Range [mm] 3&#8230;6 Inv\u00f3lucro forma construtiva de roscas Dimens\u00f5es [mm] M18 x 1 \/ L = 90 Campo de aplica\u00e7\u00e3o Caracter\u00edstica especial Contatos banhados a ouro Modo de opera\u00e7\u00e3o Opera\u00e7\u00e3o cont\u00ednua (livre de manuten\u00e7\u00e3o) Fun\u00e7\u00e3o relativa \u00e0 seguran\u00e7a Condi\u00e7\u00e3o segura quando n\u00e3o amortecido Aplica\u00e7\u00e3o Aplica\u00e7\u00f5es industriais Dados el\u00e9tricos [&hellip;]\" \/>\n<meta property=\"og:url\" content=\"https:\/\/motionup.com.br\/site\/produto\/gg505s-sensor-indutivo-de-seguranca-ifm\/\" \/>\n<meta property=\"og:site_name\" content=\"Loja Motion Up\" \/>\n<meta property=\"article:publisher\" content=\"https:\/\/m.facebook.com\/fp3motionup\/about\/\" \/>\n<meta property=\"article:modified_time\" content=\"2021-05-11T11:42:21+00:00\" \/>\n<meta property=\"og:image\" content=\"https:\/\/motionup.com.br\/site\/wp-content\/uploads\/2021\/05\/P_F_E_W_100_0123_GG505S_01.jpg\" \/>\n\t<meta property=\"og:image:width\" content=\"1200\" \/>\n\t<meta property=\"og:image:height\" content=\"1200\" \/>\n\t<meta property=\"og:image:type\" content=\"image\/jpeg\" \/>\n<meta name=\"twitter:card\" content=\"summary_large_image\" \/>\n<meta name=\"twitter:label1\" content=\"Est. tempo de leitura\" \/>\n\t<meta name=\"twitter:data1\" content=\"2 minutos\" \/>\n<script type=\"application\/ld+json\" class=\"yoast-schema-graph\">{\"@context\":\"https:\/\/schema.org\",\"@graph\":[{\"@type\":\"WebPage\",\"@id\":\"https:\/\/motionup.com.br\/site\/produto\/gg505s-sensor-indutivo-de-seguranca-ifm\/\",\"url\":\"https:\/\/motionup.com.br\/site\/produto\/gg505s-sensor-indutivo-de-seguranca-ifm\/\",\"name\":\"GG505S-Sensor indutivo de seguran\u00e7a-IFM - Loja Motion Up\",\"isPartOf\":{\"@id\":\"https:\/\/motionup.com.br\/site\/#website\"},\"primaryImageOfPage\":{\"@id\":\"https:\/\/motionup.com.br\/site\/produto\/gg505s-sensor-indutivo-de-seguranca-ifm\/#primaryimage\"},\"image\":{\"@id\":\"https:\/\/motionup.com.br\/site\/produto\/gg505s-sensor-indutivo-de-seguranca-ifm\/#primaryimage\"},\"thumbnailUrl\":\"https:\/\/motionup.com.br\/site\/wp-content\/uploads\/2021\/05\/P_F_E_W_100_0123_GG505S_01.jpg\",\"datePublished\":\"2021-05-11T11:37:40+00:00\",\"dateModified\":\"2021-05-11T11:42:21+00:00\",\"breadcrumb\":{\"@id\":\"https:\/\/motionup.com.br\/site\/produto\/gg505s-sensor-indutivo-de-seguranca-ifm\/#breadcrumb\"},\"inLanguage\":\"pt-BR\",\"potentialAction\":[{\"@type\":\"ReadAction\",\"target\":[\"https:\/\/motionup.com.br\/site\/produto\/gg505s-sensor-indutivo-de-seguranca-ifm\/\"]}]},{\"@type\":\"ImageObject\",\"inLanguage\":\"pt-BR\",\"@id\":\"https:\/\/motionup.com.br\/site\/produto\/gg505s-sensor-indutivo-de-seguranca-ifm\/#primaryimage\",\"url\":\"https:\/\/motionup.com.br\/site\/wp-content\/uploads\/2021\/05\/P_F_E_W_100_0123_GG505S_01.jpg\",\"contentUrl\":\"https:\/\/motionup.com.br\/site\/wp-content\/uploads\/2021\/05\/P_F_E_W_100_0123_GG505S_01.jpg\",\"width\":1200,\"height\":1200},{\"@type\":\"BreadcrumbList\",\"@id\":\"https:\/\/motionup.com.br\/site\/produto\/gg505s-sensor-indutivo-de-seguranca-ifm\/#breadcrumb\",\"itemListElement\":[{\"@type\":\"ListItem\",\"position\":1,\"name\":\"In\u00edcio\",\"item\":\"https:\/\/motionup.com.br\/site\/\"},{\"@type\":\"ListItem\",\"position\":2,\"name\":\"Produtos\",\"item\":\"https:\/\/motionup.com.br\/site\/produtos\/\"},{\"@type\":\"ListItem\",\"position\":3,\"name\":\"GG505S-Sensor indutivo de seguran\u00e7a-IFM\"}]},{\"@type\":\"WebSite\",\"@id\":\"https:\/\/motionup.com.br\/site\/#website\",\"url\":\"https:\/\/motionup.com.br\/site\/\",\"name\":\"Motion Up\",\"description\":\"E-commerce Motion Up - Automa\u00e7\u00e3o Industrial\",\"publisher\":{\"@id\":\"https:\/\/motionup.com.br\/site\/#organization\"},\"potentialAction\":[{\"@type\":\"SearchAction\",\"target\":{\"@type\":\"EntryPoint\",\"urlTemplate\":\"https:\/\/motionup.com.br\/site\/?s={search_term_string}\"},\"query-input\":{\"@type\":\"PropertyValueSpecification\",\"valueRequired\":true,\"valueName\":\"search_term_string\"}}],\"inLanguage\":\"pt-BR\"},{\"@type\":\"Organization\",\"@id\":\"https:\/\/motionup.com.br\/site\/#organization\",\"name\":\"Motion Up\",\"url\":\"https:\/\/motionup.com.br\/site\/\",\"logo\":{\"@type\":\"ImageObject\",\"inLanguage\":\"pt-BR\",\"@id\":\"https:\/\/motionup.com.br\/site\/#\/schema\/logo\/image\/\",\"url\":\"https:\/\/motionup.com.br\/site\/wp-content\/uploads\/2025\/05\/MOTIONUP.png\",\"contentUrl\":\"https:\/\/motionup.com.br\/site\/wp-content\/uploads\/2025\/05\/MOTIONUP.png\",\"width\":1200,\"height\":601,\"caption\":\"Motion Up\"},\"image\":{\"@id\":\"https:\/\/motionup.com.br\/site\/#\/schema\/logo\/image\/\"},\"sameAs\":[\"https:\/\/m.facebook.com\/fp3motionup\/about\/\",\"https:\/\/br.linkedin.com\/company\/fpn-controle-e-automao-industrial-ltda\"]}]}<\/script>\n<!-- \/ Yoast SEO plugin. -->","yoast_head_json":{"title":"GG505S-Sensor indutivo de seguran\u00e7a-IFM - Loja Motion Up","robots":{"index":"index","follow":"follow","max-snippet":"max-snippet:-1","max-image-preview":"max-image-preview:large","max-video-preview":"max-video-preview:-1"},"canonical":"https:\/\/motionup.com.br\/site\/produto\/gg505s-sensor-indutivo-de-seguranca-ifm\/","og_locale":"pt_BR","og_type":"article","og_title":"GG505S-Sensor indutivo de seguran\u00e7a-IFM - Loja Motion Up","og_description":"Caracter\u00edsticas do produto Sa\u00edda Sinal de tempo Range [mm] 3&#8230;6 Inv\u00f3lucro forma construtiva de roscas Dimens\u00f5es [mm] M18 x 1 \/ L = 90 Campo de aplica\u00e7\u00e3o Caracter\u00edstica especial Contatos banhados a ouro Modo de opera\u00e7\u00e3o Opera\u00e7\u00e3o cont\u00ednua (livre de manuten\u00e7\u00e3o) Fun\u00e7\u00e3o relativa \u00e0 seguran\u00e7a Condi\u00e7\u00e3o segura quando n\u00e3o amortecido Aplica\u00e7\u00e3o Aplica\u00e7\u00f5es industriais Dados el\u00e9tricos [&hellip;]","og_url":"https:\/\/motionup.com.br\/site\/produto\/gg505s-sensor-indutivo-de-seguranca-ifm\/","og_site_name":"Loja Motion Up","article_publisher":"https:\/\/m.facebook.com\/fp3motionup\/about\/","article_modified_time":"2021-05-11T11:42:21+00:00","og_image":[{"width":1200,"height":1200,"url":"https:\/\/motionup.com.br\/site\/wp-content\/uploads\/2021\/05\/P_F_E_W_100_0123_GG505S_01.jpg","type":"image\/jpeg"}],"twitter_card":"summary_large_image","twitter_misc":{"Est. tempo de leitura":"2 minutos"},"schema":{"@context":"https:\/\/schema.org","@graph":[{"@type":"WebPage","@id":"https:\/\/motionup.com.br\/site\/produto\/gg505s-sensor-indutivo-de-seguranca-ifm\/","url":"https:\/\/motionup.com.br\/site\/produto\/gg505s-sensor-indutivo-de-seguranca-ifm\/","name":"GG505S-Sensor indutivo de seguran\u00e7a-IFM - Loja Motion Up","isPartOf":{"@id":"https:\/\/motionup.com.br\/site\/#website"},"primaryImageOfPage":{"@id":"https:\/\/motionup.com.br\/site\/produto\/gg505s-sensor-indutivo-de-seguranca-ifm\/#primaryimage"},"image":{"@id":"https:\/\/motionup.com.br\/site\/produto\/gg505s-sensor-indutivo-de-seguranca-ifm\/#primaryimage"},"thumbnailUrl":"https:\/\/motionup.com.br\/site\/wp-content\/uploads\/2021\/05\/P_F_E_W_100_0123_GG505S_01.jpg","datePublished":"2021-05-11T11:37:40+00:00","dateModified":"2021-05-11T11:42:21+00:00","breadcrumb":{"@id":"https:\/\/motionup.com.br\/site\/produto\/gg505s-sensor-indutivo-de-seguranca-ifm\/#breadcrumb"},"inLanguage":"pt-BR","potentialAction":[{"@type":"ReadAction","target":["https:\/\/motionup.com.br\/site\/produto\/gg505s-sensor-indutivo-de-seguranca-ifm\/"]}]},{"@type":"ImageObject","inLanguage":"pt-BR","@id":"https:\/\/motionup.com.br\/site\/produto\/gg505s-sensor-indutivo-de-seguranca-ifm\/#primaryimage","url":"https:\/\/motionup.com.br\/site\/wp-content\/uploads\/2021\/05\/P_F_E_W_100_0123_GG505S_01.jpg","contentUrl":"https:\/\/motionup.com.br\/site\/wp-content\/uploads\/2021\/05\/P_F_E_W_100_0123_GG505S_01.jpg","width":1200,"height":1200},{"@type":"BreadcrumbList","@id":"https:\/\/motionup.com.br\/site\/produto\/gg505s-sensor-indutivo-de-seguranca-ifm\/#breadcrumb","itemListElement":[{"@type":"ListItem","position":1,"name":"In\u00edcio","item":"https:\/\/motionup.com.br\/site\/"},{"@type":"ListItem","position":2,"name":"Produtos","item":"https:\/\/motionup.com.br\/site\/produtos\/"},{"@type":"ListItem","position":3,"name":"GG505S-Sensor indutivo de seguran\u00e7a-IFM"}]},{"@type":"WebSite","@id":"https:\/\/motionup.com.br\/site\/#website","url":"https:\/\/motionup.com.br\/site\/","name":"Motion Up","description":"E-commerce Motion Up - Automa\u00e7\u00e3o Industrial","publisher":{"@id":"https:\/\/motionup.com.br\/site\/#organization"},"potentialAction":[{"@type":"SearchAction","target":{"@type":"EntryPoint","urlTemplate":"https:\/\/motionup.com.br\/site\/?s={search_term_string}"},"query-input":{"@type":"PropertyValueSpecification","valueRequired":true,"valueName":"search_term_string"}}],"inLanguage":"pt-BR"},{"@type":"Organization","@id":"https:\/\/motionup.com.br\/site\/#organization","name":"Motion Up","url":"https:\/\/motionup.com.br\/site\/","logo":{"@type":"ImageObject","inLanguage":"pt-BR","@id":"https:\/\/motionup.com.br\/site\/#\/schema\/logo\/image\/","url":"https:\/\/motionup.com.br\/site\/wp-content\/uploads\/2025\/05\/MOTIONUP.png","contentUrl":"https:\/\/motionup.com.br\/site\/wp-content\/uploads\/2025\/05\/MOTIONUP.png","width":1200,"height":601,"caption":"Motion Up"},"image":{"@id":"https:\/\/motionup.com.br\/site\/#\/schema\/logo\/image\/"},"sameAs":["https:\/\/m.facebook.com\/fp3motionup\/about\/","https:\/\/br.linkedin.com\/company\/fpn-controle-e-automao-industrial-ltda"]}]}},"_links":{"self":[{"href":"https:\/\/motionup.com.br\/site\/wp-json\/wp\/v2\/product\/3365","targetHints":{"allow":["GET"]}}],"collection":[{"href":"https:\/\/motionup.com.br\/site\/wp-json\/wp\/v2\/product"}],"about":[{"href":"https:\/\/motionup.com.br\/site\/wp-json\/wp\/v2\/types\/product"}],"wp:featuredmedia":[{"embeddable":true,"href":"https:\/\/motionup.com.br\/site\/wp-json\/wp\/v2\/media\/3366"}],"wp:attachment":[{"href":"https:\/\/motionup.com.br\/site\/wp-json\/wp\/v2\/media?parent=3365"}],"wp:term":[{"taxonomy":"product_brand","embeddable":true,"href":"https:\/\/motionup.com.br\/site\/wp-json\/wp\/v2\/product_brand?post=3365"},{"taxonomy":"product_cat","embeddable":true,"href":"https:\/\/motionup.com.br\/site\/wp-json\/wp\/v2\/product_cat?post=3365"},{"taxonomy":"product_tag","embeddable":true,"href":"https:\/\/motionup.com.br\/site\/wp-json\/wp\/v2\/product_tag?post=3365"}],"curies":[{"name":"wp","href":"https:\/\/api.w.org\/{rel}","templated":true}]}}