{"id":3692,"date":"2021-06-04T09:50:44","date_gmt":"2021-06-04T12:50:44","guid":{"rendered":"https:\/\/motionup.com.br\/site\/?post_type=product&#038;p=3692"},"modified":"2023-10-16T17:51:26","modified_gmt":"2023-10-16T20:51:26","slug":"oj5078-sensor-de-reflexao-difusa-com-supressao-de-fundo-ifm-copia","status":"publish","type":"product","link":"https:\/\/motionup.com.br\/site\/produto\/oj5078-sensor-de-reflexao-difusa-com-supressao-de-fundo-ifm-copia\/","title":{"rendered":"OJ5078 &#8211; SENSOR DE REFLEXAO DIFUSA C\/ SUPRESSAO DE FUNDO PNP &#8211; CABO: 0,15 METROS (PVC); ALCANCE: 15&#8230;400mm (PAPEL BRANCO 200x200mm 90% REMISSAO) &#8211; IFM"},"content":{"rendered":"<p>OJ5078 &#8211; SENSOR DE REFLEXAO DIFUSA C\/ SUPRESSAO DE FUNDO PNP &#8211; CABO: 0,15 METROS (PVC); ALCANCE: 15&#8230;400mm (PAPEL BRANCO 200x200mm 90% REMISSAO) &#8211; IFM<\/p>\n<p>Consulte um vendedor e solicite um or\u00e7amento<\/p>\n<p>vendas@motionup.com.br<\/p>\n<p>motionup@motionup.com.br<\/p>\n<hr \/>\n<ul class=\"bulletpoint-list__entries\">\n<li>Formato especialmente compacto para aplica\u00e7\u00e3o em rob\u00f3tica, tecnologia de montagem e processamento<\/li>\n<li>Supress\u00e3o de fundo precisa<\/li>\n<li>Ajuste intuitivo da sensibilidade e da fun\u00e7\u00e3o de sa\u00edda<\/li>\n<li>Indica\u00e7\u00e3o LED para controle da opera\u00e7\u00e3o, do estado de comuta\u00e7\u00e3o e da fun\u00e7\u00e3o<\/li>\n<li>Montagem f\u00e1cil mediante engate \u00e0 base de fixa\u00e7\u00e3o<\/li>\n<\/ul>\n<blockquote><p><strong>SAIDAS<\/strong><\/p><\/blockquote>\n<ul>\n<li>Fun\u00e7\u00e3o el\u00e9trica &#8212;&gt; PNP<\/li>\n<li>Sa\u00edda &#8212;&gt; Comuta\u00e7\u00e3o de modo Claro\/Escuro; (program\u00e1vel)<\/li>\n<li>Queda de tens\u00e3o m\u00e1x. da sa\u00edda de comuta\u00e7\u00e3o DC [V] &#8212;&gt; 2,5<\/li>\n<li>Intensidade de corrente m\u00e1xima constante da sa\u00edda de comuta\u00e7\u00e3o DC [mA] &#8212;&gt; 200<\/li>\n<li>Frequ\u00eancia de comuta\u00e7\u00e3o DC [Hz] &#8212;&gt; 1000<\/li>\n<li>Prote\u00e7\u00e3o contra curto-circuitos &#8212;&gt; sim<\/li>\n<li>Vers\u00e3o da prote\u00e7\u00e3o contra curto-circuito &#8212;&gt; por impulso<\/li>\n<li>Prote\u00e7\u00e3o contra sobrecarga &#8212;&gt; sim<\/li>\n<\/ul>\n<blockquote><p><strong>FAIXA DE REGISTRO<\/strong><\/p><\/blockquote>\n<ul>\n<li>Alcance [mm] &#8212;&gt; 15&#8230;400; (papel branco 200 x 200 mm 90\u202f% remiss\u00e3o)<\/li>\n<li>Alcance\/alcance de detec\u00e7\u00e3o ajust\u00e1vel &#8212;&gt; sim<\/li>\n<li>Di\u00e2metro m\u00e1x. da mancha de luz [mm] &#8212;&gt; 18<\/li>\n<li>Dimens\u00f5es da mancha de luz valem para &#8212;&gt; alcance<\/li>\n<li>Supress\u00e3o de fundo dispon\u00edvel &#8212;&gt; sim<\/li>\n<\/ul>\n<blockquote><p><strong>CONEXAO ELETRICA<\/strong><\/p><\/blockquote>\n<ul>\n<li>cabo: 0,15 m, PVC<\/li>\n<li>Conex\u00e3o: 1 x M12; codifica\u00e7\u00e3o: A; Corpo: Hytrel 8068; Bloqueio: 1.4404 (a\u00e7o inoxid\u00e1vel \/ 316L); Contatos: dourado<\/li>\n<\/ul>\n","protected":false},"excerpt":{"rendered":"<p>OJ5078 &#8211; SENSOR DE REFLEXAO DIFUSA C\/ SUPRESSAO DE FUNDO PNP &#8211; CABO: 0,15 METROS (PVC); ALCANCE: 15&#8230;400mm (PAPEL BRANCO 200x200mm 90% REMISSAO) &#8211; IFM Consulte um vendedor e solicite um or\u00e7amento vendas@motionup.com.br motionup@motionup.com.br Formato especialmente compacto para aplica\u00e7\u00e3o em rob\u00f3tica, tecnologia de montagem e processamento Supress\u00e3o de fundo precisa Ajuste intuitivo da sensibilidade e [&hellip;]<\/p>\n","protected":false},"featured_media":3693,"template":"","meta":[],"product_brand":[],"product_cat":[353,56,650],"product_tag":[],"class_list":{"0":"post-3692","1":"product","2":"type-product","3":"status-publish","4":"has-post-thumbnail","6":"product_cat-ifm","7":"product_cat-sensores","8":"product_cat-reflexao-difusa","10":"first","11":"onbackorder","12":"shipping-taxable","13":"product-type-simple"},"yoast_head":"<!-- This site is optimized with the Yoast SEO plugin v26.3 - https:\/\/yoast.com\/wordpress\/plugins\/seo\/ -->\n<title>OJ5078 - SENSOR DE REFLEXAO DIFUSA C\/ SUPRESSAO DE FUNDO PNP - CABO: 0,15 METROS (PVC); ALCANCE: 15...400mm (PAPEL BRANCO 200x200mm 90% REMISSAO) - IFM - Loja Motion Up<\/title>\n<meta name=\"robots\" content=\"index, follow, max-snippet:-1, max-image-preview:large, max-video-preview:-1\" \/>\n<link rel=\"canonical\" href=\"https:\/\/motionup.com.br\/site\/produto\/oj5078-sensor-de-reflexao-difusa-com-supressao-de-fundo-ifm-copia\/\" \/>\n<meta property=\"og:locale\" content=\"pt_BR\" \/>\n<meta property=\"og:type\" content=\"article\" \/>\n<meta property=\"og:title\" content=\"OJ5078 - SENSOR DE REFLEXAO DIFUSA C\/ SUPRESSAO DE FUNDO PNP - CABO: 0,15 METROS (PVC); ALCANCE: 15...400mm (PAPEL BRANCO 200x200mm 90% REMISSAO) - IFM - Loja Motion Up\" \/>\n<meta property=\"og:description\" content=\"OJ5078 &#8211; SENSOR DE REFLEXAO DIFUSA C\/ SUPRESSAO DE FUNDO PNP &#8211; CABO: 0,15 METROS (PVC); ALCANCE: 15&#8230;400mm (PAPEL BRANCO 200x200mm 90% REMISSAO) &#8211; IFM Consulte um vendedor e solicite um or\u00e7amento vendas@motionup.com.br motionup@motionup.com.br Formato especialmente compacto para aplica\u00e7\u00e3o em rob\u00f3tica, tecnologia de montagem e processamento Supress\u00e3o de fundo precisa Ajuste intuitivo da sensibilidade e [&hellip;]\" \/>\n<meta property=\"og:url\" content=\"https:\/\/motionup.com.br\/site\/produto\/oj5078-sensor-de-reflexao-difusa-com-supressao-de-fundo-ifm-copia\/\" \/>\n<meta property=\"og:site_name\" content=\"Loja Motion Up\" \/>\n<meta property=\"article:publisher\" content=\"https:\/\/m.facebook.com\/fp3motionup\/about\/\" \/>\n<meta property=\"article:modified_time\" content=\"2023-10-16T20:51:26+00:00\" \/>\n<meta property=\"og:image\" content=\"https:\/\/motionup.com.br\/site\/wp-content\/uploads\/2021\/06\/P_F_E_W_200_0050_OJ5078_01.jpg\" \/>\n\t<meta property=\"og:image:width\" content=\"1200\" \/>\n\t<meta property=\"og:image:height\" content=\"1200\" \/>\n\t<meta property=\"og:image:type\" content=\"image\/jpeg\" \/>\n<meta name=\"twitter:card\" content=\"summary_large_image\" \/>\n<meta name=\"twitter:label1\" content=\"Est. tempo de leitura\" \/>\n\t<meta name=\"twitter:data1\" content=\"1 minuto\" \/>\n<script type=\"application\/ld+json\" class=\"yoast-schema-graph\">{\"@context\":\"https:\/\/schema.org\",\"@graph\":[{\"@type\":\"WebPage\",\"@id\":\"https:\/\/motionup.com.br\/site\/produto\/oj5078-sensor-de-reflexao-difusa-com-supressao-de-fundo-ifm-copia\/\",\"url\":\"https:\/\/motionup.com.br\/site\/produto\/oj5078-sensor-de-reflexao-difusa-com-supressao-de-fundo-ifm-copia\/\",\"name\":\"OJ5078 - SENSOR DE REFLEXAO DIFUSA C\/ SUPRESSAO DE FUNDO PNP - CABO: 0,15 METROS (PVC); ALCANCE: 15...400mm (PAPEL BRANCO 200x200mm 90% REMISSAO) - IFM - Loja Motion Up\",\"isPartOf\":{\"@id\":\"https:\/\/motionup.com.br\/site\/#website\"},\"primaryImageOfPage\":{\"@id\":\"https:\/\/motionup.com.br\/site\/produto\/oj5078-sensor-de-reflexao-difusa-com-supressao-de-fundo-ifm-copia\/#primaryimage\"},\"image\":{\"@id\":\"https:\/\/motionup.com.br\/site\/produto\/oj5078-sensor-de-reflexao-difusa-com-supressao-de-fundo-ifm-copia\/#primaryimage\"},\"thumbnailUrl\":\"https:\/\/motionup.com.br\/site\/wp-content\/uploads\/2021\/06\/P_F_E_W_200_0050_OJ5078_01.jpg\",\"datePublished\":\"2021-06-04T12:50:44+00:00\",\"dateModified\":\"2023-10-16T20:51:26+00:00\",\"breadcrumb\":{\"@id\":\"https:\/\/motionup.com.br\/site\/produto\/oj5078-sensor-de-reflexao-difusa-com-supressao-de-fundo-ifm-copia\/#breadcrumb\"},\"inLanguage\":\"pt-BR\",\"potentialAction\":[{\"@type\":\"ReadAction\",\"target\":[\"https:\/\/motionup.com.br\/site\/produto\/oj5078-sensor-de-reflexao-difusa-com-supressao-de-fundo-ifm-copia\/\"]}]},{\"@type\":\"ImageObject\",\"inLanguage\":\"pt-BR\",\"@id\":\"https:\/\/motionup.com.br\/site\/produto\/oj5078-sensor-de-reflexao-difusa-com-supressao-de-fundo-ifm-copia\/#primaryimage\",\"url\":\"https:\/\/motionup.com.br\/site\/wp-content\/uploads\/2021\/06\/P_F_E_W_200_0050_OJ5078_01.jpg\",\"contentUrl\":\"https:\/\/motionup.com.br\/site\/wp-content\/uploads\/2021\/06\/P_F_E_W_200_0050_OJ5078_01.jpg\",\"width\":1200,\"height\":1200},{\"@type\":\"BreadcrumbList\",\"@id\":\"https:\/\/motionup.com.br\/site\/produto\/oj5078-sensor-de-reflexao-difusa-com-supressao-de-fundo-ifm-copia\/#breadcrumb\",\"itemListElement\":[{\"@type\":\"ListItem\",\"position\":1,\"name\":\"In\u00edcio\",\"item\":\"https:\/\/motionup.com.br\/site\/\"},{\"@type\":\"ListItem\",\"position\":2,\"name\":\"Produtos\",\"item\":\"https:\/\/motionup.com.br\/site\/produtos\/\"},{\"@type\":\"ListItem\",\"position\":3,\"name\":\"OJ5078 &#8211; SENSOR DE REFLEXAO DIFUSA C\/ SUPRESSAO DE FUNDO PNP &#8211; CABO: 0,15 METROS (PVC); ALCANCE: 15&#8230;400mm (PAPEL BRANCO 200x200mm 90% REMISSAO) &#8211; IFM\"}]},{\"@type\":\"WebSite\",\"@id\":\"https:\/\/motionup.com.br\/site\/#website\",\"url\":\"https:\/\/motionup.com.br\/site\/\",\"name\":\"Motion Up\",\"description\":\"E-commerce Motion Up - Automa\u00e7\u00e3o Industrial\",\"publisher\":{\"@id\":\"https:\/\/motionup.com.br\/site\/#organization\"},\"potentialAction\":[{\"@type\":\"SearchAction\",\"target\":{\"@type\":\"EntryPoint\",\"urlTemplate\":\"https:\/\/motionup.com.br\/site\/?s={search_term_string}\"},\"query-input\":{\"@type\":\"PropertyValueSpecification\",\"valueRequired\":true,\"valueName\":\"search_term_string\"}}],\"inLanguage\":\"pt-BR\"},{\"@type\":\"Organization\",\"@id\":\"https:\/\/motionup.com.br\/site\/#organization\",\"name\":\"Motion Up\",\"url\":\"https:\/\/motionup.com.br\/site\/\",\"logo\":{\"@type\":\"ImageObject\",\"inLanguage\":\"pt-BR\",\"@id\":\"https:\/\/motionup.com.br\/site\/#\/schema\/logo\/image\/\",\"url\":\"https:\/\/motionup.com.br\/site\/wp-content\/uploads\/2025\/05\/MOTIONUP.png\",\"contentUrl\":\"https:\/\/motionup.com.br\/site\/wp-content\/uploads\/2025\/05\/MOTIONUP.png\",\"width\":1200,\"height\":601,\"caption\":\"Motion Up\"},\"image\":{\"@id\":\"https:\/\/motionup.com.br\/site\/#\/schema\/logo\/image\/\"},\"sameAs\":[\"https:\/\/m.facebook.com\/fp3motionup\/about\/\",\"https:\/\/br.linkedin.com\/company\/fpn-controle-e-automao-industrial-ltda\"]}]}<\/script>\n<!-- \/ Yoast SEO plugin. -->","yoast_head_json":{"title":"OJ5078 - SENSOR DE REFLEXAO DIFUSA C\/ SUPRESSAO DE FUNDO PNP - CABO: 0,15 METROS (PVC); ALCANCE: 15...400mm (PAPEL BRANCO 200x200mm 90% REMISSAO) - IFM - Loja Motion Up","robots":{"index":"index","follow":"follow","max-snippet":"max-snippet:-1","max-image-preview":"max-image-preview:large","max-video-preview":"max-video-preview:-1"},"canonical":"https:\/\/motionup.com.br\/site\/produto\/oj5078-sensor-de-reflexao-difusa-com-supressao-de-fundo-ifm-copia\/","og_locale":"pt_BR","og_type":"article","og_title":"OJ5078 - SENSOR DE REFLEXAO DIFUSA C\/ SUPRESSAO DE FUNDO PNP - CABO: 0,15 METROS (PVC); ALCANCE: 15...400mm (PAPEL BRANCO 200x200mm 90% REMISSAO) - IFM - Loja Motion Up","og_description":"OJ5078 &#8211; SENSOR DE REFLEXAO DIFUSA C\/ SUPRESSAO DE FUNDO PNP &#8211; CABO: 0,15 METROS (PVC); ALCANCE: 15&#8230;400mm (PAPEL BRANCO 200x200mm 90% REMISSAO) &#8211; IFM Consulte um vendedor e solicite um or\u00e7amento vendas@motionup.com.br motionup@motionup.com.br Formato especialmente compacto para aplica\u00e7\u00e3o em rob\u00f3tica, tecnologia de montagem e processamento Supress\u00e3o de fundo precisa Ajuste intuitivo da sensibilidade e [&hellip;]","og_url":"https:\/\/motionup.com.br\/site\/produto\/oj5078-sensor-de-reflexao-difusa-com-supressao-de-fundo-ifm-copia\/","og_site_name":"Loja Motion Up","article_publisher":"https:\/\/m.facebook.com\/fp3motionup\/about\/","article_modified_time":"2023-10-16T20:51:26+00:00","og_image":[{"width":1200,"height":1200,"url":"https:\/\/motionup.com.br\/site\/wp-content\/uploads\/2021\/06\/P_F_E_W_200_0050_OJ5078_01.jpg","type":"image\/jpeg"}],"twitter_card":"summary_large_image","twitter_misc":{"Est. tempo de leitura":"1 minuto"},"schema":{"@context":"https:\/\/schema.org","@graph":[{"@type":"WebPage","@id":"https:\/\/motionup.com.br\/site\/produto\/oj5078-sensor-de-reflexao-difusa-com-supressao-de-fundo-ifm-copia\/","url":"https:\/\/motionup.com.br\/site\/produto\/oj5078-sensor-de-reflexao-difusa-com-supressao-de-fundo-ifm-copia\/","name":"OJ5078 - SENSOR DE REFLEXAO DIFUSA C\/ SUPRESSAO DE FUNDO PNP - CABO: 0,15 METROS (PVC); ALCANCE: 15...400mm (PAPEL BRANCO 200x200mm 90% REMISSAO) - IFM - Loja Motion Up","isPartOf":{"@id":"https:\/\/motionup.com.br\/site\/#website"},"primaryImageOfPage":{"@id":"https:\/\/motionup.com.br\/site\/produto\/oj5078-sensor-de-reflexao-difusa-com-supressao-de-fundo-ifm-copia\/#primaryimage"},"image":{"@id":"https:\/\/motionup.com.br\/site\/produto\/oj5078-sensor-de-reflexao-difusa-com-supressao-de-fundo-ifm-copia\/#primaryimage"},"thumbnailUrl":"https:\/\/motionup.com.br\/site\/wp-content\/uploads\/2021\/06\/P_F_E_W_200_0050_OJ5078_01.jpg","datePublished":"2021-06-04T12:50:44+00:00","dateModified":"2023-10-16T20:51:26+00:00","breadcrumb":{"@id":"https:\/\/motionup.com.br\/site\/produto\/oj5078-sensor-de-reflexao-difusa-com-supressao-de-fundo-ifm-copia\/#breadcrumb"},"inLanguage":"pt-BR","potentialAction":[{"@type":"ReadAction","target":["https:\/\/motionup.com.br\/site\/produto\/oj5078-sensor-de-reflexao-difusa-com-supressao-de-fundo-ifm-copia\/"]}]},{"@type":"ImageObject","inLanguage":"pt-BR","@id":"https:\/\/motionup.com.br\/site\/produto\/oj5078-sensor-de-reflexao-difusa-com-supressao-de-fundo-ifm-copia\/#primaryimage","url":"https:\/\/motionup.com.br\/site\/wp-content\/uploads\/2021\/06\/P_F_E_W_200_0050_OJ5078_01.jpg","contentUrl":"https:\/\/motionup.com.br\/site\/wp-content\/uploads\/2021\/06\/P_F_E_W_200_0050_OJ5078_01.jpg","width":1200,"height":1200},{"@type":"BreadcrumbList","@id":"https:\/\/motionup.com.br\/site\/produto\/oj5078-sensor-de-reflexao-difusa-com-supressao-de-fundo-ifm-copia\/#breadcrumb","itemListElement":[{"@type":"ListItem","position":1,"name":"In\u00edcio","item":"https:\/\/motionup.com.br\/site\/"},{"@type":"ListItem","position":2,"name":"Produtos","item":"https:\/\/motionup.com.br\/site\/produtos\/"},{"@type":"ListItem","position":3,"name":"OJ5078 &#8211; SENSOR DE REFLEXAO DIFUSA C\/ SUPRESSAO DE FUNDO PNP &#8211; CABO: 0,15 METROS (PVC); ALCANCE: 15&#8230;400mm (PAPEL BRANCO 200x200mm 90% REMISSAO) &#8211; IFM"}]},{"@type":"WebSite","@id":"https:\/\/motionup.com.br\/site\/#website","url":"https:\/\/motionup.com.br\/site\/","name":"Motion Up","description":"E-commerce Motion Up - Automa\u00e7\u00e3o Industrial","publisher":{"@id":"https:\/\/motionup.com.br\/site\/#organization"},"potentialAction":[{"@type":"SearchAction","target":{"@type":"EntryPoint","urlTemplate":"https:\/\/motionup.com.br\/site\/?s={search_term_string}"},"query-input":{"@type":"PropertyValueSpecification","valueRequired":true,"valueName":"search_term_string"}}],"inLanguage":"pt-BR"},{"@type":"Organization","@id":"https:\/\/motionup.com.br\/site\/#organization","name":"Motion Up","url":"https:\/\/motionup.com.br\/site\/","logo":{"@type":"ImageObject","inLanguage":"pt-BR","@id":"https:\/\/motionup.com.br\/site\/#\/schema\/logo\/image\/","url":"https:\/\/motionup.com.br\/site\/wp-content\/uploads\/2025\/05\/MOTIONUP.png","contentUrl":"https:\/\/motionup.com.br\/site\/wp-content\/uploads\/2025\/05\/MOTIONUP.png","width":1200,"height":601,"caption":"Motion Up"},"image":{"@id":"https:\/\/motionup.com.br\/site\/#\/schema\/logo\/image\/"},"sameAs":["https:\/\/m.facebook.com\/fp3motionup\/about\/","https:\/\/br.linkedin.com\/company\/fpn-controle-e-automao-industrial-ltda"]}]}},"_links":{"self":[{"href":"https:\/\/motionup.com.br\/site\/wp-json\/wp\/v2\/product\/3692","targetHints":{"allow":["GET"]}}],"collection":[{"href":"https:\/\/motionup.com.br\/site\/wp-json\/wp\/v2\/product"}],"about":[{"href":"https:\/\/motionup.com.br\/site\/wp-json\/wp\/v2\/types\/product"}],"wp:featuredmedia":[{"embeddable":true,"href":"https:\/\/motionup.com.br\/site\/wp-json\/wp\/v2\/media\/3693"}],"wp:attachment":[{"href":"https:\/\/motionup.com.br\/site\/wp-json\/wp\/v2\/media?parent=3692"}],"wp:term":[{"taxonomy":"product_brand","embeddable":true,"href":"https:\/\/motionup.com.br\/site\/wp-json\/wp\/v2\/product_brand?post=3692"},{"taxonomy":"product_cat","embeddable":true,"href":"https:\/\/motionup.com.br\/site\/wp-json\/wp\/v2\/product_cat?post=3692"},{"taxonomy":"product_tag","embeddable":true,"href":"https:\/\/motionup.com.br\/site\/wp-json\/wp\/v2\/product_tag?post=3692"}],"curies":[{"name":"wp","href":"https:\/\/api.w.org\/{rel}","templated":true}]}}