{"id":3882,"date":"2021-08-05T17:21:51","date_gmt":"2021-08-05T20:21:51","guid":{"rendered":"https:\/\/motionup.com.br\/site\/?post_type=product&#038;p=3882"},"modified":"2021-08-05T17:23:41","modified_gmt":"2021-08-05T20:23:41","slug":"sensor-indutivo-bes00ce-balluff","status":"publish","type":"product","link":"https:\/\/motionup.com.br\/site\/produto\/sensor-indutivo-bes00ce-balluff\/","title":{"rendered":"Sensor Indutivo-BES00CE-BALLUFF"},"content":{"rendered":"<div class=\"flex flex-col w-full pt-2 md:flex-row\">Dimens\u00f5es: \u00d8 8 x 43 mm<\/div>\n<div><\/div>\n<div class=\"flex flex-col w-full pt-2 md:flex-row\">Formato construtivo: M8x1<\/div>\n<div><\/div>\n<div class=\"flex flex-col w-full pt-2 md:flex-row\">Instala\u00e7\u00e3o faceado<\/div>\n<div><\/div>\n<div class=\"flex flex-col w-full pt-2 md:flex-row\">Alcance: 2 mm<\/div>\n<div><\/div>\n<div class=\"flex flex-col w-full pt-2 md:flex-row\">Sa\u00edda de comuta\u00e7\u00e3o: PNP Contato normalmente fechado (NF)<\/div>\n<div><\/div>\n<div class=\"flex flex-col w-full pt-2 md:flex-row\">Frequ\u00eancia de comuta\u00e7\u00e3o: 700 Hz<\/div>\n<div><\/div>\n<div class=\"flex flex-col w-full pt-2 md:flex-row\">Material do inv\u00f3lucro: A\u00e7o inoxid\u00e1vel<\/div>\n<div><\/div>\n<div class=\"flex flex-col w-full pt-2 md:flex-row\">Superf\u00edcie ativa<\/div>\n<div><\/div>\n<div class=\"flex flex-col w-full pt-2 md:flex-row\">Material: PBT<\/div>\n<div><\/div>\n<div class=\"flex flex-col w-full pt-2 md:flex-row\">Conex\u00e3o: Conector de encaixe, M12x1-Conector, 4-polos<\/div>\n<div><\/div>\n<div class=\"flex flex-col w-full pt-2 md:flex-row\">Tens\u00e3o de servi\u00e7o: UB 10&#8230;30 VDC<\/div>\n<div><\/div>\n<div class=\"flex flex-col w-full pt-2 md:flex-row\">Temperatura ambiente:-25&#8230;70 \u00b0C<\/div>\n<div><\/div>\n<div class=\"flex flex-col w-full pt-2 md:flex-row\">Classe de prote\u00e7\u00e3o: IP67<\/div>\n<div><\/div>\n<div class=\"flex flex-col w-full pt-2 md:flex-row\">Certifica\u00e7\u00e3o\/conformidade: CE, cULus, EAC, WEEE<\/div>\n","protected":false},"excerpt":{"rendered":"<p>Dimens\u00f5es: \u00d8 8 x 43 mm Formato construtivo: M8x1 Instala\u00e7\u00e3o faceado Alcance: 2 mm Sa\u00edda de comuta\u00e7\u00e3o: PNP Contato normalmente fechado (NF) Frequ\u00eancia de comuta\u00e7\u00e3o: 700 Hz Material do inv\u00f3lucro: A\u00e7o inoxid\u00e1vel Superf\u00edcie ativa Material: PBT Conex\u00e3o: Conector de encaixe, M12x1-Conector, 4-polos Tens\u00e3o de servi\u00e7o: UB 10&#8230;30 VDC Temperatura ambiente:-25&#8230;70 \u00b0C Classe de prote\u00e7\u00e3o: IP67 [&hellip;]<\/p>\n","protected":false},"featured_media":3878,"template":"","meta":[],"product_brand":[],"product_cat":[393],"product_tag":[395,67,57],"class_list":{"0":"post-3882","1":"product","2":"type-product","3":"status-publish","4":"has-post-thumbnail","6":"product_cat-balluf","7":"product_tag-balluff","8":"product_tag-indutivo","9":"product_tag-sensor","11":"first","12":"instock","13":"shipping-taxable","14":"product-type-simple"},"yoast_head":"<!-- This site is optimized with the Yoast SEO plugin v26.3 - https:\/\/yoast.com\/wordpress\/plugins\/seo\/ -->\n<title>Sensor Indutivo-BES00CE-BALLUFF - Loja Motion Up<\/title>\n<meta name=\"robots\" content=\"index, follow, max-snippet:-1, max-image-preview:large, max-video-preview:-1\" \/>\n<link rel=\"canonical\" href=\"https:\/\/motionup.com.br\/site\/produto\/sensor-indutivo-bes00ce-balluff\/\" \/>\n<meta property=\"og:locale\" content=\"pt_BR\" \/>\n<meta property=\"og:type\" content=\"article\" \/>\n<meta property=\"og:title\" content=\"Sensor Indutivo-BES00CE-BALLUFF - Loja Motion Up\" \/>\n<meta property=\"og:description\" content=\"Dimens\u00f5es: \u00d8 8 x 43 mm Formato construtivo: M8x1 Instala\u00e7\u00e3o faceado Alcance: 2 mm Sa\u00edda de comuta\u00e7\u00e3o: PNP Contato normalmente fechado (NF) Frequ\u00eancia de comuta\u00e7\u00e3o: 700 Hz Material do inv\u00f3lucro: A\u00e7o inoxid\u00e1vel Superf\u00edcie ativa Material: PBT Conex\u00e3o: Conector de encaixe, M12x1-Conector, 4-polos Tens\u00e3o de servi\u00e7o: UB 10&#8230;30 VDC Temperatura ambiente:-25&#8230;70 \u00b0C Classe de prote\u00e7\u00e3o: IP67 [&hellip;]\" \/>\n<meta property=\"og:url\" content=\"https:\/\/motionup.com.br\/site\/produto\/sensor-indutivo-bes00ce-balluff\/\" \/>\n<meta property=\"og:site_name\" content=\"Loja Motion Up\" \/>\n<meta property=\"article:publisher\" content=\"https:\/\/m.facebook.com\/fp3motionup\/about\/\" \/>\n<meta property=\"article:modified_time\" content=\"2021-08-05T20:23:41+00:00\" \/>\n<meta property=\"og:image\" content=\"https:\/\/motionup.com.br\/site\/wp-content\/uploads\/2021\/08\/41220_00_P_00_00_00-3.png\" \/>\n\t<meta property=\"og:image:width\" content=\"1280\" \/>\n\t<meta property=\"og:image:height\" content=\"1280\" \/>\n\t<meta property=\"og:image:type\" content=\"image\/png\" \/>\n<meta name=\"twitter:card\" content=\"summary_large_image\" \/>\n<script type=\"application\/ld+json\" class=\"yoast-schema-graph\">{\"@context\":\"https:\/\/schema.org\",\"@graph\":[{\"@type\":\"WebPage\",\"@id\":\"https:\/\/motionup.com.br\/site\/produto\/sensor-indutivo-bes00ce-balluff\/\",\"url\":\"https:\/\/motionup.com.br\/site\/produto\/sensor-indutivo-bes00ce-balluff\/\",\"name\":\"Sensor Indutivo-BES00CE-BALLUFF - Loja Motion Up\",\"isPartOf\":{\"@id\":\"https:\/\/motionup.com.br\/site\/#website\"},\"primaryImageOfPage\":{\"@id\":\"https:\/\/motionup.com.br\/site\/produto\/sensor-indutivo-bes00ce-balluff\/#primaryimage\"},\"image\":{\"@id\":\"https:\/\/motionup.com.br\/site\/produto\/sensor-indutivo-bes00ce-balluff\/#primaryimage\"},\"thumbnailUrl\":\"https:\/\/motionup.com.br\/site\/wp-content\/uploads\/2021\/08\/41220_00_P_00_00_00-3.png\",\"datePublished\":\"2021-08-05T20:21:51+00:00\",\"dateModified\":\"2021-08-05T20:23:41+00:00\",\"breadcrumb\":{\"@id\":\"https:\/\/motionup.com.br\/site\/produto\/sensor-indutivo-bes00ce-balluff\/#breadcrumb\"},\"inLanguage\":\"pt-BR\",\"potentialAction\":[{\"@type\":\"ReadAction\",\"target\":[\"https:\/\/motionup.com.br\/site\/produto\/sensor-indutivo-bes00ce-balluff\/\"]}]},{\"@type\":\"ImageObject\",\"inLanguage\":\"pt-BR\",\"@id\":\"https:\/\/motionup.com.br\/site\/produto\/sensor-indutivo-bes00ce-balluff\/#primaryimage\",\"url\":\"https:\/\/motionup.com.br\/site\/wp-content\/uploads\/2021\/08\/41220_00_P_00_00_00-3.png\",\"contentUrl\":\"https:\/\/motionup.com.br\/site\/wp-content\/uploads\/2021\/08\/41220_00_P_00_00_00-3.png\",\"width\":1280,\"height\":1280},{\"@type\":\"BreadcrumbList\",\"@id\":\"https:\/\/motionup.com.br\/site\/produto\/sensor-indutivo-bes00ce-balluff\/#breadcrumb\",\"itemListElement\":[{\"@type\":\"ListItem\",\"position\":1,\"name\":\"In\u00edcio\",\"item\":\"https:\/\/motionup.com.br\/site\/\"},{\"@type\":\"ListItem\",\"position\":2,\"name\":\"Produtos\",\"item\":\"https:\/\/motionup.com.br\/site\/produtos\/\"},{\"@type\":\"ListItem\",\"position\":3,\"name\":\"Sensor Indutivo-BES00CE-BALLUFF\"}]},{\"@type\":\"WebSite\",\"@id\":\"https:\/\/motionup.com.br\/site\/#website\",\"url\":\"https:\/\/motionup.com.br\/site\/\",\"name\":\"Motion Up\",\"description\":\"E-commerce Motion Up - Automa\u00e7\u00e3o Industrial\",\"publisher\":{\"@id\":\"https:\/\/motionup.com.br\/site\/#organization\"},\"potentialAction\":[{\"@type\":\"SearchAction\",\"target\":{\"@type\":\"EntryPoint\",\"urlTemplate\":\"https:\/\/motionup.com.br\/site\/?s={search_term_string}\"},\"query-input\":{\"@type\":\"PropertyValueSpecification\",\"valueRequired\":true,\"valueName\":\"search_term_string\"}}],\"inLanguage\":\"pt-BR\"},{\"@type\":\"Organization\",\"@id\":\"https:\/\/motionup.com.br\/site\/#organization\",\"name\":\"Motion Up\",\"url\":\"https:\/\/motionup.com.br\/site\/\",\"logo\":{\"@type\":\"ImageObject\",\"inLanguage\":\"pt-BR\",\"@id\":\"https:\/\/motionup.com.br\/site\/#\/schema\/logo\/image\/\",\"url\":\"https:\/\/motionup.com.br\/site\/wp-content\/uploads\/2025\/05\/MOTIONUP.png\",\"contentUrl\":\"https:\/\/motionup.com.br\/site\/wp-content\/uploads\/2025\/05\/MOTIONUP.png\",\"width\":1200,\"height\":601,\"caption\":\"Motion Up\"},\"image\":{\"@id\":\"https:\/\/motionup.com.br\/site\/#\/schema\/logo\/image\/\"},\"sameAs\":[\"https:\/\/m.facebook.com\/fp3motionup\/about\/\",\"https:\/\/br.linkedin.com\/company\/fpn-controle-e-automao-industrial-ltda\"]}]}<\/script>\n<!-- \/ Yoast SEO plugin. -->","yoast_head_json":{"title":"Sensor Indutivo-BES00CE-BALLUFF - Loja Motion Up","robots":{"index":"index","follow":"follow","max-snippet":"max-snippet:-1","max-image-preview":"max-image-preview:large","max-video-preview":"max-video-preview:-1"},"canonical":"https:\/\/motionup.com.br\/site\/produto\/sensor-indutivo-bes00ce-balluff\/","og_locale":"pt_BR","og_type":"article","og_title":"Sensor Indutivo-BES00CE-BALLUFF - Loja Motion Up","og_description":"Dimens\u00f5es: \u00d8 8 x 43 mm Formato construtivo: M8x1 Instala\u00e7\u00e3o faceado Alcance: 2 mm Sa\u00edda de comuta\u00e7\u00e3o: PNP Contato normalmente fechado (NF) Frequ\u00eancia de comuta\u00e7\u00e3o: 700 Hz Material do inv\u00f3lucro: A\u00e7o inoxid\u00e1vel Superf\u00edcie ativa Material: PBT Conex\u00e3o: Conector de encaixe, M12x1-Conector, 4-polos Tens\u00e3o de servi\u00e7o: UB 10&#8230;30 VDC Temperatura ambiente:-25&#8230;70 \u00b0C Classe de prote\u00e7\u00e3o: IP67 [&hellip;]","og_url":"https:\/\/motionup.com.br\/site\/produto\/sensor-indutivo-bes00ce-balluff\/","og_site_name":"Loja Motion Up","article_publisher":"https:\/\/m.facebook.com\/fp3motionup\/about\/","article_modified_time":"2021-08-05T20:23:41+00:00","og_image":[{"width":1280,"height":1280,"url":"https:\/\/motionup.com.br\/site\/wp-content\/uploads\/2021\/08\/41220_00_P_00_00_00-3.png","type":"image\/png"}],"twitter_card":"summary_large_image","schema":{"@context":"https:\/\/schema.org","@graph":[{"@type":"WebPage","@id":"https:\/\/motionup.com.br\/site\/produto\/sensor-indutivo-bes00ce-balluff\/","url":"https:\/\/motionup.com.br\/site\/produto\/sensor-indutivo-bes00ce-balluff\/","name":"Sensor Indutivo-BES00CE-BALLUFF - Loja Motion Up","isPartOf":{"@id":"https:\/\/motionup.com.br\/site\/#website"},"primaryImageOfPage":{"@id":"https:\/\/motionup.com.br\/site\/produto\/sensor-indutivo-bes00ce-balluff\/#primaryimage"},"image":{"@id":"https:\/\/motionup.com.br\/site\/produto\/sensor-indutivo-bes00ce-balluff\/#primaryimage"},"thumbnailUrl":"https:\/\/motionup.com.br\/site\/wp-content\/uploads\/2021\/08\/41220_00_P_00_00_00-3.png","datePublished":"2021-08-05T20:21:51+00:00","dateModified":"2021-08-05T20:23:41+00:00","breadcrumb":{"@id":"https:\/\/motionup.com.br\/site\/produto\/sensor-indutivo-bes00ce-balluff\/#breadcrumb"},"inLanguage":"pt-BR","potentialAction":[{"@type":"ReadAction","target":["https:\/\/motionup.com.br\/site\/produto\/sensor-indutivo-bes00ce-balluff\/"]}]},{"@type":"ImageObject","inLanguage":"pt-BR","@id":"https:\/\/motionup.com.br\/site\/produto\/sensor-indutivo-bes00ce-balluff\/#primaryimage","url":"https:\/\/motionup.com.br\/site\/wp-content\/uploads\/2021\/08\/41220_00_P_00_00_00-3.png","contentUrl":"https:\/\/motionup.com.br\/site\/wp-content\/uploads\/2021\/08\/41220_00_P_00_00_00-3.png","width":1280,"height":1280},{"@type":"BreadcrumbList","@id":"https:\/\/motionup.com.br\/site\/produto\/sensor-indutivo-bes00ce-balluff\/#breadcrumb","itemListElement":[{"@type":"ListItem","position":1,"name":"In\u00edcio","item":"https:\/\/motionup.com.br\/site\/"},{"@type":"ListItem","position":2,"name":"Produtos","item":"https:\/\/motionup.com.br\/site\/produtos\/"},{"@type":"ListItem","position":3,"name":"Sensor Indutivo-BES00CE-BALLUFF"}]},{"@type":"WebSite","@id":"https:\/\/motionup.com.br\/site\/#website","url":"https:\/\/motionup.com.br\/site\/","name":"Motion Up","description":"E-commerce Motion Up - Automa\u00e7\u00e3o Industrial","publisher":{"@id":"https:\/\/motionup.com.br\/site\/#organization"},"potentialAction":[{"@type":"SearchAction","target":{"@type":"EntryPoint","urlTemplate":"https:\/\/motionup.com.br\/site\/?s={search_term_string}"},"query-input":{"@type":"PropertyValueSpecification","valueRequired":true,"valueName":"search_term_string"}}],"inLanguage":"pt-BR"},{"@type":"Organization","@id":"https:\/\/motionup.com.br\/site\/#organization","name":"Motion Up","url":"https:\/\/motionup.com.br\/site\/","logo":{"@type":"ImageObject","inLanguage":"pt-BR","@id":"https:\/\/motionup.com.br\/site\/#\/schema\/logo\/image\/","url":"https:\/\/motionup.com.br\/site\/wp-content\/uploads\/2025\/05\/MOTIONUP.png","contentUrl":"https:\/\/motionup.com.br\/site\/wp-content\/uploads\/2025\/05\/MOTIONUP.png","width":1200,"height":601,"caption":"Motion Up"},"image":{"@id":"https:\/\/motionup.com.br\/site\/#\/schema\/logo\/image\/"},"sameAs":["https:\/\/m.facebook.com\/fp3motionup\/about\/","https:\/\/br.linkedin.com\/company\/fpn-controle-e-automao-industrial-ltda"]}]}},"_links":{"self":[{"href":"https:\/\/motionup.com.br\/site\/wp-json\/wp\/v2\/product\/3882","targetHints":{"allow":["GET"]}}],"collection":[{"href":"https:\/\/motionup.com.br\/site\/wp-json\/wp\/v2\/product"}],"about":[{"href":"https:\/\/motionup.com.br\/site\/wp-json\/wp\/v2\/types\/product"}],"wp:featuredmedia":[{"embeddable":true,"href":"https:\/\/motionup.com.br\/site\/wp-json\/wp\/v2\/media\/3878"}],"wp:attachment":[{"href":"https:\/\/motionup.com.br\/site\/wp-json\/wp\/v2\/media?parent=3882"}],"wp:term":[{"taxonomy":"product_brand","embeddable":true,"href":"https:\/\/motionup.com.br\/site\/wp-json\/wp\/v2\/product_brand?post=3882"},{"taxonomy":"product_cat","embeddable":true,"href":"https:\/\/motionup.com.br\/site\/wp-json\/wp\/v2\/product_cat?post=3882"},{"taxonomy":"product_tag","embeddable":true,"href":"https:\/\/motionup.com.br\/site\/wp-json\/wp\/v2\/product_tag?post=3882"}],"curies":[{"name":"wp","href":"https:\/\/api.w.org\/{rel}","templated":true}]}}