{"id":4064,"date":"2021-09-06T17:56:21","date_gmt":"2021-09-06T20:56:21","guid":{"rendered":"https:\/\/motionup.com.br\/site\/?post_type=product&#038;p=4064"},"modified":"2021-09-06T17:56:21","modified_gmt":"2021-09-06T20:56:21","slug":"resistor-de-frenagem-4kw-4000-w","status":"publish","type":"product","link":"https:\/\/motionup.com.br\/site\/produto\/resistor-de-frenagem-4kw-4000-w\/","title":{"rendered":"Resistor de Frenagem 4kw\/4000 W"},"content":{"rendered":"<p>Especifica\u00e7\u00f5es<\/p>\n<p>Pot\u00eancia total: 4KW<br \/>\nresist\u00eancia: 18 Ohms<br \/>\nTipo construtivo: Resistor fixo de Ni-Cr vitrificado n\u00e3o indutivo<br \/>\nRegime de trabalho &#8220;ED&#8221;: 100%<br \/>\nConex\u00f5es el\u00e9tricas: Barra de conex\u00e3o para terminal olhal (terminal olhal n\u00e3o incluso)<br \/>\nPintura: CINZA MUNSELL N6,5<br \/>\nGrau de prote\u00e7\u00e3o: Dispon\u00edveis em IP20 ou IP23, Ap\u00f3s finalizar o pedido informe o grau de prote\u00e7\u00e3o. *Este valor n\u00e3o altera o valor do produto.<br \/>\nFixa\u00e7\u00e3o: Parafusos, n\u00e3o incluso<br \/>\nTermostato: N\u00e3o incluso, opcional<br \/>\nVentila\u00e7\u00e3o: Natural<\/p>\n","protected":false},"excerpt":{"rendered":"<p>Especifica\u00e7\u00f5es Pot\u00eancia total: 4KW resist\u00eancia: 18 Ohms Tipo construtivo: Resistor fixo de Ni-Cr vitrificado n\u00e3o indutivo Regime de trabalho &#8220;ED&#8221;: 100% Conex\u00f5es el\u00e9tricas: Barra de conex\u00e3o para terminal olhal (terminal olhal n\u00e3o incluso) Pintura: CINZA MUNSELL N6,5 Grau de prote\u00e7\u00e3o: Dispon\u00edveis em IP20 ou IP23, Ap\u00f3s finalizar o pedido informe o grau de prote\u00e7\u00e3o. *Este [&hellip;]<\/p>\n","protected":false},"featured_media":4065,"template":"","meta":[],"product_brand":[],"product_cat":[403],"product_tag":[405,404],"class_list":{"0":"post-4064","1":"product","2":"type-product","3":"status-publish","4":"has-post-thumbnail","6":"product_cat-ohmic","7":"product_tag-resistor","8":"product_tag-resistor-de-frenagem","10":"first","11":"instock","12":"shipping-taxable","13":"product-type-simple"},"yoast_head":"<!-- This site is optimized with the Yoast SEO plugin v26.3 - https:\/\/yoast.com\/wordpress\/plugins\/seo\/ -->\n<title>Resistor de Frenagem 4kw\/4000 W - Loja Motion Up<\/title>\n<meta name=\"robots\" content=\"index, follow, max-snippet:-1, max-image-preview:large, max-video-preview:-1\" \/>\n<link rel=\"canonical\" href=\"https:\/\/motionup.com.br\/site\/produto\/resistor-de-frenagem-4kw-4000-w\/\" \/>\n<meta property=\"og:locale\" content=\"pt_BR\" \/>\n<meta property=\"og:type\" content=\"article\" \/>\n<meta property=\"og:title\" content=\"Resistor de Frenagem 4kw\/4000 W - Loja Motion Up\" \/>\n<meta property=\"og:description\" content=\"Especifica\u00e7\u00f5es Pot\u00eancia total: 4KW resist\u00eancia: 18 Ohms Tipo construtivo: Resistor fixo de Ni-Cr vitrificado n\u00e3o indutivo Regime de trabalho &#8220;ED&#8221;: 100% Conex\u00f5es el\u00e9tricas: Barra de conex\u00e3o para terminal olhal (terminal olhal n\u00e3o incluso) Pintura: CINZA MUNSELL N6,5 Grau de prote\u00e7\u00e3o: Dispon\u00edveis em IP20 ou IP23, Ap\u00f3s finalizar o pedido informe o grau de prote\u00e7\u00e3o. *Este [&hellip;]\" \/>\n<meta property=\"og:url\" content=\"https:\/\/motionup.com.br\/site\/produto\/resistor-de-frenagem-4kw-4000-w\/\" \/>\n<meta property=\"og:site_name\" content=\"Loja Motion Up\" \/>\n<meta property=\"article:publisher\" content=\"https:\/\/m.facebook.com\/fp3motionup\/about\/\" \/>\n<meta property=\"og:image\" content=\"https:\/\/motionup.com.br\/site\/wp-content\/uploads\/2021\/09\/Sem-titulo-1030x773.jpg\" \/>\n\t<meta property=\"og:image:width\" content=\"1030\" \/>\n\t<meta property=\"og:image:height\" content=\"773\" \/>\n\t<meta property=\"og:image:type\" content=\"image\/jpeg\" \/>\n<meta name=\"twitter:card\" content=\"summary_large_image\" \/>\n<script type=\"application\/ld+json\" class=\"yoast-schema-graph\">{\"@context\":\"https:\/\/schema.org\",\"@graph\":[{\"@type\":\"WebPage\",\"@id\":\"https:\/\/motionup.com.br\/site\/produto\/resistor-de-frenagem-4kw-4000-w\/\",\"url\":\"https:\/\/motionup.com.br\/site\/produto\/resistor-de-frenagem-4kw-4000-w\/\",\"name\":\"Resistor de Frenagem 4kw\/4000 W - Loja Motion Up\",\"isPartOf\":{\"@id\":\"https:\/\/motionup.com.br\/site\/#website\"},\"primaryImageOfPage\":{\"@id\":\"https:\/\/motionup.com.br\/site\/produto\/resistor-de-frenagem-4kw-4000-w\/#primaryimage\"},\"image\":{\"@id\":\"https:\/\/motionup.com.br\/site\/produto\/resistor-de-frenagem-4kw-4000-w\/#primaryimage\"},\"thumbnailUrl\":\"https:\/\/motionup.com.br\/site\/wp-content\/uploads\/2021\/09\/Sem-titulo-scaled.jpg\",\"datePublished\":\"2021-09-06T20:56:21+00:00\",\"breadcrumb\":{\"@id\":\"https:\/\/motionup.com.br\/site\/produto\/resistor-de-frenagem-4kw-4000-w\/#breadcrumb\"},\"inLanguage\":\"pt-BR\",\"potentialAction\":[{\"@type\":\"ReadAction\",\"target\":[\"https:\/\/motionup.com.br\/site\/produto\/resistor-de-frenagem-4kw-4000-w\/\"]}]},{\"@type\":\"ImageObject\",\"inLanguage\":\"pt-BR\",\"@id\":\"https:\/\/motionup.com.br\/site\/produto\/resistor-de-frenagem-4kw-4000-w\/#primaryimage\",\"url\":\"https:\/\/motionup.com.br\/site\/wp-content\/uploads\/2021\/09\/Sem-titulo-scaled.jpg\",\"contentUrl\":\"https:\/\/motionup.com.br\/site\/wp-content\/uploads\/2021\/09\/Sem-titulo-scaled.jpg\",\"width\":2560,\"height\":1920},{\"@type\":\"BreadcrumbList\",\"@id\":\"https:\/\/motionup.com.br\/site\/produto\/resistor-de-frenagem-4kw-4000-w\/#breadcrumb\",\"itemListElement\":[{\"@type\":\"ListItem\",\"position\":1,\"name\":\"In\u00edcio\",\"item\":\"https:\/\/motionup.com.br\/site\/\"},{\"@type\":\"ListItem\",\"position\":2,\"name\":\"Produtos\",\"item\":\"https:\/\/motionup.com.br\/site\/produtos\/\"},{\"@type\":\"ListItem\",\"position\":3,\"name\":\"Resistor de Frenagem 4kw\/4000 W\"}]},{\"@type\":\"WebSite\",\"@id\":\"https:\/\/motionup.com.br\/site\/#website\",\"url\":\"https:\/\/motionup.com.br\/site\/\",\"name\":\"Motion Up\",\"description\":\"E-commerce Motion Up - Automa\u00e7\u00e3o Industrial\",\"publisher\":{\"@id\":\"https:\/\/motionup.com.br\/site\/#organization\"},\"potentialAction\":[{\"@type\":\"SearchAction\",\"target\":{\"@type\":\"EntryPoint\",\"urlTemplate\":\"https:\/\/motionup.com.br\/site\/?s={search_term_string}\"},\"query-input\":{\"@type\":\"PropertyValueSpecification\",\"valueRequired\":true,\"valueName\":\"search_term_string\"}}],\"inLanguage\":\"pt-BR\"},{\"@type\":\"Organization\",\"@id\":\"https:\/\/motionup.com.br\/site\/#organization\",\"name\":\"Motion Up\",\"url\":\"https:\/\/motionup.com.br\/site\/\",\"logo\":{\"@type\":\"ImageObject\",\"inLanguage\":\"pt-BR\",\"@id\":\"https:\/\/motionup.com.br\/site\/#\/schema\/logo\/image\/\",\"url\":\"https:\/\/motionup.com.br\/site\/wp-content\/uploads\/2025\/05\/MOTIONUP.png\",\"contentUrl\":\"https:\/\/motionup.com.br\/site\/wp-content\/uploads\/2025\/05\/MOTIONUP.png\",\"width\":1200,\"height\":601,\"caption\":\"Motion Up\"},\"image\":{\"@id\":\"https:\/\/motionup.com.br\/site\/#\/schema\/logo\/image\/\"},\"sameAs\":[\"https:\/\/m.facebook.com\/fp3motionup\/about\/\",\"https:\/\/br.linkedin.com\/company\/fpn-controle-e-automao-industrial-ltda\"]}]}<\/script>\n<!-- \/ Yoast SEO plugin. -->","yoast_head_json":{"title":"Resistor de Frenagem 4kw\/4000 W - Loja Motion Up","robots":{"index":"index","follow":"follow","max-snippet":"max-snippet:-1","max-image-preview":"max-image-preview:large","max-video-preview":"max-video-preview:-1"},"canonical":"https:\/\/motionup.com.br\/site\/produto\/resistor-de-frenagem-4kw-4000-w\/","og_locale":"pt_BR","og_type":"article","og_title":"Resistor de Frenagem 4kw\/4000 W - Loja Motion Up","og_description":"Especifica\u00e7\u00f5es Pot\u00eancia total: 4KW resist\u00eancia: 18 Ohms Tipo construtivo: Resistor fixo de Ni-Cr vitrificado n\u00e3o indutivo Regime de trabalho &#8220;ED&#8221;: 100% Conex\u00f5es el\u00e9tricas: Barra de conex\u00e3o para terminal olhal (terminal olhal n\u00e3o incluso) Pintura: CINZA MUNSELL N6,5 Grau de prote\u00e7\u00e3o: Dispon\u00edveis em IP20 ou IP23, Ap\u00f3s finalizar o pedido informe o grau de prote\u00e7\u00e3o. *Este [&hellip;]","og_url":"https:\/\/motionup.com.br\/site\/produto\/resistor-de-frenagem-4kw-4000-w\/","og_site_name":"Loja Motion Up","article_publisher":"https:\/\/m.facebook.com\/fp3motionup\/about\/","og_image":[{"width":1030,"height":773,"url":"https:\/\/motionup.com.br\/site\/wp-content\/uploads\/2021\/09\/Sem-titulo-1030x773.jpg","type":"image\/jpeg"}],"twitter_card":"summary_large_image","schema":{"@context":"https:\/\/schema.org","@graph":[{"@type":"WebPage","@id":"https:\/\/motionup.com.br\/site\/produto\/resistor-de-frenagem-4kw-4000-w\/","url":"https:\/\/motionup.com.br\/site\/produto\/resistor-de-frenagem-4kw-4000-w\/","name":"Resistor de Frenagem 4kw\/4000 W - Loja Motion Up","isPartOf":{"@id":"https:\/\/motionup.com.br\/site\/#website"},"primaryImageOfPage":{"@id":"https:\/\/motionup.com.br\/site\/produto\/resistor-de-frenagem-4kw-4000-w\/#primaryimage"},"image":{"@id":"https:\/\/motionup.com.br\/site\/produto\/resistor-de-frenagem-4kw-4000-w\/#primaryimage"},"thumbnailUrl":"https:\/\/motionup.com.br\/site\/wp-content\/uploads\/2021\/09\/Sem-titulo-scaled.jpg","datePublished":"2021-09-06T20:56:21+00:00","breadcrumb":{"@id":"https:\/\/motionup.com.br\/site\/produto\/resistor-de-frenagem-4kw-4000-w\/#breadcrumb"},"inLanguage":"pt-BR","potentialAction":[{"@type":"ReadAction","target":["https:\/\/motionup.com.br\/site\/produto\/resistor-de-frenagem-4kw-4000-w\/"]}]},{"@type":"ImageObject","inLanguage":"pt-BR","@id":"https:\/\/motionup.com.br\/site\/produto\/resistor-de-frenagem-4kw-4000-w\/#primaryimage","url":"https:\/\/motionup.com.br\/site\/wp-content\/uploads\/2021\/09\/Sem-titulo-scaled.jpg","contentUrl":"https:\/\/motionup.com.br\/site\/wp-content\/uploads\/2021\/09\/Sem-titulo-scaled.jpg","width":2560,"height":1920},{"@type":"BreadcrumbList","@id":"https:\/\/motionup.com.br\/site\/produto\/resistor-de-frenagem-4kw-4000-w\/#breadcrumb","itemListElement":[{"@type":"ListItem","position":1,"name":"In\u00edcio","item":"https:\/\/motionup.com.br\/site\/"},{"@type":"ListItem","position":2,"name":"Produtos","item":"https:\/\/motionup.com.br\/site\/produtos\/"},{"@type":"ListItem","position":3,"name":"Resistor de Frenagem 4kw\/4000 W"}]},{"@type":"WebSite","@id":"https:\/\/motionup.com.br\/site\/#website","url":"https:\/\/motionup.com.br\/site\/","name":"Motion Up","description":"E-commerce Motion Up - Automa\u00e7\u00e3o Industrial","publisher":{"@id":"https:\/\/motionup.com.br\/site\/#organization"},"potentialAction":[{"@type":"SearchAction","target":{"@type":"EntryPoint","urlTemplate":"https:\/\/motionup.com.br\/site\/?s={search_term_string}"},"query-input":{"@type":"PropertyValueSpecification","valueRequired":true,"valueName":"search_term_string"}}],"inLanguage":"pt-BR"},{"@type":"Organization","@id":"https:\/\/motionup.com.br\/site\/#organization","name":"Motion Up","url":"https:\/\/motionup.com.br\/site\/","logo":{"@type":"ImageObject","inLanguage":"pt-BR","@id":"https:\/\/motionup.com.br\/site\/#\/schema\/logo\/image\/","url":"https:\/\/motionup.com.br\/site\/wp-content\/uploads\/2025\/05\/MOTIONUP.png","contentUrl":"https:\/\/motionup.com.br\/site\/wp-content\/uploads\/2025\/05\/MOTIONUP.png","width":1200,"height":601,"caption":"Motion Up"},"image":{"@id":"https:\/\/motionup.com.br\/site\/#\/schema\/logo\/image\/"},"sameAs":["https:\/\/m.facebook.com\/fp3motionup\/about\/","https:\/\/br.linkedin.com\/company\/fpn-controle-e-automao-industrial-ltda"]}]}},"_links":{"self":[{"href":"https:\/\/motionup.com.br\/site\/wp-json\/wp\/v2\/product\/4064","targetHints":{"allow":["GET"]}}],"collection":[{"href":"https:\/\/motionup.com.br\/site\/wp-json\/wp\/v2\/product"}],"about":[{"href":"https:\/\/motionup.com.br\/site\/wp-json\/wp\/v2\/types\/product"}],"wp:featuredmedia":[{"embeddable":true,"href":"https:\/\/motionup.com.br\/site\/wp-json\/wp\/v2\/media\/4065"}],"wp:attachment":[{"href":"https:\/\/motionup.com.br\/site\/wp-json\/wp\/v2\/media?parent=4064"}],"wp:term":[{"taxonomy":"product_brand","embeddable":true,"href":"https:\/\/motionup.com.br\/site\/wp-json\/wp\/v2\/product_brand?post=4064"},{"taxonomy":"product_cat","embeddable":true,"href":"https:\/\/motionup.com.br\/site\/wp-json\/wp\/v2\/product_cat?post=4064"},{"taxonomy":"product_tag","embeddable":true,"href":"https:\/\/motionup.com.br\/site\/wp-json\/wp\/v2\/product_tag?post=4064"}],"curies":[{"name":"wp","href":"https:\/\/api.w.org\/{rel}","templated":true}]}}