{"id":4752,"date":"2022-06-07T15:56:16","date_gmt":"2022-06-07T18:56:16","guid":{"rendered":"https:\/\/motionup.com.br\/site\/?post_type=product&#038;p=4752"},"modified":"2022-06-07T16:23:17","modified_gmt":"2022-06-07T19:23:17","slug":"chave-de-nivel-com-pa-de-medicao-rotativa-rn-4001","status":"publish","type":"product","link":"https:\/\/motionup.com.br\/site\/produto\/chave-de-nivel-com-pa-de-medicao-rotativa-rn-4001\/","title":{"rendered":"Chave de n\u00edvel com p\u00e1 de medi\u00e7\u00e3o rotativa &#8211; RN 4001"},"content":{"rendered":"<p>Chave de n\u00edvel com p\u00e1 de medi\u00e7\u00e3o rotativa &#8211; RN 4001<\/p>\n<p>Consulte um vendedor e solicite um or\u00e7amento<\/p>\n<p>vendas@motionup.com.br<\/p>\n<p>motionup@motionup.com.br<\/p>\n<ul>\n<li>Fabricante: UWT Level Control<\/li>\n<li>Modelo RN4001 (C\u00f3digo: RN4001A0EA1AS)<\/li>\n<li>Certificado: CE;<\/li>\n<li>Design pequeno e compacto, requer pouco espa\u00e7o;<\/li>\n<li>Alimenta\u00e7\u00e3o el\u00e9trica: 24V DC 2.5;<\/li>\n<li>Funcionalidade simples e confi\u00e1vel, livre de manuten\u00e7\u00e3o;<\/li>\n<li>Caixa girat\u00f3ria de pl\u00e1stico P\u00c1 (IP 66) para f\u00e1cil instala\u00e7\u00e3o;<\/li>\n<li>Conex\u00e3o processo: Rosca G 1.1\/2\u2033, DIN 228 em pl\u00e1stico PA6;<\/li>\n<li>P\u00e1: 40x98mm em a\u00e7o inoxid\u00e1vel para soquete 1 1\/2&#8243;;<\/li>\n<li>Montagem vertical, horizontal ou obliqua;<\/li>\n<li>Tamanho da extens\u00e3o: 130mm;<\/li>\n<li>Produto importado, desenvolvimento e fabricado na Alemanha.<\/li>\n<\/ul>\n<p style=\"text-align: left\"><strong><em>Aplica\u00e7\u00e3o:\u00a0<\/em><\/strong>Pode ser utilizado para detec\u00e7\u00e3o de n\u00edvel m\u00e1ximo, demanda ou m\u00ednimo. \u00c9 principalmente apropriado para baixo esfor\u00e7o mec\u00e2nico em uma variedade de materiais, como: gr\u00e3os, ra\u00e7\u00e3o, detergente, giz, cimento, plastico granulado e muito mais.<\/p>\n<p style=\"text-align: left\">\n","protected":false},"excerpt":{"rendered":"<p>Chave de n\u00edvel com p\u00e1 de medi\u00e7\u00e3o rotativa &#8211; RN 4001 Consulte um vendedor e solicite um or\u00e7amento vendas@motionup.com.br motionup@motionup.com.br Fabricante: UWT Level Control Modelo RN4001 (C\u00f3digo: RN4001A0EA1AS) Certificado: CE; Design pequeno e compacto, requer pouco espa\u00e7o; Alimenta\u00e7\u00e3o el\u00e9trica: 24V DC 2.5; Funcionalidade simples e confi\u00e1vel, livre de manuten\u00e7\u00e3o; Caixa girat\u00f3ria de pl\u00e1stico P\u00c1 (IP [&hellip;]<\/p>\n","protected":false},"featured_media":4753,"template":"","meta":[],"product_brand":[],"product_cat":[450],"product_tag":[452,453],"class_list":{"0":"post-4752","1":"product","2":"type-product","3":"status-publish","4":"has-post-thumbnail","6":"product_cat-sensor-de-nivel-rotativo","7":"product_tag-rn4001","8":"product_tag-sensor-de-nivel-rotativo","10":"first","11":"onbackorder","12":"shipping-taxable","13":"product-type-grouped"},"yoast_head":"<!-- This site is optimized with the Yoast SEO plugin v26.3 - https:\/\/yoast.com\/wordpress\/plugins\/seo\/ -->\n<title>Chave de n\u00edvel com p\u00e1 de medi\u00e7\u00e3o rotativa - RN 4001 - Loja Motion Up<\/title>\n<meta name=\"robots\" content=\"index, follow, max-snippet:-1, max-image-preview:large, max-video-preview:-1\" \/>\n<link rel=\"canonical\" href=\"https:\/\/motionup.com.br\/site\/produto\/chave-de-nivel-com-pa-de-medicao-rotativa-rn-4001\/\" \/>\n<meta property=\"og:locale\" content=\"pt_BR\" \/>\n<meta property=\"og:type\" content=\"article\" \/>\n<meta property=\"og:title\" content=\"Chave de n\u00edvel com p\u00e1 de medi\u00e7\u00e3o rotativa - RN 4001 - Loja Motion Up\" \/>\n<meta property=\"og:description\" content=\"Chave de n\u00edvel com p\u00e1 de medi\u00e7\u00e3o rotativa &#8211; RN 4001 Consulte um vendedor e solicite um or\u00e7amento vendas@motionup.com.br motionup@motionup.com.br Fabricante: UWT Level Control Modelo RN4001 (C\u00f3digo: RN4001A0EA1AS) Certificado: CE; Design pequeno e compacto, requer pouco espa\u00e7o; Alimenta\u00e7\u00e3o el\u00e9trica: 24V DC 2.5; Funcionalidade simples e confi\u00e1vel, livre de manuten\u00e7\u00e3o; Caixa girat\u00f3ria de pl\u00e1stico P\u00c1 (IP [&hellip;]\" \/>\n<meta property=\"og:url\" content=\"https:\/\/motionup.com.br\/site\/produto\/chave-de-nivel-com-pa-de-medicao-rotativa-rn-4001\/\" \/>\n<meta property=\"og:site_name\" content=\"Loja Motion Up\" \/>\n<meta property=\"article:publisher\" content=\"https:\/\/m.facebook.com\/fp3motionup\/about\/\" \/>\n<meta property=\"article:modified_time\" content=\"2022-06-07T19:23:17+00:00\" \/>\n<meta property=\"og:image\" content=\"https:\/\/motionup.com.br\/site\/wp-content\/uploads\/2022\/06\/Rotonivo-RN-4001.png\" \/>\n\t<meta property=\"og:image:width\" content=\"800\" \/>\n\t<meta property=\"og:image:height\" content=\"800\" \/>\n\t<meta property=\"og:image:type\" content=\"image\/png\" \/>\n<meta name=\"twitter:card\" content=\"summary_large_image\" \/>\n<meta name=\"twitter:label1\" content=\"Est. tempo de leitura\" \/>\n\t<meta name=\"twitter:data1\" content=\"1 minuto\" \/>\n<script type=\"application\/ld+json\" class=\"yoast-schema-graph\">{\"@context\":\"https:\/\/schema.org\",\"@graph\":[{\"@type\":\"WebPage\",\"@id\":\"https:\/\/motionup.com.br\/site\/produto\/chave-de-nivel-com-pa-de-medicao-rotativa-rn-4001\/\",\"url\":\"https:\/\/motionup.com.br\/site\/produto\/chave-de-nivel-com-pa-de-medicao-rotativa-rn-4001\/\",\"name\":\"Chave de n\u00edvel com p\u00e1 de medi\u00e7\u00e3o rotativa - RN 4001 - Loja Motion Up\",\"isPartOf\":{\"@id\":\"https:\/\/motionup.com.br\/site\/#website\"},\"primaryImageOfPage\":{\"@id\":\"https:\/\/motionup.com.br\/site\/produto\/chave-de-nivel-com-pa-de-medicao-rotativa-rn-4001\/#primaryimage\"},\"image\":{\"@id\":\"https:\/\/motionup.com.br\/site\/produto\/chave-de-nivel-com-pa-de-medicao-rotativa-rn-4001\/#primaryimage\"},\"thumbnailUrl\":\"https:\/\/motionup.com.br\/site\/wp-content\/uploads\/2022\/06\/Rotonivo-RN-4001.png\",\"datePublished\":\"2022-06-07T18:56:16+00:00\",\"dateModified\":\"2022-06-07T19:23:17+00:00\",\"breadcrumb\":{\"@id\":\"https:\/\/motionup.com.br\/site\/produto\/chave-de-nivel-com-pa-de-medicao-rotativa-rn-4001\/#breadcrumb\"},\"inLanguage\":\"pt-BR\",\"potentialAction\":[{\"@type\":\"ReadAction\",\"target\":[\"https:\/\/motionup.com.br\/site\/produto\/chave-de-nivel-com-pa-de-medicao-rotativa-rn-4001\/\"]}]},{\"@type\":\"ImageObject\",\"inLanguage\":\"pt-BR\",\"@id\":\"https:\/\/motionup.com.br\/site\/produto\/chave-de-nivel-com-pa-de-medicao-rotativa-rn-4001\/#primaryimage\",\"url\":\"https:\/\/motionup.com.br\/site\/wp-content\/uploads\/2022\/06\/Rotonivo-RN-4001.png\",\"contentUrl\":\"https:\/\/motionup.com.br\/site\/wp-content\/uploads\/2022\/06\/Rotonivo-RN-4001.png\",\"width\":800,\"height\":800,\"caption\":\"IMAGEM ILUSTRATIVA\"},{\"@type\":\"BreadcrumbList\",\"@id\":\"https:\/\/motionup.com.br\/site\/produto\/chave-de-nivel-com-pa-de-medicao-rotativa-rn-4001\/#breadcrumb\",\"itemListElement\":[{\"@type\":\"ListItem\",\"position\":1,\"name\":\"In\u00edcio\",\"item\":\"https:\/\/motionup.com.br\/site\/\"},{\"@type\":\"ListItem\",\"position\":2,\"name\":\"Produtos\",\"item\":\"https:\/\/motionup.com.br\/site\/produtos\/\"},{\"@type\":\"ListItem\",\"position\":3,\"name\":\"Chave de n\u00edvel com p\u00e1 de medi\u00e7\u00e3o rotativa &#8211; RN 4001\"}]},{\"@type\":\"WebSite\",\"@id\":\"https:\/\/motionup.com.br\/site\/#website\",\"url\":\"https:\/\/motionup.com.br\/site\/\",\"name\":\"Motion Up\",\"description\":\"E-commerce Motion Up - Automa\u00e7\u00e3o Industrial\",\"publisher\":{\"@id\":\"https:\/\/motionup.com.br\/site\/#organization\"},\"potentialAction\":[{\"@type\":\"SearchAction\",\"target\":{\"@type\":\"EntryPoint\",\"urlTemplate\":\"https:\/\/motionup.com.br\/site\/?s={search_term_string}\"},\"query-input\":{\"@type\":\"PropertyValueSpecification\",\"valueRequired\":true,\"valueName\":\"search_term_string\"}}],\"inLanguage\":\"pt-BR\"},{\"@type\":\"Organization\",\"@id\":\"https:\/\/motionup.com.br\/site\/#organization\",\"name\":\"Motion Up\",\"url\":\"https:\/\/motionup.com.br\/site\/\",\"logo\":{\"@type\":\"ImageObject\",\"inLanguage\":\"pt-BR\",\"@id\":\"https:\/\/motionup.com.br\/site\/#\/schema\/logo\/image\/\",\"url\":\"https:\/\/motionup.com.br\/site\/wp-content\/uploads\/2025\/05\/MOTIONUP.png\",\"contentUrl\":\"https:\/\/motionup.com.br\/site\/wp-content\/uploads\/2025\/05\/MOTIONUP.png\",\"width\":1200,\"height\":601,\"caption\":\"Motion Up\"},\"image\":{\"@id\":\"https:\/\/motionup.com.br\/site\/#\/schema\/logo\/image\/\"},\"sameAs\":[\"https:\/\/m.facebook.com\/fp3motionup\/about\/\",\"https:\/\/br.linkedin.com\/company\/fpn-controle-e-automao-industrial-ltda\"]}]}<\/script>\n<!-- \/ Yoast SEO plugin. -->","yoast_head_json":{"title":"Chave de n\u00edvel com p\u00e1 de medi\u00e7\u00e3o rotativa - RN 4001 - Loja Motion Up","robots":{"index":"index","follow":"follow","max-snippet":"max-snippet:-1","max-image-preview":"max-image-preview:large","max-video-preview":"max-video-preview:-1"},"canonical":"https:\/\/motionup.com.br\/site\/produto\/chave-de-nivel-com-pa-de-medicao-rotativa-rn-4001\/","og_locale":"pt_BR","og_type":"article","og_title":"Chave de n\u00edvel com p\u00e1 de medi\u00e7\u00e3o rotativa - RN 4001 - Loja Motion Up","og_description":"Chave de n\u00edvel com p\u00e1 de medi\u00e7\u00e3o rotativa &#8211; RN 4001 Consulte um vendedor e solicite um or\u00e7amento vendas@motionup.com.br motionup@motionup.com.br Fabricante: UWT Level Control Modelo RN4001 (C\u00f3digo: RN4001A0EA1AS) Certificado: CE; Design pequeno e compacto, requer pouco espa\u00e7o; Alimenta\u00e7\u00e3o el\u00e9trica: 24V DC 2.5; Funcionalidade simples e confi\u00e1vel, livre de manuten\u00e7\u00e3o; Caixa girat\u00f3ria de pl\u00e1stico P\u00c1 (IP [&hellip;]","og_url":"https:\/\/motionup.com.br\/site\/produto\/chave-de-nivel-com-pa-de-medicao-rotativa-rn-4001\/","og_site_name":"Loja Motion Up","article_publisher":"https:\/\/m.facebook.com\/fp3motionup\/about\/","article_modified_time":"2022-06-07T19:23:17+00:00","og_image":[{"width":800,"height":800,"url":"https:\/\/motionup.com.br\/site\/wp-content\/uploads\/2022\/06\/Rotonivo-RN-4001.png","type":"image\/png"}],"twitter_card":"summary_large_image","twitter_misc":{"Est. tempo de leitura":"1 minuto"},"schema":{"@context":"https:\/\/schema.org","@graph":[{"@type":"WebPage","@id":"https:\/\/motionup.com.br\/site\/produto\/chave-de-nivel-com-pa-de-medicao-rotativa-rn-4001\/","url":"https:\/\/motionup.com.br\/site\/produto\/chave-de-nivel-com-pa-de-medicao-rotativa-rn-4001\/","name":"Chave de n\u00edvel com p\u00e1 de medi\u00e7\u00e3o rotativa - RN 4001 - Loja Motion Up","isPartOf":{"@id":"https:\/\/motionup.com.br\/site\/#website"},"primaryImageOfPage":{"@id":"https:\/\/motionup.com.br\/site\/produto\/chave-de-nivel-com-pa-de-medicao-rotativa-rn-4001\/#primaryimage"},"image":{"@id":"https:\/\/motionup.com.br\/site\/produto\/chave-de-nivel-com-pa-de-medicao-rotativa-rn-4001\/#primaryimage"},"thumbnailUrl":"https:\/\/motionup.com.br\/site\/wp-content\/uploads\/2022\/06\/Rotonivo-RN-4001.png","datePublished":"2022-06-07T18:56:16+00:00","dateModified":"2022-06-07T19:23:17+00:00","breadcrumb":{"@id":"https:\/\/motionup.com.br\/site\/produto\/chave-de-nivel-com-pa-de-medicao-rotativa-rn-4001\/#breadcrumb"},"inLanguage":"pt-BR","potentialAction":[{"@type":"ReadAction","target":["https:\/\/motionup.com.br\/site\/produto\/chave-de-nivel-com-pa-de-medicao-rotativa-rn-4001\/"]}]},{"@type":"ImageObject","inLanguage":"pt-BR","@id":"https:\/\/motionup.com.br\/site\/produto\/chave-de-nivel-com-pa-de-medicao-rotativa-rn-4001\/#primaryimage","url":"https:\/\/motionup.com.br\/site\/wp-content\/uploads\/2022\/06\/Rotonivo-RN-4001.png","contentUrl":"https:\/\/motionup.com.br\/site\/wp-content\/uploads\/2022\/06\/Rotonivo-RN-4001.png","width":800,"height":800,"caption":"IMAGEM ILUSTRATIVA"},{"@type":"BreadcrumbList","@id":"https:\/\/motionup.com.br\/site\/produto\/chave-de-nivel-com-pa-de-medicao-rotativa-rn-4001\/#breadcrumb","itemListElement":[{"@type":"ListItem","position":1,"name":"In\u00edcio","item":"https:\/\/motionup.com.br\/site\/"},{"@type":"ListItem","position":2,"name":"Produtos","item":"https:\/\/motionup.com.br\/site\/produtos\/"},{"@type":"ListItem","position":3,"name":"Chave de n\u00edvel com p\u00e1 de medi\u00e7\u00e3o rotativa &#8211; RN 4001"}]},{"@type":"WebSite","@id":"https:\/\/motionup.com.br\/site\/#website","url":"https:\/\/motionup.com.br\/site\/","name":"Motion Up","description":"E-commerce Motion Up - Automa\u00e7\u00e3o Industrial","publisher":{"@id":"https:\/\/motionup.com.br\/site\/#organization"},"potentialAction":[{"@type":"SearchAction","target":{"@type":"EntryPoint","urlTemplate":"https:\/\/motionup.com.br\/site\/?s={search_term_string}"},"query-input":{"@type":"PropertyValueSpecification","valueRequired":true,"valueName":"search_term_string"}}],"inLanguage":"pt-BR"},{"@type":"Organization","@id":"https:\/\/motionup.com.br\/site\/#organization","name":"Motion Up","url":"https:\/\/motionup.com.br\/site\/","logo":{"@type":"ImageObject","inLanguage":"pt-BR","@id":"https:\/\/motionup.com.br\/site\/#\/schema\/logo\/image\/","url":"https:\/\/motionup.com.br\/site\/wp-content\/uploads\/2025\/05\/MOTIONUP.png","contentUrl":"https:\/\/motionup.com.br\/site\/wp-content\/uploads\/2025\/05\/MOTIONUP.png","width":1200,"height":601,"caption":"Motion Up"},"image":{"@id":"https:\/\/motionup.com.br\/site\/#\/schema\/logo\/image\/"},"sameAs":["https:\/\/m.facebook.com\/fp3motionup\/about\/","https:\/\/br.linkedin.com\/company\/fpn-controle-e-automao-industrial-ltda"]}]}},"_links":{"self":[{"href":"https:\/\/motionup.com.br\/site\/wp-json\/wp\/v2\/product\/4752","targetHints":{"allow":["GET"]}}],"collection":[{"href":"https:\/\/motionup.com.br\/site\/wp-json\/wp\/v2\/product"}],"about":[{"href":"https:\/\/motionup.com.br\/site\/wp-json\/wp\/v2\/types\/product"}],"wp:featuredmedia":[{"embeddable":true,"href":"https:\/\/motionup.com.br\/site\/wp-json\/wp\/v2\/media\/4753"}],"wp:attachment":[{"href":"https:\/\/motionup.com.br\/site\/wp-json\/wp\/v2\/media?parent=4752"}],"wp:term":[{"taxonomy":"product_brand","embeddable":true,"href":"https:\/\/motionup.com.br\/site\/wp-json\/wp\/v2\/product_brand?post=4752"},{"taxonomy":"product_cat","embeddable":true,"href":"https:\/\/motionup.com.br\/site\/wp-json\/wp\/v2\/product_cat?post=4752"},{"taxonomy":"product_tag","embeddable":true,"href":"https:\/\/motionup.com.br\/site\/wp-json\/wp\/v2\/product_tag?post=4752"}],"curies":[{"name":"wp","href":"https:\/\/api.w.org\/{rel}","templated":true}]}}