{"id":6569,"date":"2023-09-26T08:32:47","date_gmt":"2023-09-26T11:32:47","guid":{"rendered":"https:\/\/motionup.com.br\/site\/?post_type=product&#038;p=6569"},"modified":"2023-09-26T08:32:47","modified_gmt":"2023-09-26T11:32:47","slug":"e30044-parafuso-amortecedor-de-sobrepressao-p-sensores-de-pressao-p-sensores-pa-pb-pn-py-pz-ifm","status":"publish","type":"product","link":"https:\/\/motionup.com.br\/site\/produto\/e30044-parafuso-amortecedor-de-sobrepressao-p-sensores-de-pressao-p-sensores-pa-pb-pn-py-pz-ifm\/","title":{"rendered":"E30044 &#8211; PARAFUSO AMORTECEDOR DE SOBREPRESSAO P\/ SENSORES DE PRESSAO (P\/ SENSORES PA, PB, PN, PY, PZ) &#8211; IFM"},"content":{"rendered":"<p>E30044 &#8211; PARAFUSO AMORTECEDOR DE SOBREPRESSAO P\/ SENSORES DE PRESSAO (P\/ SENSORES PA, PB, PN, PY, PZ) &#8211; IFM<\/p>\n<p>Consultar um vendedor e solicitar um or\u00e7amento<\/p>\n<p>vendas@motionup.com.br<\/p>\n<p>motionup@motionup.com.br<\/p>\n<hr \/>\n<ul class=\"bulletpoint-list__entries\">\n<li>Para a instala\u00e7\u00e3o em sensores de press\u00e3o<\/li>\n<li>Prote\u00e7\u00e3o efetiva da c\u00e9lula de medi\u00e7\u00e3o de press\u00e3o contra picos de press\u00e3o<\/li>\n<li>Para amortecimento de choques de press\u00e3o em produto l\u00edquidos finos<\/li>\n<\/ul>\n<blockquote><p><strong>CAMPO DE APLICA\u00c7\u00c3O<\/strong><\/p><\/blockquote>\n<ul>\n<li>Modelo &#8212;&gt; Para sensores de press\u00e3o Typ PA, PB, PN, PY, PZ<\/li>\n<\/ul>\n","protected":false},"excerpt":{"rendered":"<p>E30044 &#8211; PARAFUSO AMORTECEDOR DE SOBREPRESSAO P\/ SENSORES DE PRESSAO (P\/ SENSORES PA, PB, PN, PY, PZ) &#8211; IFM Consultar um vendedor e solicitar um or\u00e7amento vendas@motionup.com.br motionup@motionup.com.br Para a instala\u00e7\u00e3o em sensores de press\u00e3o Prote\u00e7\u00e3o efetiva da c\u00e9lula de medi\u00e7\u00e3o de press\u00e3o contra picos de press\u00e3o Para amortecimento de choques de press\u00e3o em produto [&hellip;]<\/p>\n","protected":false},"featured_media":6570,"template":"","meta":[],"product_brand":[],"product_cat":[353,79],"product_tag":[],"class_list":{"0":"post-6569","1":"product","2":"type-product","3":"status-publish","4":"has-post-thumbnail","6":"product_cat-ifm","7":"product_cat-acessorios","9":"first","10":"onbackorder","11":"shipping-taxable","12":"product-type-simple"},"yoast_head":"<!-- This site is optimized with the Yoast SEO plugin v26.3 - https:\/\/yoast.com\/wordpress\/plugins\/seo\/ -->\n<title>E30044 - PARAFUSO AMORTECEDOR DE SOBREPRESSAO P\/ SENSORES DE PRESSAO (P\/ SENSORES PA, PB, PN, PY, PZ) - IFM - Loja Motion Up<\/title>\n<meta name=\"robots\" content=\"index, follow, max-snippet:-1, max-image-preview:large, max-video-preview:-1\" \/>\n<link rel=\"canonical\" href=\"https:\/\/motionup.com.br\/site\/produto\/e30044-parafuso-amortecedor-de-sobrepressao-p-sensores-de-pressao-p-sensores-pa-pb-pn-py-pz-ifm\/\" \/>\n<meta property=\"og:locale\" content=\"pt_BR\" \/>\n<meta property=\"og:type\" content=\"article\" \/>\n<meta property=\"og:title\" content=\"E30044 - PARAFUSO AMORTECEDOR DE SOBREPRESSAO P\/ SENSORES DE PRESSAO (P\/ SENSORES PA, PB, PN, PY, PZ) - IFM - Loja Motion Up\" \/>\n<meta property=\"og:description\" content=\"E30044 &#8211; PARAFUSO AMORTECEDOR DE SOBREPRESSAO P\/ SENSORES DE PRESSAO (P\/ SENSORES PA, PB, PN, PY, PZ) &#8211; IFM Consultar um vendedor e solicitar um or\u00e7amento vendas@motionup.com.br motionup@motionup.com.br Para a instala\u00e7\u00e3o em sensores de press\u00e3o Prote\u00e7\u00e3o efetiva da c\u00e9lula de medi\u00e7\u00e3o de press\u00e3o contra picos de press\u00e3o Para amortecimento de choques de press\u00e3o em produto [&hellip;]\" \/>\n<meta property=\"og:url\" content=\"https:\/\/motionup.com.br\/site\/produto\/e30044-parafuso-amortecedor-de-sobrepressao-p-sensores-de-pressao-p-sensores-pa-pb-pn-py-pz-ifm\/\" \/>\n<meta property=\"og:site_name\" content=\"Loja Motion Up\" \/>\n<meta property=\"article:publisher\" content=\"https:\/\/m.facebook.com\/fp3motionup\/about\/\" \/>\n<meta property=\"og:image\" content=\"https:\/\/motionup.com.br\/site\/wp-content\/uploads\/2023\/09\/AC1154-40.jpg\" \/>\n\t<meta property=\"og:image:width\" content=\"600\" \/>\n\t<meta property=\"og:image:height\" content=\"600\" \/>\n\t<meta property=\"og:image:type\" content=\"image\/jpeg\" \/>\n<meta name=\"twitter:card\" content=\"summary_large_image\" \/>\n<script type=\"application\/ld+json\" class=\"yoast-schema-graph\">{\"@context\":\"https:\/\/schema.org\",\"@graph\":[{\"@type\":\"WebPage\",\"@id\":\"https:\/\/motionup.com.br\/site\/produto\/e30044-parafuso-amortecedor-de-sobrepressao-p-sensores-de-pressao-p-sensores-pa-pb-pn-py-pz-ifm\/\",\"url\":\"https:\/\/motionup.com.br\/site\/produto\/e30044-parafuso-amortecedor-de-sobrepressao-p-sensores-de-pressao-p-sensores-pa-pb-pn-py-pz-ifm\/\",\"name\":\"E30044 - PARAFUSO AMORTECEDOR DE SOBREPRESSAO P\/ SENSORES DE PRESSAO (P\/ SENSORES PA, PB, PN, PY, PZ) - IFM - Loja Motion Up\",\"isPartOf\":{\"@id\":\"https:\/\/motionup.com.br\/site\/#website\"},\"primaryImageOfPage\":{\"@id\":\"https:\/\/motionup.com.br\/site\/produto\/e30044-parafuso-amortecedor-de-sobrepressao-p-sensores-de-pressao-p-sensores-pa-pb-pn-py-pz-ifm\/#primaryimage\"},\"image\":{\"@id\":\"https:\/\/motionup.com.br\/site\/produto\/e30044-parafuso-amortecedor-de-sobrepressao-p-sensores-de-pressao-p-sensores-pa-pb-pn-py-pz-ifm\/#primaryimage\"},\"thumbnailUrl\":\"https:\/\/motionup.com.br\/site\/wp-content\/uploads\/2023\/09\/AC1154-40.jpg\",\"datePublished\":\"2023-09-26T11:32:47+00:00\",\"breadcrumb\":{\"@id\":\"https:\/\/motionup.com.br\/site\/produto\/e30044-parafuso-amortecedor-de-sobrepressao-p-sensores-de-pressao-p-sensores-pa-pb-pn-py-pz-ifm\/#breadcrumb\"},\"inLanguage\":\"pt-BR\",\"potentialAction\":[{\"@type\":\"ReadAction\",\"target\":[\"https:\/\/motionup.com.br\/site\/produto\/e30044-parafuso-amortecedor-de-sobrepressao-p-sensores-de-pressao-p-sensores-pa-pb-pn-py-pz-ifm\/\"]}]},{\"@type\":\"ImageObject\",\"inLanguage\":\"pt-BR\",\"@id\":\"https:\/\/motionup.com.br\/site\/produto\/e30044-parafuso-amortecedor-de-sobrepressao-p-sensores-de-pressao-p-sensores-pa-pb-pn-py-pz-ifm\/#primaryimage\",\"url\":\"https:\/\/motionup.com.br\/site\/wp-content\/uploads\/2023\/09\/AC1154-40.jpg\",\"contentUrl\":\"https:\/\/motionup.com.br\/site\/wp-content\/uploads\/2023\/09\/AC1154-40.jpg\",\"width\":600,\"height\":600},{\"@type\":\"BreadcrumbList\",\"@id\":\"https:\/\/motionup.com.br\/site\/produto\/e30044-parafuso-amortecedor-de-sobrepressao-p-sensores-de-pressao-p-sensores-pa-pb-pn-py-pz-ifm\/#breadcrumb\",\"itemListElement\":[{\"@type\":\"ListItem\",\"position\":1,\"name\":\"In\u00edcio\",\"item\":\"https:\/\/motionup.com.br\/site\/\"},{\"@type\":\"ListItem\",\"position\":2,\"name\":\"Produtos\",\"item\":\"https:\/\/motionup.com.br\/site\/produtos\/\"},{\"@type\":\"ListItem\",\"position\":3,\"name\":\"E30044 &#8211; PARAFUSO AMORTECEDOR DE SOBREPRESSAO P\/ SENSORES DE PRESSAO (P\/ SENSORES PA, PB, PN, PY, PZ) &#8211; IFM\"}]},{\"@type\":\"WebSite\",\"@id\":\"https:\/\/motionup.com.br\/site\/#website\",\"url\":\"https:\/\/motionup.com.br\/site\/\",\"name\":\"Motion Up\",\"description\":\"E-commerce Motion Up - Automa\u00e7\u00e3o Industrial\",\"publisher\":{\"@id\":\"https:\/\/motionup.com.br\/site\/#organization\"},\"potentialAction\":[{\"@type\":\"SearchAction\",\"target\":{\"@type\":\"EntryPoint\",\"urlTemplate\":\"https:\/\/motionup.com.br\/site\/?s={search_term_string}\"},\"query-input\":{\"@type\":\"PropertyValueSpecification\",\"valueRequired\":true,\"valueName\":\"search_term_string\"}}],\"inLanguage\":\"pt-BR\"},{\"@type\":\"Organization\",\"@id\":\"https:\/\/motionup.com.br\/site\/#organization\",\"name\":\"Motion Up\",\"url\":\"https:\/\/motionup.com.br\/site\/\",\"logo\":{\"@type\":\"ImageObject\",\"inLanguage\":\"pt-BR\",\"@id\":\"https:\/\/motionup.com.br\/site\/#\/schema\/logo\/image\/\",\"url\":\"https:\/\/motionup.com.br\/site\/wp-content\/uploads\/2025\/05\/MOTIONUP.png\",\"contentUrl\":\"https:\/\/motionup.com.br\/site\/wp-content\/uploads\/2025\/05\/MOTIONUP.png\",\"width\":1200,\"height\":601,\"caption\":\"Motion Up\"},\"image\":{\"@id\":\"https:\/\/motionup.com.br\/site\/#\/schema\/logo\/image\/\"},\"sameAs\":[\"https:\/\/m.facebook.com\/fp3motionup\/about\/\",\"https:\/\/br.linkedin.com\/company\/fpn-controle-e-automao-industrial-ltda\"]}]}<\/script>\n<!-- \/ Yoast SEO plugin. -->","yoast_head_json":{"title":"E30044 - PARAFUSO AMORTECEDOR DE SOBREPRESSAO P\/ SENSORES DE PRESSAO (P\/ SENSORES PA, PB, PN, PY, PZ) - IFM - Loja Motion Up","robots":{"index":"index","follow":"follow","max-snippet":"max-snippet:-1","max-image-preview":"max-image-preview:large","max-video-preview":"max-video-preview:-1"},"canonical":"https:\/\/motionup.com.br\/site\/produto\/e30044-parafuso-amortecedor-de-sobrepressao-p-sensores-de-pressao-p-sensores-pa-pb-pn-py-pz-ifm\/","og_locale":"pt_BR","og_type":"article","og_title":"E30044 - PARAFUSO AMORTECEDOR DE SOBREPRESSAO P\/ SENSORES DE PRESSAO (P\/ SENSORES PA, PB, PN, PY, PZ) - IFM - Loja Motion Up","og_description":"E30044 &#8211; PARAFUSO AMORTECEDOR DE SOBREPRESSAO P\/ SENSORES DE PRESSAO (P\/ SENSORES PA, PB, PN, PY, PZ) &#8211; IFM Consultar um vendedor e solicitar um or\u00e7amento vendas@motionup.com.br motionup@motionup.com.br Para a instala\u00e7\u00e3o em sensores de press\u00e3o Prote\u00e7\u00e3o efetiva da c\u00e9lula de medi\u00e7\u00e3o de press\u00e3o contra picos de press\u00e3o Para amortecimento de choques de press\u00e3o em produto [&hellip;]","og_url":"https:\/\/motionup.com.br\/site\/produto\/e30044-parafuso-amortecedor-de-sobrepressao-p-sensores-de-pressao-p-sensores-pa-pb-pn-py-pz-ifm\/","og_site_name":"Loja Motion Up","article_publisher":"https:\/\/m.facebook.com\/fp3motionup\/about\/","og_image":[{"width":600,"height":600,"url":"https:\/\/motionup.com.br\/site\/wp-content\/uploads\/2023\/09\/AC1154-40.jpg","type":"image\/jpeg"}],"twitter_card":"summary_large_image","schema":{"@context":"https:\/\/schema.org","@graph":[{"@type":"WebPage","@id":"https:\/\/motionup.com.br\/site\/produto\/e30044-parafuso-amortecedor-de-sobrepressao-p-sensores-de-pressao-p-sensores-pa-pb-pn-py-pz-ifm\/","url":"https:\/\/motionup.com.br\/site\/produto\/e30044-parafuso-amortecedor-de-sobrepressao-p-sensores-de-pressao-p-sensores-pa-pb-pn-py-pz-ifm\/","name":"E30044 - PARAFUSO AMORTECEDOR DE SOBREPRESSAO P\/ SENSORES DE PRESSAO (P\/ SENSORES PA, PB, PN, PY, PZ) - IFM - Loja Motion Up","isPartOf":{"@id":"https:\/\/motionup.com.br\/site\/#website"},"primaryImageOfPage":{"@id":"https:\/\/motionup.com.br\/site\/produto\/e30044-parafuso-amortecedor-de-sobrepressao-p-sensores-de-pressao-p-sensores-pa-pb-pn-py-pz-ifm\/#primaryimage"},"image":{"@id":"https:\/\/motionup.com.br\/site\/produto\/e30044-parafuso-amortecedor-de-sobrepressao-p-sensores-de-pressao-p-sensores-pa-pb-pn-py-pz-ifm\/#primaryimage"},"thumbnailUrl":"https:\/\/motionup.com.br\/site\/wp-content\/uploads\/2023\/09\/AC1154-40.jpg","datePublished":"2023-09-26T11:32:47+00:00","breadcrumb":{"@id":"https:\/\/motionup.com.br\/site\/produto\/e30044-parafuso-amortecedor-de-sobrepressao-p-sensores-de-pressao-p-sensores-pa-pb-pn-py-pz-ifm\/#breadcrumb"},"inLanguage":"pt-BR","potentialAction":[{"@type":"ReadAction","target":["https:\/\/motionup.com.br\/site\/produto\/e30044-parafuso-amortecedor-de-sobrepressao-p-sensores-de-pressao-p-sensores-pa-pb-pn-py-pz-ifm\/"]}]},{"@type":"ImageObject","inLanguage":"pt-BR","@id":"https:\/\/motionup.com.br\/site\/produto\/e30044-parafuso-amortecedor-de-sobrepressao-p-sensores-de-pressao-p-sensores-pa-pb-pn-py-pz-ifm\/#primaryimage","url":"https:\/\/motionup.com.br\/site\/wp-content\/uploads\/2023\/09\/AC1154-40.jpg","contentUrl":"https:\/\/motionup.com.br\/site\/wp-content\/uploads\/2023\/09\/AC1154-40.jpg","width":600,"height":600},{"@type":"BreadcrumbList","@id":"https:\/\/motionup.com.br\/site\/produto\/e30044-parafuso-amortecedor-de-sobrepressao-p-sensores-de-pressao-p-sensores-pa-pb-pn-py-pz-ifm\/#breadcrumb","itemListElement":[{"@type":"ListItem","position":1,"name":"In\u00edcio","item":"https:\/\/motionup.com.br\/site\/"},{"@type":"ListItem","position":2,"name":"Produtos","item":"https:\/\/motionup.com.br\/site\/produtos\/"},{"@type":"ListItem","position":3,"name":"E30044 &#8211; PARAFUSO AMORTECEDOR DE SOBREPRESSAO P\/ SENSORES DE PRESSAO (P\/ SENSORES PA, PB, PN, PY, PZ) &#8211; IFM"}]},{"@type":"WebSite","@id":"https:\/\/motionup.com.br\/site\/#website","url":"https:\/\/motionup.com.br\/site\/","name":"Motion Up","description":"E-commerce Motion Up - Automa\u00e7\u00e3o Industrial","publisher":{"@id":"https:\/\/motionup.com.br\/site\/#organization"},"potentialAction":[{"@type":"SearchAction","target":{"@type":"EntryPoint","urlTemplate":"https:\/\/motionup.com.br\/site\/?s={search_term_string}"},"query-input":{"@type":"PropertyValueSpecification","valueRequired":true,"valueName":"search_term_string"}}],"inLanguage":"pt-BR"},{"@type":"Organization","@id":"https:\/\/motionup.com.br\/site\/#organization","name":"Motion Up","url":"https:\/\/motionup.com.br\/site\/","logo":{"@type":"ImageObject","inLanguage":"pt-BR","@id":"https:\/\/motionup.com.br\/site\/#\/schema\/logo\/image\/","url":"https:\/\/motionup.com.br\/site\/wp-content\/uploads\/2025\/05\/MOTIONUP.png","contentUrl":"https:\/\/motionup.com.br\/site\/wp-content\/uploads\/2025\/05\/MOTIONUP.png","width":1200,"height":601,"caption":"Motion Up"},"image":{"@id":"https:\/\/motionup.com.br\/site\/#\/schema\/logo\/image\/"},"sameAs":["https:\/\/m.facebook.com\/fp3motionup\/about\/","https:\/\/br.linkedin.com\/company\/fpn-controle-e-automao-industrial-ltda"]}]}},"_links":{"self":[{"href":"https:\/\/motionup.com.br\/site\/wp-json\/wp\/v2\/product\/6569","targetHints":{"allow":["GET"]}}],"collection":[{"href":"https:\/\/motionup.com.br\/site\/wp-json\/wp\/v2\/product"}],"about":[{"href":"https:\/\/motionup.com.br\/site\/wp-json\/wp\/v2\/types\/product"}],"wp:featuredmedia":[{"embeddable":true,"href":"https:\/\/motionup.com.br\/site\/wp-json\/wp\/v2\/media\/6570"}],"wp:attachment":[{"href":"https:\/\/motionup.com.br\/site\/wp-json\/wp\/v2\/media?parent=6569"}],"wp:term":[{"taxonomy":"product_brand","embeddable":true,"href":"https:\/\/motionup.com.br\/site\/wp-json\/wp\/v2\/product_brand?post=6569"},{"taxonomy":"product_cat","embeddable":true,"href":"https:\/\/motionup.com.br\/site\/wp-json\/wp\/v2\/product_cat?post=6569"},{"taxonomy":"product_tag","embeddable":true,"href":"https:\/\/motionup.com.br\/site\/wp-json\/wp\/v2\/product_tag?post=6569"}],"curies":[{"name":"wp","href":"https:\/\/api.w.org\/{rel}","templated":true}]}}